{"id":9701,"date":"2021-06-02T14:34:36","date_gmt":"2021-06-02T12:34:36","guid":{"rendered":"https:\/\/www.tourisme-valdemarne.com\/espace-pro\/?page_id=9701"},"modified":"2022-04-25T16:10:37","modified_gmt":"2022-04-25T14:10:37","slug":"cet-ete-cap-sur-la-marne","status":"publish","type":"page","link":"https:\/\/www.tourisme-valdemarne.com\/espace-pro\/presse\/actualites-et-communiques-de-presse\/communiques-de-presse-precedents\/cet-ete-cap-sur-la-marne\/","title":{"rendered":"Cet \u00e9t\u00e9, Cap sur la Marne !"},"content":{"rendered":"\n<p class=\"is-style-excerpt\">R\u00e9unissant Val-de-Marne Tourisme &amp; Loisirs, Seine-Saint-Denis Tourisme et les offices de tourisme de Paris &#8211; Vall\u00e9e de la Marne et Marne &amp; Gondoire, le <strong>collectif Cap sur la Marne <\/strong>propose cette ann\u00e9e de <strong>nombreuses animations sur les bords de Marne<\/strong>. Embarquement \u00e0 partir du mois de juin&nbsp;!<\/p>\n\n\n\n<h2 class=\"wp-block-heading\">Nouvelle destination : Cap sur la Marne ! Les acteurs du tourisme se mobilisent pour faire rayonner la Marne<\/h2>\n\n\n\n<p><strong>Cap sur la Marne<\/strong> a pour vocation de <strong>valoriser les bords de Marne<\/strong>. Les quatre organismes touristiques ont d\u00e9cid\u00e9 de renforcer leur partenariat pour une collaboration sur un itin\u00e9raire de <strong>trente communes <\/strong>allant de Charenton-le-Pont en Val-de-Marne jusqu\u2019\u00e0 Chalifert en Seine-et-Marne, en passant par la Seine-Saint-Denis. Pour la premi\u00e8re fois, tous s\u2019associent pour d\u00e9velopper un <strong>programme ambitieux d\u2019\u00e9v\u00e9nements<\/strong> : des <strong>grandes marches<\/strong>, des <strong>croisi\u00e8res fluviales<\/strong>, des <strong>activit\u00e9s nautiques<\/strong> et la cr\u00e9ation d\u2019une <strong>carte touristique<\/strong> des bords de Marne.<\/p>\n\n\n\n<figure class=\"wp-block-image size-large\"><a href=\"https:\/\/www.tourisme-valdemarne.com\/espace-pro\/wp-content\/uploads\/sites\/3\/2021\/06\/logos-collectif-cap-sur-la-marne.jpg\"><img width=\"1200\" height=\"156\" data-src=\"https:\/\/www.tourisme-valdemarne.com\/espace-pro\/wp-content\/uploads\/sites\/3\/2021\/06\/logos-collectif-cap-sur-la-marne-1200x156.jpg\" alt=\"Les logos du collectif Cap sur la Marne\" class=\"wp-image-9705\" srcset=\"https:\/\/www.tourisme-valdemarne.com\/espace-pro\/wp-content\/uploads\/sites\/3\/2021\/06\/logos-collectif-cap-sur-la-marne-1200x156.jpg 1200w, https:\/\/www.tourisme-valdemarne.com\/espace-pro\/wp-content\/uploads\/sites\/3\/2021\/06\/logos-collectif-cap-sur-la-marne-600x78.jpg 600w, https:\/\/www.tourisme-valdemarne.com\/espace-pro\/wp-content\/uploads\/sites\/3\/2021\/06\/logos-collectif-cap-sur-la-marne-900x117.jpg 900w, https:\/\/www.tourisme-valdemarne.com\/espace-pro\/wp-content\/uploads\/sites\/3\/2021\/06\/logos-collectif-cap-sur-la-marne-1536x200.jpg 1536w, https:\/\/www.tourisme-valdemarne.com\/espace-pro\/wp-content\/uploads\/sites\/3\/2021\/06\/logos-collectif-cap-sur-la-marne-380x49.jpg 380w, https:\/\/www.tourisme-valdemarne.com\/espace-pro\/wp-content\/uploads\/sites\/3\/2021\/06\/logos-collectif-cap-sur-la-marne-200x26.jpg 200w, https:\/\/www.tourisme-valdemarne.com\/espace-pro\/wp-content\/uploads\/sites\/3\/2021\/06\/logos-collectif-cap-sur-la-marne.jpg 1805w\" sizes=\"(max-width: 1200px) 100vw, 1200px\" \/><\/a><figcaption>Logos collectif Cap sur la Marne<\/figcaption><\/figure>\n\n\n\n<p>Le lancement de <strong>Cap sur la Marne <\/strong>vient concr\u00e9tiser plusieurs ann\u00e9es de collaboration entre les partenaires de ce projet qui vient de recevoir le <strong>soutien de la R\u00e9gion Ile-de-France<\/strong>. Tandis que les visiteurs et touristes recherchent toujours plus d\u2019authenticit\u00e9, mais aussi une nouvelle fa\u00e7on de voyager, \u00e0 la fois plus responsable et plus proche de chez soi, le d\u00e9veloppement touristique des bords de Marne appara\u00eet comme une opportunit\u00e9 \u00e0 saisir pour les acteurs du territoire.<\/p>\n\n\n\n<div class=\"wp-block-buttons is-content-justification-center is-layout-flex wp-container-core-buttons-is-layout-1 wp-block-buttons-is-layout-flex\">\n<div class=\"wp-block-button\"><a class=\"wp-block-button__link\" href=\"https:\/\/www.tourisme-valdemarne.com\/espace-pro\/wp-content\/uploads\/sites\/3\/2021\/06\/cp-cap-sur-la-marne.pdf\" target=\"_blank\" rel=\"noreferrer noopener\">Lire le communiqu\u00e9 de presse<\/a><\/div>\n<\/div>\n\n\n\n<div class=\"wp-block-buttons is-content-justification-center is-layout-flex wp-container-core-buttons-is-layout-2 wp-block-buttons-is-layout-flex\">\n<div class=\"wp-block-button\"><a class=\"wp-block-button__link\" href=\"https:\/\/www.tourisme-valdemarne.com\/espace-pro\/expertises-et-projets\/riverside-cities\/valorisation-des-bords-de-marne\/cap-sur-la-marne\/\" target=\"_blank\" rel=\"noreferrer noopener\">Programme complet<\/a><\/div>\n<\/div>\n\n\n\n<p class=\"has-text-align-center\"><em>Contact presse : pr&#101;ss&#101;&#64;c&#97;p&#115;ur&#108;&#97;&#109;&#97;&#114;ne&#46;&#102;&#114;<\/em><\/p>\n","protected":false},"excerpt":{"rendered":"<p>R\u00e9unissant Val-de-Marne Tourisme &amp; Loisirs, Seine-Saint-Denis Tourisme et les offices de tourisme de Paris &#8211; Vall\u00e9e de la Marne et Marne &amp; Gondoire, le collectif Cap sur la Marne propose cette ann\u00e9e de nombreuses animations sur les bords de Marne. Embarquement \u00e0 partir du mois de juin&nbsp;! Nouvelle destination : Cap sur la Marne ! [&hellip;]<\/p>\n","protected":false},"author":10,"featured_media":9372,"parent":2883,"menu_order":0,"comment_status":"closed","ping_status":"closed","template":"","meta":{"_relevanssi_hide_post":"","_relevanssi_hide_content":"","_relevanssi_pin_for_all":"","_relevanssi_pin_keywords":"","_relevanssi_unpin_keywords":"","_relevanssi_related_keywords":"","_relevanssi_related_include_ids":"","_relevanssi_related_exclude_ids":"","_relevanssi_related_no_append":"","_relevanssi_related_not_related":"","_relevanssi_related_posts":"2741,2747,8105,2745,8090,8108","_relevanssi_noindex_reason":"","footnotes":""},"vdmTagMarketing":[],"class_list":["post-9701","page","type-page","status-publish","has-post-thumbnail","hentry"],"acf":[],"yoast_head":"<!-- This site is optimized with the Yoast SEO plugin v23.9 - https:\/\/yoast.com\/wordpress\/plugins\/seo\/ -->\n<title>Cet \u00e9t\u00e9, Cap sur la Marne ! - Espace Pro<\/title>\n<meta name=\"description\" content=\"Lisez le communiqu\u00e9 de presse du collectif Cap sur la Marne et sa programmation d&#039;activit\u00e9s estivales conjointes d\u00e9velopp\u00e9es le long de la Marne.\" \/>\n<meta name=\"robots\" content=\"index, follow, max-snippet:-1, max-image-preview:large, max-video-preview:-1\" \/>\n<link rel=\"canonical\" href=\"https:\/\/www.tourisme-valdemarne.com\/espace-pro\/presse\/actualites-et-communiques-de-presse\/communiques-de-presse-precedents\/cet-ete-cap-sur-la-marne\/\" \/>\n<meta property=\"og:locale\" content=\"fr_FR\" \/>\n<meta property=\"og:type\" content=\"article\" \/>\n<meta property=\"og:title\" content=\"Cet \u00e9t\u00e9, Cap sur la Marne ! - Espace Pro\" \/>\n<meta property=\"og:description\" content=\"Lisez le communiqu\u00e9 de presse du collectif Cap sur la Marne et sa programmation d&#039;activit\u00e9s estivales conjointes d\u00e9velopp\u00e9es le long de la Marne.\" \/>\n<meta property=\"og:url\" content=\"https:\/\/www.tourisme-valdemarne.com\/espace-pro\/presse\/actualites-et-communiques-de-presse\/communiques-de-presse-precedents\/cet-ete-cap-sur-la-marne\/\" \/>\n<meta property=\"og:site_name\" content=\"Espace Pro\" \/>\n<meta property=\"article:modified_time\" content=\"2022-04-25T14:10:37+00:00\" \/>\n<meta property=\"og:image\" content=\"https:\/\/www.tourisme-valdemarne.com\/espace-pro\/wp-content\/uploads\/sites\/3\/2021\/05\/cap-sur-la-marne-logo.jpg\" \/>\n\t<meta property=\"og:image:width\" content=\"1093\" \/>\n\t<meta property=\"og:image:height\" content=\"775\" \/>\n\t<meta property=\"og:image:type\" content=\"image\/jpeg\" \/>\n<meta name=\"twitter:card\" content=\"summary_large_image\" \/>\n<meta name=\"twitter:label1\" content=\"Dur\u00e9e de lecture estim\u00e9e\" \/>\n\t<meta name=\"twitter:data1\" content=\"2 minutes\" \/>\n<script type=\"application\/ld+json\" class=\"yoast-schema-graph\">{\"@context\":\"https:\/\/schema.org\",\"@graph\":[{\"@type\":\"WebPage\",\"@id\":\"https:\/\/www.tourisme-valdemarne.com\/espace-pro\/presse\/actualites-et-communiques-de-presse\/communiques-de-presse-precedents\/cet-ete-cap-sur-la-marne\/\",\"url\":\"https:\/\/www.tourisme-valdemarne.com\/espace-pro\/presse\/actualites-et-communiques-de-presse\/communiques-de-presse-precedents\/cet-ete-cap-sur-la-marne\/\",\"name\":\"Cet \u00e9t\u00e9, Cap sur la Marne ! - Espace Pro\",\"isPartOf\":{\"@id\":\"https:\/\/www.tourisme-valdemarne.com\/espace-pro\/#website\"},\"primaryImageOfPage\":{\"@id\":\"https:\/\/www.tourisme-valdemarne.com\/espace-pro\/presse\/actualites-et-communiques-de-presse\/communiques-de-presse-precedents\/cet-ete-cap-sur-la-marne\/#primaryimage\"},\"image\":{\"@id\":\"https:\/\/www.tourisme-valdemarne.com\/espace-pro\/presse\/actualites-et-communiques-de-presse\/communiques-de-presse-precedents\/cet-ete-cap-sur-la-marne\/#primaryimage\"},\"thumbnailUrl\":\"https:\/\/www.tourisme-valdemarne.com\/espace-pro\/wp-content\/uploads\/sites\/3\/2021\/05\/cap-sur-la-marne-logo.jpg\",\"datePublished\":\"2021-06-02T12:34:36+00:00\",\"dateModified\":\"2022-04-25T14:10:37+00:00\",\"description\":\"Lisez le communiqu\u00e9 de presse du collectif Cap sur la Marne et sa programmation d'activit\u00e9s estivales conjointes d\u00e9velopp\u00e9es le long de la Marne.\",\"breadcrumb\":{\"@id\":\"https:\/\/www.tourisme-valdemarne.com\/espace-pro\/presse\/actualites-et-communiques-de-presse\/communiques-de-presse-precedents\/cet-ete-cap-sur-la-marne\/#breadcrumb\"},\"inLanguage\":\"fr-FR\",\"potentialAction\":[{\"@type\":\"ReadAction\",\"target\":[\"https:\/\/www.tourisme-valdemarne.com\/espace-pro\/presse\/actualites-et-communiques-de-presse\/communiques-de-presse-precedents\/cet-ete-cap-sur-la-marne\/\"]}]},{\"@type\":\"ImageObject\",\"inLanguage\":\"fr-FR\",\"@id\":\"https:\/\/www.tourisme-valdemarne.com\/espace-pro\/presse\/actualites-et-communiques-de-presse\/communiques-de-presse-precedents\/cet-ete-cap-sur-la-marne\/#primaryimage\",\"url\":\"https:\/\/www.tourisme-valdemarne.com\/espace-pro\/wp-content\/uploads\/sites\/3\/2021\/05\/cap-sur-la-marne-logo.jpg\",\"contentUrl\":\"https:\/\/www.tourisme-valdemarne.com\/espace-pro\/wp-content\/uploads\/sites\/3\/2021\/05\/cap-sur-la-marne-logo.jpg\",\"width\":1093,\"height\":775,\"caption\":\"Logo Cap sur la Marne\"},{\"@type\":\"BreadcrumbList\",\"@id\":\"https:\/\/www.tourisme-valdemarne.com\/espace-pro\/presse\/actualites-et-communiques-de-presse\/communiques-de-presse-precedents\/cet-ete-cap-sur-la-marne\/#breadcrumb\",\"itemListElement\":[{\"@type\":\"ListItem\",\"position\":1,\"name\":\"Accueil\",\"item\":\"https:\/\/www.tourisme-valdemarne.com\/espace-pro\/\"},{\"@type\":\"ListItem\",\"position\":2,\"name\":\"Presse\",\"item\":\"https:\/\/www.tourisme-valdemarne.com\/espace-pro\/presse\/\"},{\"@type\":\"ListItem\",\"position\":3,\"name\":\"Actualit\u00e9s et communiqu\u00e9s de presse\",\"item\":\"https:\/\/www.tourisme-valdemarne.com\/espace-pro\/presse\/actualites-et-communiques-de-presse\/\"},{\"@type\":\"ListItem\",\"position\":4,\"name\":\"Communiqu\u00e9s de presse pr\u00e9c\u00e9dents\",\"item\":\"https:\/\/www.tourisme-valdemarne.com\/espace-pro\/presse\/actualites-et-communiques-de-presse\/communiques-de-presse-precedents\/\"},{\"@type\":\"ListItem\",\"position\":5,\"name\":\"Cet \u00e9t\u00e9, Cap sur la Marne !\"}]},{\"@type\":\"WebSite\",\"@id\":\"https:\/\/www.tourisme-valdemarne.com\/espace-pro\/#website\",\"url\":\"https:\/\/www.tourisme-valdemarne.com\/espace-pro\/\",\"name\":\"Espace Pro\",\"description\":\"Informations et outils pour les professionnels et la Presse\",\"potentialAction\":[{\"@type\":\"SearchAction\",\"target\":{\"@type\":\"EntryPoint\",\"urlTemplate\":\"https:\/\/www.tourisme-valdemarne.com\/espace-pro\/?s={search_term_string}\"},\"query-input\":{\"@type\":\"PropertyValueSpecification\",\"valueRequired\":true,\"valueName\":\"search_term_string\"}}],\"inLanguage\":\"fr-FR\"}]}<\/script>\n<!-- \/ Yoast SEO plugin. -->","yoast_head_json":{"title":"Cet \u00e9t\u00e9, Cap sur la Marne ! - Espace Pro","description":"Lisez le communiqu\u00e9 de presse du collectif Cap sur la Marne et sa programmation d'activit\u00e9s estivales conjointes d\u00e9velopp\u00e9es le long de la Marne.","robots":{"index":"index","follow":"follow","max-snippet":"max-snippet:-1","max-image-preview":"max-image-preview:large","max-video-preview":"max-video-preview:-1"},"canonical":"https:\/\/www.tourisme-valdemarne.com\/espace-pro\/presse\/actualites-et-communiques-de-presse\/communiques-de-presse-precedents\/cet-ete-cap-sur-la-marne\/","og_locale":"fr_FR","og_type":"article","og_title":"Cet \u00e9t\u00e9, Cap sur la Marne ! - Espace Pro","og_description":"Lisez le communiqu\u00e9 de presse du collectif Cap sur la Marne et sa programmation d'activit\u00e9s estivales conjointes d\u00e9velopp\u00e9es le long de la Marne.","og_url":"https:\/\/www.tourisme-valdemarne.com\/espace-pro\/presse\/actualites-et-communiques-de-presse\/communiques-de-presse-precedents\/cet-ete-cap-sur-la-marne\/","og_site_name":"Espace Pro","article_modified_time":"2022-04-25T14:10:37+00:00","og_image":[{"width":1093,"height":775,"url":"https:\/\/www.tourisme-valdemarne.com\/espace-pro\/wp-content\/uploads\/sites\/3\/2021\/05\/cap-sur-la-marne-logo.jpg","type":"image\/jpeg"}],"twitter_card":"summary_large_image","twitter_misc":{"Dur\u00e9e de lecture estim\u00e9e":"2 minutes"},"schema":{"@context":"https:\/\/schema.org","@graph":[{"@type":"WebPage","@id":"https:\/\/www.tourisme-valdemarne.com\/espace-pro\/presse\/actualites-et-communiques-de-presse\/communiques-de-presse-precedents\/cet-ete-cap-sur-la-marne\/","url":"https:\/\/www.tourisme-valdemarne.com\/espace-pro\/presse\/actualites-et-communiques-de-presse\/communiques-de-presse-precedents\/cet-ete-cap-sur-la-marne\/","name":"Cet \u00e9t\u00e9, Cap sur la Marne ! - Espace Pro","isPartOf":{"@id":"https:\/\/www.tourisme-valdemarne.com\/espace-pro\/#website"},"primaryImageOfPage":{"@id":"https:\/\/www.tourisme-valdemarne.com\/espace-pro\/presse\/actualites-et-communiques-de-presse\/communiques-de-presse-precedents\/cet-ete-cap-sur-la-marne\/#primaryimage"},"image":{"@id":"https:\/\/www.tourisme-valdemarne.com\/espace-pro\/presse\/actualites-et-communiques-de-presse\/communiques-de-presse-precedents\/cet-ete-cap-sur-la-marne\/#primaryimage"},"thumbnailUrl":"https:\/\/www.tourisme-valdemarne.com\/espace-pro\/wp-content\/uploads\/sites\/3\/2021\/05\/cap-sur-la-marne-logo.jpg","datePublished":"2021-06-02T12:34:36+00:00","dateModified":"2022-04-25T14:10:37+00:00","description":"Lisez le communiqu\u00e9 de presse du collectif Cap sur la Marne et sa programmation d'activit\u00e9s estivales conjointes d\u00e9velopp\u00e9es le long de la Marne.","breadcrumb":{"@id":"https:\/\/www.tourisme-valdemarne.com\/espace-pro\/presse\/actualites-et-communiques-de-presse\/communiques-de-presse-precedents\/cet-ete-cap-sur-la-marne\/#breadcrumb"},"inLanguage":"fr-FR","potentialAction":[{"@type":"ReadAction","target":["https:\/\/www.tourisme-valdemarne.com\/espace-pro\/presse\/actualites-et-communiques-de-presse\/communiques-de-presse-precedents\/cet-ete-cap-sur-la-marne\/"]}]},{"@type":"ImageObject","inLanguage":"fr-FR","@id":"https:\/\/www.tourisme-valdemarne.com\/espace-pro\/presse\/actualites-et-communiques-de-presse\/communiques-de-presse-precedents\/cet-ete-cap-sur-la-marne\/#primaryimage","url":"https:\/\/www.tourisme-valdemarne.com\/espace-pro\/wp-content\/uploads\/sites\/3\/2021\/05\/cap-sur-la-marne-logo.jpg","contentUrl":"https:\/\/www.tourisme-valdemarne.com\/espace-pro\/wp-content\/uploads\/sites\/3\/2021\/05\/cap-sur-la-marne-logo.jpg","width":1093,"height":775,"caption":"Logo Cap sur la Marne"},{"@type":"BreadcrumbList","@id":"https:\/\/www.tourisme-valdemarne.com\/espace-pro\/presse\/actualites-et-communiques-de-presse\/communiques-de-presse-precedents\/cet-ete-cap-sur-la-marne\/#breadcrumb","itemListElement":[{"@type":"ListItem","position":1,"name":"Accueil","item":"https:\/\/www.tourisme-valdemarne.com\/espace-pro\/"},{"@type":"ListItem","position":2,"name":"Presse","item":"https:\/\/www.tourisme-valdemarne.com\/espace-pro\/presse\/"},{"@type":"ListItem","position":3,"name":"Actualit\u00e9s et communiqu\u00e9s de presse","item":"https:\/\/www.tourisme-valdemarne.com\/espace-pro\/presse\/actualites-et-communiques-de-presse\/"},{"@type":"ListItem","position":4,"name":"Communiqu\u00e9s de presse pr\u00e9c\u00e9dents","item":"https:\/\/www.tourisme-valdemarne.com\/espace-pro\/presse\/actualites-et-communiques-de-presse\/communiques-de-presse-precedents\/"},{"@type":"ListItem","position":5,"name":"Cet \u00e9t\u00e9, Cap sur la Marne !"}]},{"@type":"WebSite","@id":"https:\/\/www.tourisme-valdemarne.com\/espace-pro\/#website","url":"https:\/\/www.tourisme-valdemarne.com\/espace-pro\/","name":"Espace Pro","description":"Informations et outils pour les professionnels et la Presse","potentialAction":[{"@type":"SearchAction","target":{"@type":"EntryPoint","urlTemplate":"https:\/\/www.tourisme-valdemarne.com\/espace-pro\/?s={search_term_string}"},"query-input":{"@type":"PropertyValueSpecification","valueRequired":true,"valueName":"search_term_string"}}],"inLanguage":"fr-FR"}]}},"_links":{"self":[{"href":"https:\/\/www.tourisme-valdemarne.com\/espace-pro\/wp-json\/wp\/v2\/pages\/9701","targetHints":{"allow":["GET"]}}],"collection":[{"href":"https:\/\/www.tourisme-valdemarne.com\/espace-pro\/wp-json\/wp\/v2\/pages"}],"about":[{"href":"https:\/\/www.tourisme-valdemarne.com\/espace-pro\/wp-json\/wp\/v2\/types\/page"}],"author":[{"embeddable":true,"href":"https:\/\/www.tourisme-valdemarne.com\/espace-pro\/wp-json\/wp\/v2\/users\/10"}],"replies":[{"embeddable":true,"href":"https:\/\/www.tourisme-valdemarne.com\/espace-pro\/wp-json\/wp\/v2\/comments?post=9701"}],"version-history":[{"count":9,"href":"https:\/\/www.tourisme-valdemarne.com\/espace-pro\/wp-json\/wp\/v2\/pages\/9701\/revisions"}],"predecessor-version":[{"id":12476,"href":"https:\/\/www.tourisme-valdemarne.com\/espace-pro\/wp-json\/wp\/v2\/pages\/9701\/revisions\/12476"}],"up":[{"embeddable":true,"href":"https:\/\/www.tourisme-valdemarne.com\/espace-pro\/wp-json\/wp\/v2\/pages\/2883"}],"wp:featuredmedia":[{"embeddable":true,"href":"https:\/\/www.tourisme-valdemarne.com\/espace-pro\/wp-json\/wp\/v2\/media\/9372"}],"wp:attachment":[{"href":"https:\/\/www.tourisme-valdemarne.com\/espace-pro\/wp-json\/wp\/v2\/media?parent=9701"}],"wp:term":[{"taxonomy":"vdmTagMarketing","embeddable":true,"href":"https:\/\/www.tourisme-valdemarne.com\/espace-pro\/wp-json\/wp\/v2\/vdmTagMarketing?post=9701"}],"curies":[{"name":"wp","href":"https:\/\/api.w.org\/{rel}","templated":true}]}}