{"id":967,"date":"2019-05-14T11:48:08","date_gmt":"2019-05-14T09:48:08","guid":{"rendered":"https:\/\/www.tourisme-valdemarne.com\/espace-pro\/activites"},"modified":"2024-03-08T10:24:59","modified_gmt":"2024-03-08T09:24:59","slug":"activites","status":"publish","type":"page","link":"https:\/\/www.tourisme-valdemarne.com\/espace-pro\/seminaires-et-receptions-pro\/team-building\/activites\/","title":{"rendered":"Les activit\u00e9s parfaites pour un teambuilding"},"content":{"rendered":"\n<p class=\"is-style-default\">Bienvenue sur notre guide des <strong>activit\u00e9s parfaites pour un team building<\/strong> en Val-de-Marne ! Si vous \u00eates \u00e0 la recherche d&rsquo;id\u00e9es originales pour <strong>renforcer la coh\u00e9sion au sein de votre entreprise<\/strong>, vous \u00eates au bon endroit. <strong>Situ\u00e9 \u00e0 proximit\u00e9 de Paris, le Val-de-Marne offre une multitude d&rsquo;options d&rsquo;animation pour vos collaborateurs<\/strong>. <\/p>\n\n\n\n<p class=\"is-style-default\">Que vous cherchiez \u00e0 stimuler la collaboration \u00e0 travers des ateliers cr\u00e9atifs, \u00e0 relever des d\u00e9fis excitants ou \u00e0 simplement vous amuser ensemble lors de jeux ludiques, nous avons ce qu&rsquo;il vous faut. D\u00e9couvrez comment transformer votre prochain \u00e9v\u00e9nement d&rsquo;entreprise en une exp\u00e9rience inoubliable, propice \u00e0 renforcer les liens au sein de votre \u00e9quipe.<\/p>\n","protected":false},"excerpt":{"rendered":"<p>Bienvenue sur notre guide des activit\u00e9s parfaites pour un team building en Val-de-Marne ! Si vous \u00eates \u00e0 la recherche d&rsquo;id\u00e9es originales pour renforcer la coh\u00e9sion au sein de votre entreprise, vous \u00eates au bon endroit. Situ\u00e9 \u00e0 proximit\u00e9 de Paris, le Val-de-Marne offre une multitude d&rsquo;options d&rsquo;animation pour vos collaborateurs. Que vous cherchiez \u00e0 [&hellip;]<\/p>\n","protected":false},"author":1,"featured_media":2981,"parent":961,"menu_order":30,"comment_status":"closed","ping_status":"closed","template":"partials\/template-sit.php","meta":{"_relevanssi_hide_post":"","_relevanssi_hide_content":"","_relevanssi_pin_for_all":"","_relevanssi_pin_keywords":"","_relevanssi_unpin_keywords":"","_relevanssi_related_keywords":"","_relevanssi_related_include_ids":"","_relevanssi_related_exclude_ids":"","_relevanssi_related_no_append":"","_relevanssi_related_not_related":"","_relevanssi_related_posts":"8104,2751,8090,446,8105,2749","_relevanssi_noindex_reason":"","footnotes":""},"vdmTagMarketing":[],"class_list":["post-967","page","type-page","status-publish","has-post-thumbnail","hentry"],"acf":[],"yoast_head":"<!-- This site is optimized with the Yoast SEO plugin v23.9 - https:\/\/yoast.com\/wordpress\/plugins\/seo\/ -->\n<title>Activit\u00e9s pour un teambuilding | Val-de-Marne Tourisme &amp; Loisirs<\/title>\n<meta name=\"description\" content=\"De nombreuses organisations et entreprises cherchent des activit\u00e9s pour pr\u00e9parer un teambuilding : D\u00e9couvrez l&#039;offre du Val-de-Marne !\" \/>\n<meta name=\"robots\" content=\"index, follow, max-snippet:-1, max-image-preview:large, max-video-preview:-1\" \/>\n<link rel=\"canonical\" href=\"https:\/\/www.tourisme-valdemarne.com\/espace-pro\/seminaires-et-receptions-pro\/team-building\/activites\/\" \/>\n<meta property=\"og:locale\" content=\"fr_FR\" \/>\n<meta property=\"og:type\" content=\"article\" \/>\n<meta property=\"og:title\" content=\"Activit\u00e9s pour un teambuilding | Val-de-Marne Tourisme &amp; Loisirs\" \/>\n<meta property=\"og:description\" content=\"De nombreuses organisations et entreprises cherchent des activit\u00e9s pour pr\u00e9parer un teambuilding : D\u00e9couvrez l&#039;offre du Val-de-Marne !\" \/>\n<meta property=\"og:url\" content=\"https:\/\/www.tourisme-valdemarne.com\/espace-pro\/seminaires-et-receptions-pro\/team-building\/activites\/\" \/>\n<meta property=\"og:site_name\" content=\"Espace Pro\" \/>\n<meta property=\"article:modified_time\" content=\"2024-03-08T09:24:59+00:00\" \/>\n<meta property=\"og:image\" content=\"https:\/\/www.tourisme-valdemarne.com\/espace-pro\/wp-content\/uploads\/sites\/3\/2019\/05\/cosmic-laser-game-thiais.jpg\" \/>\n\t<meta property=\"og:image:width\" content=\"1600\" \/>\n\t<meta property=\"og:image:height\" content=\"1067\" \/>\n\t<meta property=\"og:image:type\" content=\"image\/jpeg\" \/>\n<meta name=\"twitter:card\" content=\"summary_large_image\" \/>\n<meta name=\"twitter:label1\" content=\"Dur\u00e9e de lecture estim\u00e9e\" \/>\n\t<meta name=\"twitter:data1\" content=\"1 minute\" \/>\n<script type=\"application\/ld+json\" class=\"yoast-schema-graph\">{\"@context\":\"https:\/\/schema.org\",\"@graph\":[{\"@type\":\"WebPage\",\"@id\":\"https:\/\/www.tourisme-valdemarne.com\/espace-pro\/seminaires-et-receptions-pro\/team-building\/activites\/\",\"url\":\"https:\/\/www.tourisme-valdemarne.com\/espace-pro\/seminaires-et-receptions-pro\/team-building\/activites\/\",\"name\":\"Activit\u00e9s pour un teambuilding | Val-de-Marne Tourisme & Loisirs\",\"isPartOf\":{\"@id\":\"https:\/\/www.tourisme-valdemarne.com\/espace-pro\/#website\"},\"primaryImageOfPage\":{\"@id\":\"https:\/\/www.tourisme-valdemarne.com\/espace-pro\/seminaires-et-receptions-pro\/team-building\/activites\/#primaryimage\"},\"image\":{\"@id\":\"https:\/\/www.tourisme-valdemarne.com\/espace-pro\/seminaires-et-receptions-pro\/team-building\/activites\/#primaryimage\"},\"thumbnailUrl\":\"https:\/\/www.tourisme-valdemarne.com\/espace-pro\/wp-content\/uploads\/sites\/3\/2019\/05\/cosmic-laser-game-thiais.jpg\",\"datePublished\":\"2019-05-14T09:48:08+00:00\",\"dateModified\":\"2024-03-08T09:24:59+00:00\",\"description\":\"De nombreuses organisations et entreprises cherchent des activit\u00e9s pour pr\u00e9parer un teambuilding : D\u00e9couvrez l'offre du Val-de-Marne !\",\"breadcrumb\":{\"@id\":\"https:\/\/www.tourisme-valdemarne.com\/espace-pro\/seminaires-et-receptions-pro\/team-building\/activites\/#breadcrumb\"},\"inLanguage\":\"fr-FR\",\"potentialAction\":[{\"@type\":\"ReadAction\",\"target\":[\"https:\/\/www.tourisme-valdemarne.com\/espace-pro\/seminaires-et-receptions-pro\/team-building\/activites\/\"]}]},{\"@type\":\"ImageObject\",\"inLanguage\":\"fr-FR\",\"@id\":\"https:\/\/www.tourisme-valdemarne.com\/espace-pro\/seminaires-et-receptions-pro\/team-building\/activites\/#primaryimage\",\"url\":\"https:\/\/www.tourisme-valdemarne.com\/espace-pro\/wp-content\/uploads\/sites\/3\/2019\/05\/cosmic-laser-game-thiais.jpg\",\"contentUrl\":\"https:\/\/www.tourisme-valdemarne.com\/espace-pro\/wp-content\/uploads\/sites\/3\/2019\/05\/cosmic-laser-game-thiais.jpg\",\"width\":1600,\"height\":1067,\"caption\":\"Laser game de Thiais \u00a9 CDT94\/www.photoinfographe.com\"},{\"@type\":\"BreadcrumbList\",\"@id\":\"https:\/\/www.tourisme-valdemarne.com\/espace-pro\/seminaires-et-receptions-pro\/team-building\/activites\/#breadcrumb\",\"itemListElement\":[{\"@type\":\"ListItem\",\"position\":1,\"name\":\"Accueil\",\"item\":\"https:\/\/www.tourisme-valdemarne.com\/espace-pro\/\"},{\"@type\":\"ListItem\",\"position\":2,\"name\":\"S\u00e9minaires et r\u00e9ceptions Pro\",\"item\":\"https:\/\/www.tourisme-valdemarne.com\/espace-pro\/seminaires-et-receptions-pro\/\"},{\"@type\":\"ListItem\",\"position\":3,\"name\":\"Team Building\",\"item\":\"https:\/\/www.tourisme-valdemarne.com\/espace-pro\/seminaires-et-receptions-pro\/team-building\/\"},{\"@type\":\"ListItem\",\"position\":4,\"name\":\"Les activit\u00e9s parfaites pour un teambuilding\"}]},{\"@type\":\"WebSite\",\"@id\":\"https:\/\/www.tourisme-valdemarne.com\/espace-pro\/#website\",\"url\":\"https:\/\/www.tourisme-valdemarne.com\/espace-pro\/\",\"name\":\"Espace Pro\",\"description\":\"Informations et outils pour les professionnels et la Presse\",\"potentialAction\":[{\"@type\":\"SearchAction\",\"target\":{\"@type\":\"EntryPoint\",\"urlTemplate\":\"https:\/\/www.tourisme-valdemarne.com\/espace-pro\/?s={search_term_string}\"},\"query-input\":{\"@type\":\"PropertyValueSpecification\",\"valueRequired\":true,\"valueName\":\"search_term_string\"}}],\"inLanguage\":\"fr-FR\"}]}<\/script>\n<!-- \/ Yoast SEO plugin. -->","yoast_head_json":{"title":"Activit\u00e9s pour un teambuilding | Val-de-Marne Tourisme & Loisirs","description":"De nombreuses organisations et entreprises cherchent des activit\u00e9s pour pr\u00e9parer un teambuilding : D\u00e9couvrez l'offre du Val-de-Marne !","robots":{"index":"index","follow":"follow","max-snippet":"max-snippet:-1","max-image-preview":"max-image-preview:large","max-video-preview":"max-video-preview:-1"},"canonical":"https:\/\/www.tourisme-valdemarne.com\/espace-pro\/seminaires-et-receptions-pro\/team-building\/activites\/","og_locale":"fr_FR","og_type":"article","og_title":"Activit\u00e9s pour un teambuilding | Val-de-Marne Tourisme & Loisirs","og_description":"De nombreuses organisations et entreprises cherchent des activit\u00e9s pour pr\u00e9parer un teambuilding : D\u00e9couvrez l'offre du Val-de-Marne !","og_url":"https:\/\/www.tourisme-valdemarne.com\/espace-pro\/seminaires-et-receptions-pro\/team-building\/activites\/","og_site_name":"Espace Pro","article_modified_time":"2024-03-08T09:24:59+00:00","og_image":[{"width":1600,"height":1067,"url":"https:\/\/www.tourisme-valdemarne.com\/espace-pro\/wp-content\/uploads\/sites\/3\/2019\/05\/cosmic-laser-game-thiais.jpg","type":"image\/jpeg"}],"twitter_card":"summary_large_image","twitter_misc":{"Dur\u00e9e de lecture estim\u00e9e":"1 minute"},"schema":{"@context":"https:\/\/schema.org","@graph":[{"@type":"WebPage","@id":"https:\/\/www.tourisme-valdemarne.com\/espace-pro\/seminaires-et-receptions-pro\/team-building\/activites\/","url":"https:\/\/www.tourisme-valdemarne.com\/espace-pro\/seminaires-et-receptions-pro\/team-building\/activites\/","name":"Activit\u00e9s pour un teambuilding | Val-de-Marne Tourisme & Loisirs","isPartOf":{"@id":"https:\/\/www.tourisme-valdemarne.com\/espace-pro\/#website"},"primaryImageOfPage":{"@id":"https:\/\/www.tourisme-valdemarne.com\/espace-pro\/seminaires-et-receptions-pro\/team-building\/activites\/#primaryimage"},"image":{"@id":"https:\/\/www.tourisme-valdemarne.com\/espace-pro\/seminaires-et-receptions-pro\/team-building\/activites\/#primaryimage"},"thumbnailUrl":"https:\/\/www.tourisme-valdemarne.com\/espace-pro\/wp-content\/uploads\/sites\/3\/2019\/05\/cosmic-laser-game-thiais.jpg","datePublished":"2019-05-14T09:48:08+00:00","dateModified":"2024-03-08T09:24:59+00:00","description":"De nombreuses organisations et entreprises cherchent des activit\u00e9s pour pr\u00e9parer un teambuilding : D\u00e9couvrez l'offre du Val-de-Marne !","breadcrumb":{"@id":"https:\/\/www.tourisme-valdemarne.com\/espace-pro\/seminaires-et-receptions-pro\/team-building\/activites\/#breadcrumb"},"inLanguage":"fr-FR","potentialAction":[{"@type":"ReadAction","target":["https:\/\/www.tourisme-valdemarne.com\/espace-pro\/seminaires-et-receptions-pro\/team-building\/activites\/"]}]},{"@type":"ImageObject","inLanguage":"fr-FR","@id":"https:\/\/www.tourisme-valdemarne.com\/espace-pro\/seminaires-et-receptions-pro\/team-building\/activites\/#primaryimage","url":"https:\/\/www.tourisme-valdemarne.com\/espace-pro\/wp-content\/uploads\/sites\/3\/2019\/05\/cosmic-laser-game-thiais.jpg","contentUrl":"https:\/\/www.tourisme-valdemarne.com\/espace-pro\/wp-content\/uploads\/sites\/3\/2019\/05\/cosmic-laser-game-thiais.jpg","width":1600,"height":1067,"caption":"Laser game de Thiais \u00a9 CDT94\/www.photoinfographe.com"},{"@type":"BreadcrumbList","@id":"https:\/\/www.tourisme-valdemarne.com\/espace-pro\/seminaires-et-receptions-pro\/team-building\/activites\/#breadcrumb","itemListElement":[{"@type":"ListItem","position":1,"name":"Accueil","item":"https:\/\/www.tourisme-valdemarne.com\/espace-pro\/"},{"@type":"ListItem","position":2,"name":"S\u00e9minaires et r\u00e9ceptions Pro","item":"https:\/\/www.tourisme-valdemarne.com\/espace-pro\/seminaires-et-receptions-pro\/"},{"@type":"ListItem","position":3,"name":"Team Building","item":"https:\/\/www.tourisme-valdemarne.com\/espace-pro\/seminaires-et-receptions-pro\/team-building\/"},{"@type":"ListItem","position":4,"name":"Les activit\u00e9s parfaites pour un teambuilding"}]},{"@type":"WebSite","@id":"https:\/\/www.tourisme-valdemarne.com\/espace-pro\/#website","url":"https:\/\/www.tourisme-valdemarne.com\/espace-pro\/","name":"Espace Pro","description":"Informations et outils pour les professionnels et la Presse","potentialAction":[{"@type":"SearchAction","target":{"@type":"EntryPoint","urlTemplate":"https:\/\/www.tourisme-valdemarne.com\/espace-pro\/?s={search_term_string}"},"query-input":{"@type":"PropertyValueSpecification","valueRequired":true,"valueName":"search_term_string"}}],"inLanguage":"fr-FR"}]}},"_links":{"self":[{"href":"https:\/\/www.tourisme-valdemarne.com\/espace-pro\/wp-json\/wp\/v2\/pages\/967","targetHints":{"allow":["GET"]}}],"collection":[{"href":"https:\/\/www.tourisme-valdemarne.com\/espace-pro\/wp-json\/wp\/v2\/pages"}],"about":[{"href":"https:\/\/www.tourisme-valdemarne.com\/espace-pro\/wp-json\/wp\/v2\/types\/page"}],"author":[{"embeddable":true,"href":"https:\/\/www.tourisme-valdemarne.com\/espace-pro\/wp-json\/wp\/v2\/users\/1"}],"replies":[{"embeddable":true,"href":"https:\/\/www.tourisme-valdemarne.com\/espace-pro\/wp-json\/wp\/v2\/comments?post=967"}],"version-history":[{"count":10,"href":"https:\/\/www.tourisme-valdemarne.com\/espace-pro\/wp-json\/wp\/v2\/pages\/967\/revisions"}],"predecessor-version":[{"id":26595,"href":"https:\/\/www.tourisme-valdemarne.com\/espace-pro\/wp-json\/wp\/v2\/pages\/967\/revisions\/26595"}],"up":[{"embeddable":true,"href":"https:\/\/www.tourisme-valdemarne.com\/espace-pro\/wp-json\/wp\/v2\/pages\/961"}],"wp:featuredmedia":[{"embeddable":true,"href":"https:\/\/www.tourisme-valdemarne.com\/espace-pro\/wp-json\/wp\/v2\/media\/2981"}],"wp:attachment":[{"href":"https:\/\/www.tourisme-valdemarne.com\/espace-pro\/wp-json\/wp\/v2\/media?parent=967"}],"wp:term":[{"taxonomy":"vdmTagMarketing","embeddable":true,"href":"https:\/\/www.tourisme-valdemarne.com\/espace-pro\/wp-json\/wp\/v2\/vdmTagMarketing?post=967"}],"curies":[{"name":"wp","href":"https:\/\/api.w.org\/{rel}","templated":true}]}}