{"id":9083,"date":"2021-04-09T14:37:00","date_gmt":"2021-04-09T12:37:00","guid":{"rendered":"https:\/\/www.tourisme-valdemarne.com\/espace-pro\/?page_id=9083"},"modified":"2022-03-24T09:57:17","modified_gmt":"2022-03-24T08:57:17","slug":"visites-virtuelles-sur-explore-paris-rencontre-avec-les-sites-culturels-et-de-visite-jeudi-1er-avril","status":"publish","type":"page","link":"https:\/\/www.tourisme-valdemarne.com\/espace-pro\/actualites\/archives-des-actualites\/visites-virtuelles-sur-explore-paris-rencontre-avec-les-sites-culturels-et-de-visite-jeudi-1er-avril\/","title":{"rendered":"Visites virtuelles sur Explore Paris &#8211; Rencontre avec les sites culturels et de visite &#8211; Jeudi 1er avril"},"content":{"rendered":"\n<p class=\"is-style-excerpt\">Alors qu\u2019un nouveau confinement national est annonc\u00e9, Explore Paris, plateforme de r\u00e9servation d\u2019activit\u00e9s de tourisme et loisirs du Grand Paris cr\u00e9\u00e9e par les agences d\u00e9partementales de d\u00e9veloppement touristique du Grand Paris, a invit\u00e9 les lieux culturels et de sites de visite \u00e0 \u00e9changer sur le d\u00e9veloppement de <a href=\"https:\/\/exploreparis.com\/fr\/30-virtuel\" target=\"_blank\" rel=\"noreferrer noopener\">visites virtuelles<\/a> propos\u00e9es depuis maintenant plusieurs mois.<\/p>\n\n\n<p><iframe loading=\"lazy\" width=\"100%\" height=\"450\" src=\"https:\/\/www.youtube.com\/embed\/Q3kSc8UDbfI\" title=\"YouTube video player\" frameborder=\"0\" allow=\"accelerometer; autoplay; clipboard-write; encrypted-media; gyroscope; picture-in-picture\" allowfullscreen=\"\"><\/iframe><\/p>\n\n\n\n<p>Une <strong>cinquantaine de sites ont donc particip\u00e9 \u00e0 cette rencontre en ligne<\/strong> le jeudi 1er avril de 11h \u00e0 12h30. L\u2019objectif \u00e9tait surtout de pr\u00e9senter concr\u00e8tement <strong>comment des acteurs culturels ont mis en place facilement ce type d\u2019offre sur Explore Paris<\/strong> : du montage des visites aux aspects les plus techniques.<\/p>\n\n\n\n<div class=\"wp-block-image\"><figure class=\"aligncenter size-large is-resized\"><a href=\"https:\/\/www.tourisme-valdemarne.com\/espace-pro\/wp-content\/uploads\/sites\/3\/2021\/04\/miniature-sites-culturels.png\"><img data-src=\"https:\/\/www.tourisme-valdemarne.com\/espace-pro\/wp-content\/uploads\/sites\/3\/2021\/04\/miniature-sites-culturels-1200x675.png\" alt=\"conference visites virtuelles\" class=\"wp-image-9084\" width=\"620\" height=\"349\" srcset=\"https:\/\/www.tourisme-valdemarne.com\/espace-pro\/wp-content\/uploads\/sites\/3\/2021\/04\/miniature-sites-culturels-1200x675.png 1200w, https:\/\/www.tourisme-valdemarne.com\/espace-pro\/wp-content\/uploads\/sites\/3\/2021\/04\/miniature-sites-culturels-600x338.png 600w, https:\/\/www.tourisme-valdemarne.com\/espace-pro\/wp-content\/uploads\/sites\/3\/2021\/04\/miniature-sites-culturels-900x507.png 900w, https:\/\/www.tourisme-valdemarne.com\/espace-pro\/wp-content\/uploads\/sites\/3\/2021\/04\/miniature-sites-culturels-1536x865.png 1536w, https:\/\/www.tourisme-valdemarne.com\/espace-pro\/wp-content\/uploads\/sites\/3\/2021\/04\/miniature-sites-culturels-380x214.png 380w, https:\/\/www.tourisme-valdemarne.com\/espace-pro\/wp-content\/uploads\/sites\/3\/2021\/04\/miniature-sites-culturels-200x113.png 200w, https:\/\/www.tourisme-valdemarne.com\/espace-pro\/wp-content\/uploads\/sites\/3\/2021\/04\/miniature-sites-culturels-1600x900.png 1600w, https:\/\/www.tourisme-valdemarne.com\/espace-pro\/wp-content\/uploads\/sites\/3\/2021\/04\/miniature-sites-culturels.png 1638w\" sizes=\"(max-width: 620px) 100vw, 620px\" \/><\/a><\/figure><\/div>\n\n\n\n<p>En effet, les visites virtuelles permettent de garder le contact avec le public en ces temps de confinement, mais pas seulement. <strong>C\u2019est aussi un outil \u00e0 long terme pour toucher de nouveaux publics, m\u00eame lorsque les visites en pr\u00e9sentiel pourront reprendre<\/strong>.<\/p>\n\n\n\n<h2 class=\"wp-block-heading\">Programme de la rencontre<\/h2>\n\n\n\n<ul class=\"wp-block-list\"><li>Pr\u00e9sentation de l\u2019offre en virtuel sur Explore Paris et de son fonctionnement<\/li><li>T\u00e9moignage de sites culturels qui ont d\u00e9velopp\u00e9 des activit\u00e9s en virtuel :<br>o Mus\u00e9e d\u2019art et d\u2019histoire Paul Eluard de Saint-Denis<br>o Mus\u00e9e intercommunal de Nogent-sur-Marne<br>o M\u00e9morial de la Shoah \u00e0 Drancy<\/li><li>\u00c9changes avec les participants sur le d\u00e9veloppement de cette offre et de nouveaux formats<\/li><\/ul>\n\n\n\n<h2 class=\"wp-block-heading\">Visionner la rencontre<\/h2>\n\n\n<p><iframe loading=\"lazy\" width=\"100%\" height=\"450\" src=\"https:\/\/www.youtube.com\/embed\/2s7Ca_RFkfI\" title=\"YouTube video player\" frameborder=\"0\" allow=\"accelerometer; autoplay; clipboard-write; encrypted-media; gyroscope; picture-in-picture\" allowfullscreen><\/iframe><\/p>\n\n\n\n<h2 class=\"wp-block-heading\">Contact<\/h2>\n\n\n\n<p><strong>Pour toute question sur les visites et conf\u00e9rences virtuelles valorisant le Val-de-Marne<\/strong>, n\u2019h\u00e9sitez pas \u00e0 contacter le service D\u00e9veloppement de Val-de-Marne Tourisme &amp; Loisirs : <a href=\"mailto:&#118;is&#105;&#116;es94&#64;&#116;o&#117;r&#105;&#115;&#109;&#101;-&#118;al&#100;e&#109;ar&#110;e&#46;&#99;om\">&#118;&#105;si&#116;&#101;s&#57;4&#64;t&#111;u&#114;is&#109;&#101;&#45;valde&#109;&#97;&#114;&#110;&#101;.c&#111;m<\/a><\/p>\n\n\n\n<p class=\"is-style-highlight\">D\u00e9couvrez la suite de l&rsquo;<a href=\"https:\/\/www.tourisme-valdemarne.com\/espace-pro\/actualites\/\">actualit\u00e9 des professionnels<\/a> du tourisme et de la culture en Val-de-Marne (94).<\/p>\n","protected":false},"excerpt":{"rendered":"<p>Alors qu\u2019un nouveau confinement national est annonc\u00e9, Explore Paris, plateforme de r\u00e9servation d\u2019activit\u00e9s de tourisme et loisirs du Grand Paris cr\u00e9\u00e9e par les agences d\u00e9partementales de d\u00e9veloppement touristique du Grand Paris, a invit\u00e9 les lieux culturels et de sites de visite \u00e0 \u00e9changer sur le d\u00e9veloppement de visites virtuelles propos\u00e9es depuis maintenant plusieurs mois. Une [&hellip;]<\/p>\n","protected":false},"author":8,"featured_media":7997,"parent":9250,"menu_order":186,"comment_status":"closed","ping_status":"closed","template":"","meta":{"_relevanssi_hide_post":"","_relevanssi_hide_content":"","_relevanssi_pin_for_all":"","_relevanssi_pin_keywords":"","_relevanssi_unpin_keywords":"","_relevanssi_related_keywords":"","_relevanssi_related_include_ids":"","_relevanssi_related_exclude_ids":"","_relevanssi_related_no_append":"","_relevanssi_related_not_related":"","_relevanssi_related_posts":"2745,2751,2747,2741,8090,444","_relevanssi_noindex_reason":"","footnotes":""},"vdmTagMarketing":[],"class_list":["post-9083","page","type-page","status-publish","has-post-thumbnail","hentry"],"acf":[],"yoast_head":"<!-- This site is optimized with the Yoast SEO plugin v23.9 - https:\/\/yoast.com\/wordpress\/plugins\/seo\/ -->\n<title>Visites virtuelles sur Explore Paris - Rencontre avec les sites culturels et de visite - Jeudi 1er avril - Espace Pro<\/title>\n<meta name=\"description\" content=\"Explore Paris a invit\u00e9 les lieux culturels et de sites de visite \u00e0 \u00e9changer sur le d\u00e9veloppement de visites virtuelles propos\u00e9es depuis plusieurs mois.\" \/>\n<meta name=\"robots\" content=\"index, follow, max-snippet:-1, max-image-preview:large, max-video-preview:-1\" \/>\n<link rel=\"canonical\" href=\"https:\/\/www.tourisme-valdemarne.com\/espace-pro\/actualites\/archives-des-actualites\/visites-virtuelles-sur-explore-paris-rencontre-avec-les-sites-culturels-et-de-visite-jeudi-1er-avril\/\" \/>\n<meta property=\"og:locale\" content=\"fr_FR\" \/>\n<meta property=\"og:type\" content=\"article\" \/>\n<meta property=\"og:title\" content=\"Visites virtuelles sur Explore Paris - Rencontre avec les sites culturels et de visite - Jeudi 1er avril - Espace Pro\" \/>\n<meta property=\"og:description\" content=\"Explore Paris a invit\u00e9 les lieux culturels et de sites de visite \u00e0 \u00e9changer sur le d\u00e9veloppement de visites virtuelles propos\u00e9es depuis plusieurs mois.\" \/>\n<meta property=\"og:url\" content=\"https:\/\/www.tourisme-valdemarne.com\/espace-pro\/actualites\/archives-des-actualites\/visites-virtuelles-sur-explore-paris-rencontre-avec-les-sites-culturels-et-de-visite-jeudi-1er-avril\/\" \/>\n<meta property=\"og:site_name\" content=\"Espace Pro\" \/>\n<meta property=\"article:modified_time\" content=\"2022-03-24T08:57:17+00:00\" \/>\n<meta property=\"og:image\" content=\"https:\/\/www.tourisme-valdemarne.com\/espace-pro\/wp-content\/uploads\/sites\/3\/2020\/12\/visites-virtuelles-explore-paris-copyright-buro-millenials-pexels.jpg\" \/>\n\t<meta property=\"og:image:width\" content=\"1920\" \/>\n\t<meta property=\"og:image:height\" content=\"1281\" \/>\n\t<meta property=\"og:image:type\" content=\"image\/jpeg\" \/>\n<meta name=\"twitter:card\" content=\"summary_large_image\" \/>\n<meta name=\"twitter:label1\" content=\"Dur\u00e9e de lecture estim\u00e9e\" \/>\n\t<meta name=\"twitter:data1\" content=\"1 minute\" \/>\n<script type=\"application\/ld+json\" class=\"yoast-schema-graph\">{\"@context\":\"https:\/\/schema.org\",\"@graph\":[{\"@type\":\"WebPage\",\"@id\":\"https:\/\/www.tourisme-valdemarne.com\/espace-pro\/actualites\/archives-des-actualites\/visites-virtuelles-sur-explore-paris-rencontre-avec-les-sites-culturels-et-de-visite-jeudi-1er-avril\/\",\"url\":\"https:\/\/www.tourisme-valdemarne.com\/espace-pro\/actualites\/archives-des-actualites\/visites-virtuelles-sur-explore-paris-rencontre-avec-les-sites-culturels-et-de-visite-jeudi-1er-avril\/\",\"name\":\"Visites virtuelles sur Explore Paris - Rencontre avec les sites culturels et de visite - Jeudi 1er avril - Espace Pro\",\"isPartOf\":{\"@id\":\"https:\/\/www.tourisme-valdemarne.com\/espace-pro\/#website\"},\"primaryImageOfPage\":{\"@id\":\"https:\/\/www.tourisme-valdemarne.com\/espace-pro\/actualites\/archives-des-actualites\/visites-virtuelles-sur-explore-paris-rencontre-avec-les-sites-culturels-et-de-visite-jeudi-1er-avril\/#primaryimage\"},\"image\":{\"@id\":\"https:\/\/www.tourisme-valdemarne.com\/espace-pro\/actualites\/archives-des-actualites\/visites-virtuelles-sur-explore-paris-rencontre-avec-les-sites-culturels-et-de-visite-jeudi-1er-avril\/#primaryimage\"},\"thumbnailUrl\":\"https:\/\/www.tourisme-valdemarne.com\/espace-pro\/wp-content\/uploads\/sites\/3\/2020\/12\/visites-virtuelles-explore-paris-copyright-buro-millenials-pexels.jpg\",\"datePublished\":\"2021-04-09T12:37:00+00:00\",\"dateModified\":\"2022-03-24T08:57:17+00:00\",\"description\":\"Explore Paris a invit\u00e9 les lieux culturels et de sites de visite \u00e0 \u00e9changer sur le d\u00e9veloppement de visites virtuelles propos\u00e9es depuis plusieurs mois.\",\"breadcrumb\":{\"@id\":\"https:\/\/www.tourisme-valdemarne.com\/espace-pro\/actualites\/archives-des-actualites\/visites-virtuelles-sur-explore-paris-rencontre-avec-les-sites-culturels-et-de-visite-jeudi-1er-avril\/#breadcrumb\"},\"inLanguage\":\"fr-FR\",\"potentialAction\":[{\"@type\":\"ReadAction\",\"target\":[\"https:\/\/www.tourisme-valdemarne.com\/espace-pro\/actualites\/archives-des-actualites\/visites-virtuelles-sur-explore-paris-rencontre-avec-les-sites-culturels-et-de-visite-jeudi-1er-avril\/\"]}]},{\"@type\":\"ImageObject\",\"inLanguage\":\"fr-FR\",\"@id\":\"https:\/\/www.tourisme-valdemarne.com\/espace-pro\/actualites\/archives-des-actualites\/visites-virtuelles-sur-explore-paris-rencontre-avec-les-sites-culturels-et-de-visite-jeudi-1er-avril\/#primaryimage\",\"url\":\"https:\/\/www.tourisme-valdemarne.com\/espace-pro\/wp-content\/uploads\/sites\/3\/2020\/12\/visites-virtuelles-explore-paris-copyright-buro-millenials-pexels.jpg\",\"contentUrl\":\"https:\/\/www.tourisme-valdemarne.com\/espace-pro\/wp-content\/uploads\/sites\/3\/2020\/12\/visites-virtuelles-explore-paris-copyright-buro-millenials-pexels.jpg\",\"width\":1920,\"height\":1281,\"caption\":\"Les visites virtuelles sur Explore Paris \u00a9Buro Millenials\/Pexels\"},{\"@type\":\"BreadcrumbList\",\"@id\":\"https:\/\/www.tourisme-valdemarne.com\/espace-pro\/actualites\/archives-des-actualites\/visites-virtuelles-sur-explore-paris-rencontre-avec-les-sites-culturels-et-de-visite-jeudi-1er-avril\/#breadcrumb\",\"itemListElement\":[{\"@type\":\"ListItem\",\"position\":1,\"name\":\"Accueil\",\"item\":\"https:\/\/www.tourisme-valdemarne.com\/espace-pro\/\"},{\"@type\":\"ListItem\",\"position\":2,\"name\":\"Actualit\u00e9s de l&rsquo;espace pro\",\"item\":\"https:\/\/www.tourisme-valdemarne.com\/espace-pro\/actualites\/\"},{\"@type\":\"ListItem\",\"position\":3,\"name\":\"Archives des actualit\u00e9s\",\"item\":\"https:\/\/www.tourisme-valdemarne.com\/espace-pro\/actualites\/archives-des-actualites\/\"},{\"@type\":\"ListItem\",\"position\":4,\"name\":\"Visites virtuelles sur Explore Paris &#8211; Rencontre avec les sites culturels et de visite &#8211; Jeudi 1er avril\"}]},{\"@type\":\"WebSite\",\"@id\":\"https:\/\/www.tourisme-valdemarne.com\/espace-pro\/#website\",\"url\":\"https:\/\/www.tourisme-valdemarne.com\/espace-pro\/\",\"name\":\"Espace Pro\",\"description\":\"Informations et outils pour les professionnels et la Presse\",\"potentialAction\":[{\"@type\":\"SearchAction\",\"target\":{\"@type\":\"EntryPoint\",\"urlTemplate\":\"https:\/\/www.tourisme-valdemarne.com\/espace-pro\/?s={search_term_string}\"},\"query-input\":{\"@type\":\"PropertyValueSpecification\",\"valueRequired\":true,\"valueName\":\"search_term_string\"}}],\"inLanguage\":\"fr-FR\"}]}<\/script>\n<!-- \/ Yoast SEO plugin. -->","yoast_head_json":{"title":"Visites virtuelles sur Explore Paris - Rencontre avec les sites culturels et de visite - Jeudi 1er avril - Espace Pro","description":"Explore Paris a invit\u00e9 les lieux culturels et de sites de visite \u00e0 \u00e9changer sur le d\u00e9veloppement de visites virtuelles propos\u00e9es depuis plusieurs mois.","robots":{"index":"index","follow":"follow","max-snippet":"max-snippet:-1","max-image-preview":"max-image-preview:large","max-video-preview":"max-video-preview:-1"},"canonical":"https:\/\/www.tourisme-valdemarne.com\/espace-pro\/actualites\/archives-des-actualites\/visites-virtuelles-sur-explore-paris-rencontre-avec-les-sites-culturels-et-de-visite-jeudi-1er-avril\/","og_locale":"fr_FR","og_type":"article","og_title":"Visites virtuelles sur Explore Paris - Rencontre avec les sites culturels et de visite - Jeudi 1er avril - Espace Pro","og_description":"Explore Paris a invit\u00e9 les lieux culturels et de sites de visite \u00e0 \u00e9changer sur le d\u00e9veloppement de visites virtuelles propos\u00e9es depuis plusieurs mois.","og_url":"https:\/\/www.tourisme-valdemarne.com\/espace-pro\/actualites\/archives-des-actualites\/visites-virtuelles-sur-explore-paris-rencontre-avec-les-sites-culturels-et-de-visite-jeudi-1er-avril\/","og_site_name":"Espace Pro","article_modified_time":"2022-03-24T08:57:17+00:00","og_image":[{"width":1920,"height":1281,"url":"https:\/\/www.tourisme-valdemarne.com\/espace-pro\/wp-content\/uploads\/sites\/3\/2020\/12\/visites-virtuelles-explore-paris-copyright-buro-millenials-pexels.jpg","type":"image\/jpeg"}],"twitter_card":"summary_large_image","twitter_misc":{"Dur\u00e9e de lecture estim\u00e9e":"1 minute"},"schema":{"@context":"https:\/\/schema.org","@graph":[{"@type":"WebPage","@id":"https:\/\/www.tourisme-valdemarne.com\/espace-pro\/actualites\/archives-des-actualites\/visites-virtuelles-sur-explore-paris-rencontre-avec-les-sites-culturels-et-de-visite-jeudi-1er-avril\/","url":"https:\/\/www.tourisme-valdemarne.com\/espace-pro\/actualites\/archives-des-actualites\/visites-virtuelles-sur-explore-paris-rencontre-avec-les-sites-culturels-et-de-visite-jeudi-1er-avril\/","name":"Visites virtuelles sur Explore Paris - Rencontre avec les sites culturels et de visite - Jeudi 1er avril - Espace Pro","isPartOf":{"@id":"https:\/\/www.tourisme-valdemarne.com\/espace-pro\/#website"},"primaryImageOfPage":{"@id":"https:\/\/www.tourisme-valdemarne.com\/espace-pro\/actualites\/archives-des-actualites\/visites-virtuelles-sur-explore-paris-rencontre-avec-les-sites-culturels-et-de-visite-jeudi-1er-avril\/#primaryimage"},"image":{"@id":"https:\/\/www.tourisme-valdemarne.com\/espace-pro\/actualites\/archives-des-actualites\/visites-virtuelles-sur-explore-paris-rencontre-avec-les-sites-culturels-et-de-visite-jeudi-1er-avril\/#primaryimage"},"thumbnailUrl":"https:\/\/www.tourisme-valdemarne.com\/espace-pro\/wp-content\/uploads\/sites\/3\/2020\/12\/visites-virtuelles-explore-paris-copyright-buro-millenials-pexels.jpg","datePublished":"2021-04-09T12:37:00+00:00","dateModified":"2022-03-24T08:57:17+00:00","description":"Explore Paris a invit\u00e9 les lieux culturels et de sites de visite \u00e0 \u00e9changer sur le d\u00e9veloppement de visites virtuelles propos\u00e9es depuis plusieurs mois.","breadcrumb":{"@id":"https:\/\/www.tourisme-valdemarne.com\/espace-pro\/actualites\/archives-des-actualites\/visites-virtuelles-sur-explore-paris-rencontre-avec-les-sites-culturels-et-de-visite-jeudi-1er-avril\/#breadcrumb"},"inLanguage":"fr-FR","potentialAction":[{"@type":"ReadAction","target":["https:\/\/www.tourisme-valdemarne.com\/espace-pro\/actualites\/archives-des-actualites\/visites-virtuelles-sur-explore-paris-rencontre-avec-les-sites-culturels-et-de-visite-jeudi-1er-avril\/"]}]},{"@type":"ImageObject","inLanguage":"fr-FR","@id":"https:\/\/www.tourisme-valdemarne.com\/espace-pro\/actualites\/archives-des-actualites\/visites-virtuelles-sur-explore-paris-rencontre-avec-les-sites-culturels-et-de-visite-jeudi-1er-avril\/#primaryimage","url":"https:\/\/www.tourisme-valdemarne.com\/espace-pro\/wp-content\/uploads\/sites\/3\/2020\/12\/visites-virtuelles-explore-paris-copyright-buro-millenials-pexels.jpg","contentUrl":"https:\/\/www.tourisme-valdemarne.com\/espace-pro\/wp-content\/uploads\/sites\/3\/2020\/12\/visites-virtuelles-explore-paris-copyright-buro-millenials-pexels.jpg","width":1920,"height":1281,"caption":"Les visites virtuelles sur Explore Paris \u00a9Buro Millenials\/Pexels"},{"@type":"BreadcrumbList","@id":"https:\/\/www.tourisme-valdemarne.com\/espace-pro\/actualites\/archives-des-actualites\/visites-virtuelles-sur-explore-paris-rencontre-avec-les-sites-culturels-et-de-visite-jeudi-1er-avril\/#breadcrumb","itemListElement":[{"@type":"ListItem","position":1,"name":"Accueil","item":"https:\/\/www.tourisme-valdemarne.com\/espace-pro\/"},{"@type":"ListItem","position":2,"name":"Actualit\u00e9s de l&rsquo;espace pro","item":"https:\/\/www.tourisme-valdemarne.com\/espace-pro\/actualites\/"},{"@type":"ListItem","position":3,"name":"Archives des actualit\u00e9s","item":"https:\/\/www.tourisme-valdemarne.com\/espace-pro\/actualites\/archives-des-actualites\/"},{"@type":"ListItem","position":4,"name":"Visites virtuelles sur Explore Paris &#8211; Rencontre avec les sites culturels et de visite &#8211; Jeudi 1er avril"}]},{"@type":"WebSite","@id":"https:\/\/www.tourisme-valdemarne.com\/espace-pro\/#website","url":"https:\/\/www.tourisme-valdemarne.com\/espace-pro\/","name":"Espace Pro","description":"Informations et outils pour les professionnels et la Presse","potentialAction":[{"@type":"SearchAction","target":{"@type":"EntryPoint","urlTemplate":"https:\/\/www.tourisme-valdemarne.com\/espace-pro\/?s={search_term_string}"},"query-input":{"@type":"PropertyValueSpecification","valueRequired":true,"valueName":"search_term_string"}}],"inLanguage":"fr-FR"}]}},"_links":{"self":[{"href":"https:\/\/www.tourisme-valdemarne.com\/espace-pro\/wp-json\/wp\/v2\/pages\/9083","targetHints":{"allow":["GET"]}}],"collection":[{"href":"https:\/\/www.tourisme-valdemarne.com\/espace-pro\/wp-json\/wp\/v2\/pages"}],"about":[{"href":"https:\/\/www.tourisme-valdemarne.com\/espace-pro\/wp-json\/wp\/v2\/types\/page"}],"author":[{"embeddable":true,"href":"https:\/\/www.tourisme-valdemarne.com\/espace-pro\/wp-json\/wp\/v2\/users\/8"}],"replies":[{"embeddable":true,"href":"https:\/\/www.tourisme-valdemarne.com\/espace-pro\/wp-json\/wp\/v2\/comments?post=9083"}],"version-history":[{"count":4,"href":"https:\/\/www.tourisme-valdemarne.com\/espace-pro\/wp-json\/wp\/v2\/pages\/9083\/revisions"}],"predecessor-version":[{"id":9121,"href":"https:\/\/www.tourisme-valdemarne.com\/espace-pro\/wp-json\/wp\/v2\/pages\/9083\/revisions\/9121"}],"up":[{"embeddable":true,"href":"https:\/\/www.tourisme-valdemarne.com\/espace-pro\/wp-json\/wp\/v2\/pages\/9250"}],"wp:featuredmedia":[{"embeddable":true,"href":"https:\/\/www.tourisme-valdemarne.com\/espace-pro\/wp-json\/wp\/v2\/media\/7997"}],"wp:attachment":[{"href":"https:\/\/www.tourisme-valdemarne.com\/espace-pro\/wp-json\/wp\/v2\/media?parent=9083"}],"wp:term":[{"taxonomy":"vdmTagMarketing","embeddable":true,"href":"https:\/\/www.tourisme-valdemarne.com\/espace-pro\/wp-json\/wp\/v2\/vdmTagMarketing?post=9083"}],"curies":[{"name":"wp","href":"https:\/\/api.w.org\/{rel}","templated":true}]}}