{"id":893,"date":"2019-05-14T11:22:57","date_gmt":"2019-05-14T09:22:57","guid":{"rendered":"https:\/\/www.tourisme-valdemarne.com\/espace-pro\/exposition-universelle-2025"},"modified":"2023-01-19T16:19:36","modified_gmt":"2023-01-19T15:19:36","slug":"exposition-universelle-2025","status":"publish","type":"page","link":"https:\/\/www.tourisme-valdemarne.com\/espace-pro\/expertises-et-projets\/demarche-mise-en-tourisme-seine-amont\/exposition-universelle-2025\/","title":{"rendered":"Exposition universelle 2025"},"content":{"rendered":"\n<p class=\"is-style-excerpt\">Le Val-de-Marne renonce \u00e0 sa candidature \u00e0 l&rsquo;accueil du village global de l&rsquo;exposition universelle 2025 et se lance dans un plan de valorisation.<\/p>\n\n\n\n<p>En annon\u00e7ant le 30 septembre 2016 sa candidature \u00e0 l\u2019accueil de l\u2019exposition universelle de 2025, le Val-de-Marne a souhait\u00e9 travailler sur un concept d\u2019exposition tr\u00e8s innovant, \u00e0 la confluence de la Seine et de la Marne. Un concept qui r\u00e9inventait les expositions universelles et proposait un \u00e9v\u00e9nement au c\u0153ur de la ville, aux portes de Paris, ouvert sur le territoire et acc\u00e9l\u00e9rateur de d\u00e9veloppement urbain. Une candidature partenariale associant les acteurs du territoire et les acteurs de l\u2019innovation.<\/p>\n\n\n\n<p>Au fil des mois de travail, le Val-de-Marne n\u2019a eu de cesse d\u2019essayer de surmonter les difficult\u00e9s pos\u00e9es par l\u2019organisation d\u2019un tel \u00e9v\u00e9nement, dans le contexte de s\u00e9curit\u00e9 que chacun connait. Construit dans un calendrier tr\u00e8s contraint, puisque le dossier final devait \u00eatre rendu pour le 19 mai, avec des crit\u00e8res et un niveau d\u2019exigences qui n\u2019ont cess\u00e9 de cro\u00eetre (50 hectares \u00e0 l\u2019origine, puis 125 hectares d\u2019un seul tenant, s\u00e9curisables, permettant d\u2019accueillir 45 millions de visiteurs avec des pics \u00e0 500.000 visiteurs \/jour\u2026), le projet est progressivement apparu comme un d\u00e9fi au temps et \u00e0 la r\u00e9alit\u00e9 du potentiel foncier mobilisable. Dans ces conditions, malgr\u00e9 tous les efforts produits pour essayer d\u2019atteindre les objectifs fix\u00e9s pour cette candidature, le Val-de-Marne s\u2019est vu contraint de renoncer \u00e0 sa candidature.<\/p>\n\n\n\n<p>Toutefois, en quelques mois, le projet sur lequel le Val-de-Marne s\u2019est mobilis\u00e9 avec toutes les collectivit\u00e9s locales, les acteurs institutionnels, le monde \u00e9conomique et touristique, les start-up\u2026 a permis de mesurer le potentiel touristique et les dynamiques collaboratives qui pouvaient se d\u00e9velopper autour de la confluence Marne et Seine.<\/p>\n\n\n\n<p>C\u2019est pourquoi, le CDT s\u2019associera au plan de valorisation de ce territoire que le D\u00e9partement engagera d\u00e8s la rentr\u00e9e 2017 afin de partager avec tous les acteurs du secteur, les \u00e9l\u00e9ments de diagnostic, les pistes et les leviers d\u2019actions. Il s\u2019agira pour le CDT d\u2019engager une d\u00e9marche partenariale, innovante f\u00e9d\u00e9ratrice pour <strong>mettre en tourisme ce territoire<\/strong> qui porte en lui toutes les dimensions d\u2019un v\u00e9ritable <strong>tourisme durable<\/strong> et qui constitue un point d\u2019appui essentiel au <strong>d\u00e9veloppement d\u2019une ambitieuse strat\u00e9gie de tourisme fluvial<\/strong> au sein de la m\u00e9tropole.<\/p>\n\n\n\n<p><strong>L&rsquo;eau comme fil conducteur du plan de valorisation du territoire SEINE, MARNE CONFLUENCE<\/strong>.<\/p>\n","protected":false},"excerpt":{"rendered":"<p>Le Val-de-Marne renonce \u00e0 sa candidature \u00e0 l&rsquo;accueil du village global de l&rsquo;exposition universelle 2025 et se lance dans un plan de valorisation. En annon\u00e7ant le 30 septembre 2016 sa candidature \u00e0 l\u2019accueil de l\u2019exposition universelle de 2025, le Val-de-Marne a souhait\u00e9 travailler sur un concept d\u2019exposition tr\u00e8s innovant, \u00e0 la confluence de la Seine [&hellip;]<\/p>\n","protected":false},"author":1,"featured_media":0,"parent":59,"menu_order":0,"comment_status":"closed","ping_status":"closed","template":"partials\/template-intermediaire.php","meta":{"_relevanssi_hide_post":"","_relevanssi_hide_content":"","_relevanssi_pin_for_all":"","_relevanssi_pin_keywords":"","_relevanssi_unpin_keywords":"","_relevanssi_related_keywords":"","_relevanssi_related_include_ids":"","_relevanssi_related_exclude_ids":"","_relevanssi_related_no_append":"","_relevanssi_related_not_related":"","_relevanssi_related_posts":"2751,2741,442,8095,2749,446","_relevanssi_noindex_reason":"","footnotes":""},"vdmTagMarketing":[],"class_list":["post-893","page","type-page","status-publish","hentry"],"acf":[],"yoast_head":"<!-- This site is optimized with the Yoast SEO plugin v23.9 - https:\/\/yoast.com\/wordpress\/plugins\/seo\/ -->\n<title>Exposition Universelle 2025 | Val-de-Marne Tourisme<\/title>\n<meta name=\"description\" content=\"Le Val-de-Marne renonce \u00e0 sa candidature \u00e0 l\u2019accueil de l\u2019exposition universelle 2025 et se lance dans un plan de valorisation.\" \/>\n<meta name=\"robots\" content=\"index, follow, max-snippet:-1, max-image-preview:large, max-video-preview:-1\" \/>\n<link rel=\"canonical\" href=\"https:\/\/www.tourisme-valdemarne.com\/espace-pro\/expertises-et-projets\/demarche-mise-en-tourisme-seine-amont\/exposition-universelle-2025\/\" \/>\n<meta property=\"og:locale\" content=\"fr_FR\" \/>\n<meta property=\"og:type\" content=\"article\" \/>\n<meta property=\"og:title\" content=\"Exposition Universelle 2025 | Val-de-Marne Tourisme\" \/>\n<meta property=\"og:description\" content=\"Le Val-de-Marne renonce \u00e0 sa candidature \u00e0 l\u2019accueil de l\u2019exposition universelle 2025 et se lance dans un plan de valorisation.\" \/>\n<meta property=\"og:url\" content=\"https:\/\/www.tourisme-valdemarne.com\/espace-pro\/expertises-et-projets\/demarche-mise-en-tourisme-seine-amont\/exposition-universelle-2025\/\" \/>\n<meta property=\"og:site_name\" content=\"Espace Pro\" \/>\n<meta property=\"article:modified_time\" content=\"2023-01-19T15:19:36+00:00\" \/>\n<meta name=\"twitter:card\" content=\"summary_large_image\" \/>\n<meta name=\"twitter:label1\" content=\"Dur\u00e9e de lecture estim\u00e9e\" \/>\n\t<meta name=\"twitter:data1\" content=\"2 minutes\" \/>\n<script type=\"application\/ld+json\" class=\"yoast-schema-graph\">{\"@context\":\"https:\/\/schema.org\",\"@graph\":[{\"@type\":\"WebPage\",\"@id\":\"https:\/\/www.tourisme-valdemarne.com\/espace-pro\/expertises-et-projets\/demarche-mise-en-tourisme-seine-amont\/exposition-universelle-2025\/\",\"url\":\"https:\/\/www.tourisme-valdemarne.com\/espace-pro\/expertises-et-projets\/demarche-mise-en-tourisme-seine-amont\/exposition-universelle-2025\/\",\"name\":\"Exposition Universelle 2025 | Val-de-Marne Tourisme\",\"isPartOf\":{\"@id\":\"https:\/\/www.tourisme-valdemarne.com\/espace-pro\/#website\"},\"datePublished\":\"2019-05-14T09:22:57+00:00\",\"dateModified\":\"2023-01-19T15:19:36+00:00\",\"description\":\"Le Val-de-Marne renonce \u00e0 sa candidature \u00e0 l\u2019accueil de l\u2019exposition universelle 2025 et se lance dans un plan de valorisation.\",\"breadcrumb\":{\"@id\":\"https:\/\/www.tourisme-valdemarne.com\/espace-pro\/expertises-et-projets\/demarche-mise-en-tourisme-seine-amont\/exposition-universelle-2025\/#breadcrumb\"},\"inLanguage\":\"fr-FR\",\"potentialAction\":[{\"@type\":\"ReadAction\",\"target\":[\"https:\/\/www.tourisme-valdemarne.com\/espace-pro\/expertises-et-projets\/demarche-mise-en-tourisme-seine-amont\/exposition-universelle-2025\/\"]}]},{\"@type\":\"BreadcrumbList\",\"@id\":\"https:\/\/www.tourisme-valdemarne.com\/espace-pro\/expertises-et-projets\/demarche-mise-en-tourisme-seine-amont\/exposition-universelle-2025\/#breadcrumb\",\"itemListElement\":[{\"@type\":\"ListItem\",\"position\":1,\"name\":\"Accueil\",\"item\":\"https:\/\/www.tourisme-valdemarne.com\/espace-pro\/\"},{\"@type\":\"ListItem\",\"position\":2,\"name\":\"Expertises et projets\",\"item\":\"https:\/\/www.tourisme-valdemarne.com\/espace-pro\/expertises-et-projets\/\"},{\"@type\":\"ListItem\",\"position\":3,\"name\":\"D\u00e9marche de mise en tourisme de la Seine Amont\",\"item\":\"https:\/\/www.tourisme-valdemarne.com\/espace-pro\/expertises-et-projets\/demarche-mise-en-tourisme-seine-amont\/\"},{\"@type\":\"ListItem\",\"position\":4,\"name\":\"Exposition universelle 2025\"}]},{\"@type\":\"WebSite\",\"@id\":\"https:\/\/www.tourisme-valdemarne.com\/espace-pro\/#website\",\"url\":\"https:\/\/www.tourisme-valdemarne.com\/espace-pro\/\",\"name\":\"Espace Pro\",\"description\":\"Informations et outils pour les professionnels et la Presse\",\"potentialAction\":[{\"@type\":\"SearchAction\",\"target\":{\"@type\":\"EntryPoint\",\"urlTemplate\":\"https:\/\/www.tourisme-valdemarne.com\/espace-pro\/?s={search_term_string}\"},\"query-input\":{\"@type\":\"PropertyValueSpecification\",\"valueRequired\":true,\"valueName\":\"search_term_string\"}}],\"inLanguage\":\"fr-FR\"}]}<\/script>\n<!-- \/ Yoast SEO plugin. -->","yoast_head_json":{"title":"Exposition Universelle 2025 | Val-de-Marne Tourisme","description":"Le Val-de-Marne renonce \u00e0 sa candidature \u00e0 l\u2019accueil de l\u2019exposition universelle 2025 et se lance dans un plan de valorisation.","robots":{"index":"index","follow":"follow","max-snippet":"max-snippet:-1","max-image-preview":"max-image-preview:large","max-video-preview":"max-video-preview:-1"},"canonical":"https:\/\/www.tourisme-valdemarne.com\/espace-pro\/expertises-et-projets\/demarche-mise-en-tourisme-seine-amont\/exposition-universelle-2025\/","og_locale":"fr_FR","og_type":"article","og_title":"Exposition Universelle 2025 | Val-de-Marne Tourisme","og_description":"Le Val-de-Marne renonce \u00e0 sa candidature \u00e0 l\u2019accueil de l\u2019exposition universelle 2025 et se lance dans un plan de valorisation.","og_url":"https:\/\/www.tourisme-valdemarne.com\/espace-pro\/expertises-et-projets\/demarche-mise-en-tourisme-seine-amont\/exposition-universelle-2025\/","og_site_name":"Espace Pro","article_modified_time":"2023-01-19T15:19:36+00:00","twitter_card":"summary_large_image","twitter_misc":{"Dur\u00e9e de lecture estim\u00e9e":"2 minutes"},"schema":{"@context":"https:\/\/schema.org","@graph":[{"@type":"WebPage","@id":"https:\/\/www.tourisme-valdemarne.com\/espace-pro\/expertises-et-projets\/demarche-mise-en-tourisme-seine-amont\/exposition-universelle-2025\/","url":"https:\/\/www.tourisme-valdemarne.com\/espace-pro\/expertises-et-projets\/demarche-mise-en-tourisme-seine-amont\/exposition-universelle-2025\/","name":"Exposition Universelle 2025 | Val-de-Marne Tourisme","isPartOf":{"@id":"https:\/\/www.tourisme-valdemarne.com\/espace-pro\/#website"},"datePublished":"2019-05-14T09:22:57+00:00","dateModified":"2023-01-19T15:19:36+00:00","description":"Le Val-de-Marne renonce \u00e0 sa candidature \u00e0 l\u2019accueil de l\u2019exposition universelle 2025 et se lance dans un plan de valorisation.","breadcrumb":{"@id":"https:\/\/www.tourisme-valdemarne.com\/espace-pro\/expertises-et-projets\/demarche-mise-en-tourisme-seine-amont\/exposition-universelle-2025\/#breadcrumb"},"inLanguage":"fr-FR","potentialAction":[{"@type":"ReadAction","target":["https:\/\/www.tourisme-valdemarne.com\/espace-pro\/expertises-et-projets\/demarche-mise-en-tourisme-seine-amont\/exposition-universelle-2025\/"]}]},{"@type":"BreadcrumbList","@id":"https:\/\/www.tourisme-valdemarne.com\/espace-pro\/expertises-et-projets\/demarche-mise-en-tourisme-seine-amont\/exposition-universelle-2025\/#breadcrumb","itemListElement":[{"@type":"ListItem","position":1,"name":"Accueil","item":"https:\/\/www.tourisme-valdemarne.com\/espace-pro\/"},{"@type":"ListItem","position":2,"name":"Expertises et projets","item":"https:\/\/www.tourisme-valdemarne.com\/espace-pro\/expertises-et-projets\/"},{"@type":"ListItem","position":3,"name":"D\u00e9marche de mise en tourisme de la Seine Amont","item":"https:\/\/www.tourisme-valdemarne.com\/espace-pro\/expertises-et-projets\/demarche-mise-en-tourisme-seine-amont\/"},{"@type":"ListItem","position":4,"name":"Exposition universelle 2025"}]},{"@type":"WebSite","@id":"https:\/\/www.tourisme-valdemarne.com\/espace-pro\/#website","url":"https:\/\/www.tourisme-valdemarne.com\/espace-pro\/","name":"Espace Pro","description":"Informations et outils pour les professionnels et la Presse","potentialAction":[{"@type":"SearchAction","target":{"@type":"EntryPoint","urlTemplate":"https:\/\/www.tourisme-valdemarne.com\/espace-pro\/?s={search_term_string}"},"query-input":{"@type":"PropertyValueSpecification","valueRequired":true,"valueName":"search_term_string"}}],"inLanguage":"fr-FR"}]}},"_links":{"self":[{"href":"https:\/\/www.tourisme-valdemarne.com\/espace-pro\/wp-json\/wp\/v2\/pages\/893","targetHints":{"allow":["GET"]}}],"collection":[{"href":"https:\/\/www.tourisme-valdemarne.com\/espace-pro\/wp-json\/wp\/v2\/pages"}],"about":[{"href":"https:\/\/www.tourisme-valdemarne.com\/espace-pro\/wp-json\/wp\/v2\/types\/page"}],"author":[{"embeddable":true,"href":"https:\/\/www.tourisme-valdemarne.com\/espace-pro\/wp-json\/wp\/v2\/users\/1"}],"replies":[{"embeddable":true,"href":"https:\/\/www.tourisme-valdemarne.com\/espace-pro\/wp-json\/wp\/v2\/comments?post=893"}],"version-history":[{"count":8,"href":"https:\/\/www.tourisme-valdemarne.com\/espace-pro\/wp-json\/wp\/v2\/pages\/893\/revisions"}],"predecessor-version":[{"id":2707,"href":"https:\/\/www.tourisme-valdemarne.com\/espace-pro\/wp-json\/wp\/v2\/pages\/893\/revisions\/2707"}],"up":[{"embeddable":true,"href":"https:\/\/www.tourisme-valdemarne.com\/espace-pro\/wp-json\/wp\/v2\/pages\/59"}],"wp:attachment":[{"href":"https:\/\/www.tourisme-valdemarne.com\/espace-pro\/wp-json\/wp\/v2\/media?parent=893"}],"wp:term":[{"taxonomy":"vdmTagMarketing","embeddable":true,"href":"https:\/\/www.tourisme-valdemarne.com\/espace-pro\/wp-json\/wp\/v2\/vdmTagMarketing?post=893"}],"curies":[{"name":"wp","href":"https:\/\/api.w.org\/{rel}","templated":true}]}}