{"id":87,"date":"2019-04-16T16:01:35","date_gmt":"2019-04-16T14:01:35","guid":{"rendered":"https:\/\/www.tourisme-valdemarne.com\/espace-pro\/gouvernance-et-adhesion"},"modified":"2025-02-05T10:33:10","modified_gmt":"2025-02-05T09:33:10","slug":"gouvernance-et-adhesion","status":"publish","type":"page","link":"https:\/\/www.tourisme-valdemarne.com\/espace-pro\/qui-sommes-nous\/gouvernance-et-adhesion\/","title":{"rendered":"Gouvernance et adh\u00e9sion"},"content":{"rendered":"\n<p class=\"is-style-excerpt\">Val-de-Marne Tourisme &amp; Loisirs est dot\u00e9 d&rsquo;une assembl\u00e9e g\u00e9n\u00e9rale constitu\u00e9e de collectivit\u00e9s locales, d&rsquo;\u00e9lus du Conseil d\u00e9partemental, des chambres consulaires et de partenaires priv\u00e9s.<\/p>\n\n\n\n<h2 class=\"wp-block-heading\">Le Bureau<\/h2>\n\n\n\n<p>Pr\u00e9sidente : M\u00e9lanie Nowak, conseill\u00e8re d\u00e9partementale charg\u00e9e du d\u00e9veloppement du tourisme, de l\u2019enseignement sup\u00e9rieur et de la recherche<br>Vice-Pr\u00e9sidente : Brigitte Tironneau, conseill\u00e8re municipale de Fresnes<br>Vice-Pr\u00e9sident : Patrick Farcy, conseiller d\u00e9partemental du Val-de-Marne<br>Tr\u00e9sorier : Christophe Arietano, pr\u00e9sident du CHRO (Club h\u00f4telier du Val-de-Marne)<br>Tr\u00e9sorier adjoint : Mark Petetin, directeur g\u00e9n\u00e9ral Prodiser, espace Jean Monnet<br>Secr\u00e9taire : Olivier Qu\u00e9tard, d\u00e9l\u00e9gu\u00e9 g\u00e9n\u00e9ral ADOR<br>Secr\u00e9taire adjointe : Josiane Martin, personnalit\u00e9 qualifi\u00e9e<\/p>\n\n\n\n<h2 class=\"wp-block-heading\">Les membres du Conseil d&rsquo;administration<\/h2>\n\n\n\n<p><strong>Membres de droit<\/strong><br>Laurence Coulon, conseill\u00e8re d\u00e9partementale<br>G\u00e9rard Delmas, pr\u00e9sident de la CCIP94<br>Vincent Diot, pr\u00e9sident de la CMA 94<br>Alexandra Dublanche, pr\u00e9sidente de Choose Paris Region<br>Patrick Farcy, conseiller d\u00e9partemental d\u00e9l\u00e9gu\u00e9<br>Bruno Helin, conseiller d\u00e9partemental<br>Lamya Kirouani, conseill\u00e8re d\u00e9partementale<br>Patricia Korchef-Lambert, vice-pr\u00e9sidente du conseil d\u00e9partemental<br>Francis Lefevre, personnalit\u00e9 qualifi\u00e9e<br>Josiane Martin, personnalit\u00e9 qualifi\u00e9e<br>M\u00e9lanie Nowak, conseill\u00e8re d\u00e9partementale<br>Etienne Stoskopf, pr\u00e9fet du Val-de-Marne<\/p>\n\n\n\n<p><strong>Coll\u00e8ge Activit\u00e9s \u00e9conomiques et touristiques<\/strong><br>Christophe Arietano, pr\u00e9sident du CHRO (Club h\u00f4telier du Val-de-Marne)<br>Mark Petetin, directeur g\u00e9n\u00e9ral Prodiser, espace Jean Monnet<br>Olivier Qu\u00e9tard, d\u00e9l\u00e9gu\u00e9 g\u00e9n\u00e9ral ADOR<\/p>\n\n\n\n<p><strong>Coll\u00e8ge Activit\u00e9s culturelles, associatives et de loisirs<\/strong><br>Patricia Castejon-G\u00e9libert, Bulles de Culture<br>Fadhel Martini, directeur Au Fil de l\u2019Eau<br>Pascal-Pierre Ponson-Sacquard, pr\u00e9sident du CDOS<br>Jean-Philippe Trigla, pr\u00e9sident de Vitry&rsquo;N Urbaine<\/p>\n\n\n\n<p><strong>Coll\u00e8ge Collectivit\u00e9s<\/strong><br>M\u00e9had\u00e9e Bernard, maire-adjointe d&rsquo;Ivry-sur-Seine<br>Jacques Djengou, conseiller municipal d\u00e9l\u00e9gu\u00e9 de Boissy-Saint-L\u00e9ger<br>Brigitte Gauvain, conseill\u00e8re territoriale EPT Paris Est Marne &amp; Bois<br>Brigitte Tironneau, conseill\u00e8re municipale de Fresnes<\/p>\n\n\n\n<h2 class=\"wp-block-heading\">Adh\u00e9rer \u00e0 Val-de-Marne Tourisme &amp; Loisirs<\/h2>\n\n\n\n<p>Chaque ann\u00e9e, Val-de-Marne Tourisme &amp; Loisirs accueille de nouveaux membres, apr\u00e8s acceptation du Conseil d\u2019Administration. <\/p>\n\n\n\n<p>Une fois leur adh\u00e9sion approuv\u00e9e, les adh\u00e9rents se doivent d&rsquo;acquitter une cotisation qui d\u00e9pend de la nature et de la taille de la structure (cotisation annuelle en TTC) : <\/p>\n\n\n\n<ul class=\"wp-block-list\">\n<li>Partenaires priv\u00e9s : moins de 50 salari\u00e9s : 80 \u20ac \/ de 51 \u00e0 250 salari\u00e9s : 200 \u20ac \/ plus de 250 salari\u00e9s : 500 \u20ac<\/li>\n\n\n\n<li>Associations locales : 30 \u20ac<\/li>\n\n\n\n<li>Associations d\u00e9partementales : 80 \u20ac<\/li>\n\n\n\n<li>Communes : 0,01 \u20ac par habitant pour toutes des communes &#8211; plafonn\u00e9 \u00e0 500 \u20ac<\/li>\n\n\n\n<li>\u00c9tablissements publics territoriaux : 2 500 \u20ac<\/li>\n<\/ul>\n\n\n\n<p>La cotisation \u00e0 Val-de-Marne Tourisme &amp; Loisirs n&rsquo;est pas sujette \u00e0 la d\u00e9fiscalisation.<\/p>\n\n\n\n<p>La dur\u00e9e de l&rsquo;adh\u00e9sion est annuelle. L&rsquo;adh\u00e9sion \u00e0  Val-de-Marne Tourisme &amp; Loisirs peut \u00eatre d\u00e9nonc\u00e9e chaque ann\u00e9e, \u00e0  l&rsquo;initiative de Val-de-Marne Tourisme &amp; Loisirs ou de l&rsquo;adh\u00e9rent 2 mois avant le 1er janvier n+1, sinon elle est reconduite de mani\u00e8re tacite. Le r\u00e8glement est \u00e0  adresser \u00e0  r\u00e9ception de l&rsquo;appel \u00e0 cotisation.<\/p>\n\n\n\n<p class=\"is-style-highlight\">Pour tout <strong>renseignement sur l\u2019adh\u00e9sion<\/strong> et la participation \u00e0 l&rsquo;Assembl\u00e9e g\u00e9n\u00e9rale, merci de <a href=\"https:\/\/www.tourisme-valdemarne.com\/espace-pro\/qui-sommes-nous\/gouvernance-et-adhesion\/demande-de-renseignements\/\"><strong>remplir ce formulaire<\/strong><\/a>.<\/p>\n\n\n\n<h3 class=\"wp-block-heading\">L&rsquo;adh\u00e9sion \u00e0 Val-de-Marne Tourisme &amp; Loisirs ouvre droit \u00e0 :<\/h3>\n\n\n\n<ul class=\"wp-block-list\">\n<li>Participation aux grandes orientations de Val-de-Marne Tourisme &amp; Loisirs : droit de vote aux Assembl\u00e9es g\u00e9n\u00e9rales et possibilit\u00e9 de pr\u00e9senter sa candidature aux instances de l\u2019association (conseil d\u2019administration, bureau\u2026)<\/li>\n\n\n\n<li>Information en avant-premi\u00e8re des grandes actions de Val-de-Marne Tourisme &amp; Loisirs<\/li>\n\n\n\n<li>Int\u00e9gration au r\u00e9seau des adh\u00e9rents afin de b\u00e9n\u00e9ficier de contacts professionnels privil\u00e9gi\u00e9s (participation aux journ\u00e9es, visites, rencontres et \u00e9changes entre adh\u00e9rents)<\/li>\n\n\n\n<li>Utilisation gratuite, \u00e0 des fins professionnelles, de la salle de r\u00e9union (capacit\u00e9 15 personnes) sur r\u00e9servation et sous r\u00e9serve de sa disponibilit\u00e9<\/li>\n\n\n\n<li>Pr\u00e9sence prioritaire \u00e0 des salons professionnels aux c\u00f4t\u00e9s de Val-de-Marne Tourisme &amp; Loisirs en profitant de tarifs pr\u00e9f\u00e9rentiels<\/li>\n\n\n\n<li>Prix pr\u00e9f\u00e9rentiels sur les sorties groupes de Val-de-Marne Tourisme &amp; Loisirs<\/li>\n\n\n\n<li>Mise en avant de l\u2019offre de l\u2019adh\u00e9rent sur le site Internet et liens privil\u00e9gi\u00e9s avec le site internet de Val-de-Marne Tourisme &amp; Loisirs afin de b\u00e9n\u00e9ficier de la possibilit\u00e9 de faire remonter toute l\u2019actualit\u00e9 de l\u2019adh\u00e9rent sur le site \u00ab tourisme-valdemarne.com \u00bb<\/li>\n\n\n\n<li>Mise en avant des \u00e9v\u00e9nements organis\u00e9s par l\u2019adh\u00e9rent dans les newsletters de Val-de-Marne Tourisme &amp; Loisirs<\/li>\n\n\n\n<li>Mise \u00e0 disposition de la plate-forme de r\u00e9servation de Val-de-Marne Tourisme &amp; Loisirs et gestion du suivi des r\u00e9servations lors des \u00e9v\u00e9nements organis\u00e9s par l\u2019adh\u00e9rent<\/li>\n\n\n\n<li>Frais de commission n\u00e9goci\u00e9s pour la commercialisation en ligne r\u00e9alis\u00e9e par Val-de-Marne Tourisme &amp; Loisirs<\/li>\n\n\n\n<li>Utilisation du pack de communication de Val-de-Marne Tourisme &amp; Loisirs (logo, banni\u00e8res\u2026)<\/li>\n\n\n\n<li>Aide aux relations presse de l\u2019adh\u00e9rent<\/li>\n\n\n\n<li>Conseils personnalis\u00e9s pour l\u2019am\u00e9lioration du site web et des r\u00e9seaux sociaux de l\u2019adh\u00e9rent<\/li>\n\n\n\n<li>Utilisation gratuite de la phototh\u00e8que du CDT (sous conditions)<\/li>\n\n\n\n<li>Mise \u00e0 disposition des brochures de Val-de-Marne Tourisme &amp; Loisirs pour une distribution dans l\u2019\u00e9tablissement de l\u2019adh\u00e9rent ou la collectivit\u00e9 adh\u00e9rente<\/li>\n\n\n\n<li>Conseils personnalis\u00e9s dans l\u2019\u00e9laboration de strat\u00e9gies touristiques locales<\/li>\n\n\n\n<li>Aide de Val-de-Marne Tourisme &amp; Loisirs en mati\u00e8re de montage de projets et de recherche de financements<\/li>\n\n\n\n<li>Mise en relation avec les \u00e9coles et universit\u00e9s partenaires de Val-de-Marne Tourisme &amp; Loisirs notamment pour les recherches de stagiaires <\/li>\n<\/ul>\n\n\n\n<h3 class=\"wp-block-heading\">Liste des adh\u00e9rents<\/h3>\n\n\n\n<p>ADOR<br>A\u00e9roport de Paris-Orly<br>Amicale Euro Cyclotourisme<br>AMUSEE SAS<br>Association Au Fil de l&rsquo;eau<br>Association Couleur Lilas<br>Association des vieilles demeures fran\u00e7aises<br>Association Maisons-Alfort &#8211; Mille ans d&rsquo;histoire<br>Bulles de Culture<br>CAUE 94<br>CDRP94 &#8211; Comit\u00e9 d\u00e9partemental de randonn\u00e9e p\u00e9destre du Val-de-Marne<br>Chambre de Commerce et d&rsquo;industrie<br>Chambre de M\u00e9tiers et de l&rsquo;artisanat du Val-de-Marne<br>Ch\u00e2teau De Vincennes &#8211; Centre des monuments nationaux (CMN)<br>Choose Paris Region<br>Clio 94<br>Club h\u00f4telier Rungis-Orly Val-de-Marne<br>CODEV<br>Comit\u00e9 D\u00e9partemental de Cyclotourisme<br>Comit\u00e9 D\u00e9partemental Olympique et Sportif<br>Domaine du ch\u00e2teau de Santeny<br>Espace Jean Monnet<br>Espace Congr\u00e8s Les Esseli\u00e8res \u2013 Semgest<br>EPT Grand Paris Sud Est Avenir<br>EPT Grand Orly Seine Bi\u00e8vre<br>EPT Paris Est Marne et Bois<br>Festi&rsquo;Val-de-Marne<br>Fondation Nationale des Arts Graphiques et Plastiques (FNAGP)<br>Guinguette Chez G\u00e9g\u00e8ne<br>H\u00f4tel Comfort Inn Rungis<br>H\u00f4tel Huatian (Chinagora)<br>H\u00f4tel Novotel Paris Orly<br>Institut National de Formation et d&rsquo;application &#8211; INFA<br>Le Trot<br>L\u2019\u00e9chapp\u00e9e belle<br>MIN de Rungis (SEMMARIS)<br>Mus\u00e9e de la R\u00e9sistance Nationale<br>Mus\u00e9e Fragonard &#8211; ENVA<br>Office de Tourisme de Choisy-le-Roi<br>Organisation Municipale de Tourisme de Cr\u00e9teil<br>Pr\u00e9fecture du Val-de-Marne<br>SADEV 94<br>Sixt location<br>Trendy H\u00f4tel<br>Ville d\u2019Alfortville<br>Ville de Boissy-Saint-L\u00e9ger<br>Ville de Cachan<br>Ville de Champigny-sur-Marne<br>Ville de Charenton-le-Pont<br>Ville de Chennevi\u00e8res-sur-Marne<br>Ville de Chevilly Larue<br>Ville de Choisy-Le-Roi<br>Ville de Fontenay-sous-Bois<br>Ville de Fresnes<br>Ville de Gentilly<br>Ville d&rsquo;Ivry-sur-Seine<br>Ville de Joinville-le-Pont<br>Ville de Maisons-Alfort<br>Ville de Mandres-les-Roses<br>Ville de Rungis<br>Ville de Saint-Mand\u00e9<br>Ville de Saint-Maur-des-Foss\u00e9s<br>Ville de Saint-Maurice<br>Ville de Valenton<br>Ville de Vitry-sur-Seine<br>Vitry\u2019N Urbaine<\/p>\n\n\n\n<p><\/p>\n","protected":false},"excerpt":{"rendered":"<p>Val-de-Marne Tourisme &amp; Loisirs est dot\u00e9 d&rsquo;une assembl\u00e9e g\u00e9n\u00e9rale constitu\u00e9e de collectivit\u00e9s locales, d&rsquo;\u00e9lus du Conseil d\u00e9partemental, des chambres consulaires et de partenaires priv\u00e9s. Le Bureau Pr\u00e9sidente : M\u00e9lanie Nowak, conseill\u00e8re d\u00e9partementale charg\u00e9e du d\u00e9veloppement du tourisme, de l\u2019enseignement sup\u00e9rieur et de la rechercheVice-Pr\u00e9sidente : Brigitte Tironneau, conseill\u00e8re municipale de FresnesVice-Pr\u00e9sident : Patrick Farcy, conseiller [&hellip;]<\/p>\n","protected":false},"author":1,"featured_media":16414,"parent":9,"menu_order":10,"comment_status":"closed","ping_status":"closed","template":"","meta":{"_relevanssi_hide_post":"","_relevanssi_hide_content":"","_relevanssi_pin_for_all":"","_relevanssi_pin_keywords":"","_relevanssi_unpin_keywords":"","_relevanssi_related_keywords":"","_relevanssi_related_include_ids":"","_relevanssi_related_exclude_ids":"","_relevanssi_related_no_append":"","_relevanssi_related_not_related":"","_relevanssi_related_posts":"8104,2741,446,8084,2745,444","_relevanssi_noindex_reason":"","footnotes":""},"vdmTagMarketing":[],"class_list":["post-87","page","type-page","status-publish","has-post-thumbnail","hentry"],"acf":[],"yoast_head":"<!-- This site is optimized with the Yoast SEO plugin v23.9 - https:\/\/yoast.com\/wordpress\/plugins\/seo\/ -->\n<title>Gouvernance et adh\u00e9sion - Espace Pro<\/title>\n<meta name=\"robots\" content=\"index, follow, max-snippet:-1, max-image-preview:large, max-video-preview:-1\" \/>\n<link rel=\"canonical\" href=\"https:\/\/www.tourisme-valdemarne.com\/espace-pro\/qui-sommes-nous\/gouvernance-et-adhesion\/\" \/>\n<meta property=\"og:locale\" content=\"fr_FR\" \/>\n<meta property=\"og:type\" content=\"article\" \/>\n<meta property=\"og:title\" content=\"Gouvernance et adh\u00e9sion - Espace Pro\" \/>\n<meta property=\"og:description\" content=\"Val-de-Marne Tourisme &amp; Loisirs est dot\u00e9 d&rsquo;une assembl\u00e9e g\u00e9n\u00e9rale constitu\u00e9e de collectivit\u00e9s locales, d&rsquo;\u00e9lus du Conseil d\u00e9partemental, des chambres consulaires et de partenaires priv\u00e9s. Le Bureau Pr\u00e9sidente : M\u00e9lanie Nowak, conseill\u00e8re d\u00e9partementale charg\u00e9e du d\u00e9veloppement du tourisme, de l\u2019enseignement sup\u00e9rieur et de la rechercheVice-Pr\u00e9sidente : Brigitte Tironneau, conseill\u00e8re municipale de FresnesVice-Pr\u00e9sident : Patrick Farcy, conseiller [&hellip;]\" \/>\n<meta property=\"og:url\" content=\"https:\/\/www.tourisme-valdemarne.com\/espace-pro\/qui-sommes-nous\/gouvernance-et-adhesion\/\" \/>\n<meta property=\"og:site_name\" content=\"Espace Pro\" \/>\n<meta property=\"article:modified_time\" content=\"2025-02-05T09:33:10+00:00\" \/>\n<meta property=\"og:image\" content=\"https:\/\/www.tourisme-valdemarne.com\/espace-pro\/wp-content\/uploads\/sites\/3\/2023\/11\/ca-novembre-2023.jpg\" \/>\n\t<meta property=\"og:image:width\" content=\"1600\" \/>\n\t<meta property=\"og:image:height\" content=\"900\" \/>\n\t<meta property=\"og:image:type\" content=\"image\/jpeg\" \/>\n<meta name=\"twitter:card\" content=\"summary_large_image\" \/>\n<meta name=\"twitter:label1\" content=\"Dur\u00e9e de lecture estim\u00e9e\" \/>\n\t<meta name=\"twitter:data1\" content=\"6 minutes\" \/>\n<script type=\"application\/ld+json\" class=\"yoast-schema-graph\">{\"@context\":\"https:\/\/schema.org\",\"@graph\":[{\"@type\":\"WebPage\",\"@id\":\"https:\/\/www.tourisme-valdemarne.com\/espace-pro\/qui-sommes-nous\/gouvernance-et-adhesion\/\",\"url\":\"https:\/\/www.tourisme-valdemarne.com\/espace-pro\/qui-sommes-nous\/gouvernance-et-adhesion\/\",\"name\":\"Gouvernance et adh\u00e9sion - Espace Pro\",\"isPartOf\":{\"@id\":\"https:\/\/www.tourisme-valdemarne.com\/espace-pro\/#website\"},\"primaryImageOfPage\":{\"@id\":\"https:\/\/www.tourisme-valdemarne.com\/espace-pro\/qui-sommes-nous\/gouvernance-et-adhesion\/#primaryimage\"},\"image\":{\"@id\":\"https:\/\/www.tourisme-valdemarne.com\/espace-pro\/qui-sommes-nous\/gouvernance-et-adhesion\/#primaryimage\"},\"thumbnailUrl\":\"https:\/\/www.tourisme-valdemarne.com\/espace-pro\/wp-content\/uploads\/sites\/3\/2023\/11\/ca-novembre-2023.jpg\",\"datePublished\":\"2019-04-16T14:01:35+00:00\",\"dateModified\":\"2025-02-05T09:33:10+00:00\",\"breadcrumb\":{\"@id\":\"https:\/\/www.tourisme-valdemarne.com\/espace-pro\/qui-sommes-nous\/gouvernance-et-adhesion\/#breadcrumb\"},\"inLanguage\":\"fr-FR\",\"potentialAction\":[{\"@type\":\"ReadAction\",\"target\":[\"https:\/\/www.tourisme-valdemarne.com\/espace-pro\/qui-sommes-nous\/gouvernance-et-adhesion\/\"]}]},{\"@type\":\"ImageObject\",\"inLanguage\":\"fr-FR\",\"@id\":\"https:\/\/www.tourisme-valdemarne.com\/espace-pro\/qui-sommes-nous\/gouvernance-et-adhesion\/#primaryimage\",\"url\":\"https:\/\/www.tourisme-valdemarne.com\/espace-pro\/wp-content\/uploads\/sites\/3\/2023\/11\/ca-novembre-2023.jpg\",\"contentUrl\":\"https:\/\/www.tourisme-valdemarne.com\/espace-pro\/wp-content\/uploads\/sites\/3\/2023\/11\/ca-novembre-2023.jpg\",\"width\":1600,\"height\":900,\"caption\":\"Conseil d'administration du CDT94\"},{\"@type\":\"BreadcrumbList\",\"@id\":\"https:\/\/www.tourisme-valdemarne.com\/espace-pro\/qui-sommes-nous\/gouvernance-et-adhesion\/#breadcrumb\",\"itemListElement\":[{\"@type\":\"ListItem\",\"position\":1,\"name\":\"Accueil\",\"item\":\"https:\/\/www.tourisme-valdemarne.com\/espace-pro\/\"},{\"@type\":\"ListItem\",\"position\":2,\"name\":\"Qui sommes-nous ?\",\"item\":\"https:\/\/www.tourisme-valdemarne.com\/espace-pro\/qui-sommes-nous\/\"},{\"@type\":\"ListItem\",\"position\":3,\"name\":\"Gouvernance et adh\u00e9sion\"}]},{\"@type\":\"WebSite\",\"@id\":\"https:\/\/www.tourisme-valdemarne.com\/espace-pro\/#website\",\"url\":\"https:\/\/www.tourisme-valdemarne.com\/espace-pro\/\",\"name\":\"Espace Pro\",\"description\":\"Informations et outils pour les professionnels et la Presse\",\"potentialAction\":[{\"@type\":\"SearchAction\",\"target\":{\"@type\":\"EntryPoint\",\"urlTemplate\":\"https:\/\/www.tourisme-valdemarne.com\/espace-pro\/?s={search_term_string}\"},\"query-input\":{\"@type\":\"PropertyValueSpecification\",\"valueRequired\":true,\"valueName\":\"search_term_string\"}}],\"inLanguage\":\"fr-FR\"}]}<\/script>\n<!-- \/ Yoast SEO plugin. -->","yoast_head_json":{"title":"Gouvernance et adh\u00e9sion - Espace Pro","robots":{"index":"index","follow":"follow","max-snippet":"max-snippet:-1","max-image-preview":"max-image-preview:large","max-video-preview":"max-video-preview:-1"},"canonical":"https:\/\/www.tourisme-valdemarne.com\/espace-pro\/qui-sommes-nous\/gouvernance-et-adhesion\/","og_locale":"fr_FR","og_type":"article","og_title":"Gouvernance et adh\u00e9sion - Espace Pro","og_description":"Val-de-Marne Tourisme &amp; Loisirs est dot\u00e9 d&rsquo;une assembl\u00e9e g\u00e9n\u00e9rale constitu\u00e9e de collectivit\u00e9s locales, d&rsquo;\u00e9lus du Conseil d\u00e9partemental, des chambres consulaires et de partenaires priv\u00e9s. Le Bureau Pr\u00e9sidente : M\u00e9lanie Nowak, conseill\u00e8re d\u00e9partementale charg\u00e9e du d\u00e9veloppement du tourisme, de l\u2019enseignement sup\u00e9rieur et de la rechercheVice-Pr\u00e9sidente : Brigitte Tironneau, conseill\u00e8re municipale de FresnesVice-Pr\u00e9sident : Patrick Farcy, conseiller [&hellip;]","og_url":"https:\/\/www.tourisme-valdemarne.com\/espace-pro\/qui-sommes-nous\/gouvernance-et-adhesion\/","og_site_name":"Espace Pro","article_modified_time":"2025-02-05T09:33:10+00:00","og_image":[{"width":1600,"height":900,"url":"https:\/\/www.tourisme-valdemarne.com\/espace-pro\/wp-content\/uploads\/sites\/3\/2023\/11\/ca-novembre-2023.jpg","type":"image\/jpeg"}],"twitter_card":"summary_large_image","twitter_misc":{"Dur\u00e9e de lecture estim\u00e9e":"6 minutes"},"schema":{"@context":"https:\/\/schema.org","@graph":[{"@type":"WebPage","@id":"https:\/\/www.tourisme-valdemarne.com\/espace-pro\/qui-sommes-nous\/gouvernance-et-adhesion\/","url":"https:\/\/www.tourisme-valdemarne.com\/espace-pro\/qui-sommes-nous\/gouvernance-et-adhesion\/","name":"Gouvernance et adh\u00e9sion - Espace Pro","isPartOf":{"@id":"https:\/\/www.tourisme-valdemarne.com\/espace-pro\/#website"},"primaryImageOfPage":{"@id":"https:\/\/www.tourisme-valdemarne.com\/espace-pro\/qui-sommes-nous\/gouvernance-et-adhesion\/#primaryimage"},"image":{"@id":"https:\/\/www.tourisme-valdemarne.com\/espace-pro\/qui-sommes-nous\/gouvernance-et-adhesion\/#primaryimage"},"thumbnailUrl":"https:\/\/www.tourisme-valdemarne.com\/espace-pro\/wp-content\/uploads\/sites\/3\/2023\/11\/ca-novembre-2023.jpg","datePublished":"2019-04-16T14:01:35+00:00","dateModified":"2025-02-05T09:33:10+00:00","breadcrumb":{"@id":"https:\/\/www.tourisme-valdemarne.com\/espace-pro\/qui-sommes-nous\/gouvernance-et-adhesion\/#breadcrumb"},"inLanguage":"fr-FR","potentialAction":[{"@type":"ReadAction","target":["https:\/\/www.tourisme-valdemarne.com\/espace-pro\/qui-sommes-nous\/gouvernance-et-adhesion\/"]}]},{"@type":"ImageObject","inLanguage":"fr-FR","@id":"https:\/\/www.tourisme-valdemarne.com\/espace-pro\/qui-sommes-nous\/gouvernance-et-adhesion\/#primaryimage","url":"https:\/\/www.tourisme-valdemarne.com\/espace-pro\/wp-content\/uploads\/sites\/3\/2023\/11\/ca-novembre-2023.jpg","contentUrl":"https:\/\/www.tourisme-valdemarne.com\/espace-pro\/wp-content\/uploads\/sites\/3\/2023\/11\/ca-novembre-2023.jpg","width":1600,"height":900,"caption":"Conseil d'administration du CDT94"},{"@type":"BreadcrumbList","@id":"https:\/\/www.tourisme-valdemarne.com\/espace-pro\/qui-sommes-nous\/gouvernance-et-adhesion\/#breadcrumb","itemListElement":[{"@type":"ListItem","position":1,"name":"Accueil","item":"https:\/\/www.tourisme-valdemarne.com\/espace-pro\/"},{"@type":"ListItem","position":2,"name":"Qui sommes-nous ?","item":"https:\/\/www.tourisme-valdemarne.com\/espace-pro\/qui-sommes-nous\/"},{"@type":"ListItem","position":3,"name":"Gouvernance et adh\u00e9sion"}]},{"@type":"WebSite","@id":"https:\/\/www.tourisme-valdemarne.com\/espace-pro\/#website","url":"https:\/\/www.tourisme-valdemarne.com\/espace-pro\/","name":"Espace Pro","description":"Informations et outils pour les professionnels et la Presse","potentialAction":[{"@type":"SearchAction","target":{"@type":"EntryPoint","urlTemplate":"https:\/\/www.tourisme-valdemarne.com\/espace-pro\/?s={search_term_string}"},"query-input":{"@type":"PropertyValueSpecification","valueRequired":true,"valueName":"search_term_string"}}],"inLanguage":"fr-FR"}]}},"_links":{"self":[{"href":"https:\/\/www.tourisme-valdemarne.com\/espace-pro\/wp-json\/wp\/v2\/pages\/87","targetHints":{"allow":["GET"]}}],"collection":[{"href":"https:\/\/www.tourisme-valdemarne.com\/espace-pro\/wp-json\/wp\/v2\/pages"}],"about":[{"href":"https:\/\/www.tourisme-valdemarne.com\/espace-pro\/wp-json\/wp\/v2\/types\/page"}],"author":[{"embeddable":true,"href":"https:\/\/www.tourisme-valdemarne.com\/espace-pro\/wp-json\/wp\/v2\/users\/1"}],"replies":[{"embeddable":true,"href":"https:\/\/www.tourisme-valdemarne.com\/espace-pro\/wp-json\/wp\/v2\/comments?post=87"}],"version-history":[{"count":25,"href":"https:\/\/www.tourisme-valdemarne.com\/espace-pro\/wp-json\/wp\/v2\/pages\/87\/revisions"}],"predecessor-version":[{"id":28665,"href":"https:\/\/www.tourisme-valdemarne.com\/espace-pro\/wp-json\/wp\/v2\/pages\/87\/revisions\/28665"}],"up":[{"embeddable":true,"href":"https:\/\/www.tourisme-valdemarne.com\/espace-pro\/wp-json\/wp\/v2\/pages\/9"}],"wp:featuredmedia":[{"embeddable":true,"href":"https:\/\/www.tourisme-valdemarne.com\/espace-pro\/wp-json\/wp\/v2\/media\/16414"}],"wp:attachment":[{"href":"https:\/\/www.tourisme-valdemarne.com\/espace-pro\/wp-json\/wp\/v2\/media?parent=87"}],"wp:term":[{"taxonomy":"vdmTagMarketing","embeddable":true,"href":"https:\/\/www.tourisme-valdemarne.com\/espace-pro\/wp-json\/wp\/v2\/vdmTagMarketing?post=87"}],"curies":[{"name":"wp","href":"https:\/\/api.w.org\/{rel}","templated":true}]}}