{"id":8397,"date":"2020-12-15T16:09:34","date_gmt":"2020-12-15T15:09:34","guid":{"rendered":"https:\/\/www.tourisme-valdemarne.com\/espace-pro\/?page_id=8397"},"modified":"2024-06-10T12:21:44","modified_gmt":"2024-06-10T10:21:44","slug":"phenomenart-revient-pour-sa-seconde-edition","status":"publish","type":"page","link":"https:\/\/www.tourisme-valdemarne.com\/espace-pro\/presse\/actualites-et-communiques-de-presse\/communiques-de-presse-precedents\/phenomenart-revient-pour-sa-seconde-edition\/","title":{"rendered":"Ph\u00e9nom\u00e8n&rsquo;Art revient pour sa seconde \u00e9dition"},"content":{"rendered":"\n<p class=\"is-style-excerpt\"><strong>COMMUNIQU\u00c9 DE PRESSE<\/strong><\/p>\n\n\n\n<p><strong>Fort de son succ\u00e8s en 2019, Val-de-Marne Tourisme &amp; Loisirs organise de nouveau un <a href=\"https:\/\/www.tourisme-valdemarne.com\/street-art\/phenomen-art-festival-street-art\/\">grand \u00e9v\u00e9nement street-art<\/a> aux quatre coins du Val-de-Marne, les 3, 4 et 5 d\u00e9cembre 2021.<br>Au programme : des balades urbaines, des initiations artistiques, des performances, des expositions et des rencontres d\u2019artistes\u2026 \u00e0 des prix tr\u00e8s attractifs !<\/strong><\/p>\n\n\n\n<figure class=\"wp-block-image size-medium\"><a href=\"https:\/\/www.tourisme-valdemarne.com\/espace-pro\/wp-content\/uploads\/sites\/3\/2021\/01\/affiche-festival-phenomenart-decembre-2021.png\"><img width=\"424\" height=\"600\" data-src=\"https:\/\/www.tourisme-valdemarne.com\/espace-pro\/wp-content\/uploads\/sites\/3\/2021\/01\/affiche-festival-phenomenart-decembre-2021-424x600.png\" alt=\"affiche festival phenomenart decembre 2021\" class=\"wp-image-8580\" srcset=\"https:\/\/www.tourisme-valdemarne.com\/espace-pro\/wp-content\/uploads\/sites\/3\/2021\/01\/affiche-festival-phenomenart-decembre-2021-424x600.png 424w, https:\/\/www.tourisme-valdemarne.com\/espace-pro\/wp-content\/uploads\/sites\/3\/2021\/01\/affiche-festival-phenomenart-decembre-2021-848x1200.png 848w, https:\/\/www.tourisme-valdemarne.com\/espace-pro\/wp-content\/uploads\/sites\/3\/2021\/01\/affiche-festival-phenomenart-decembre-2021-636x900.png 636w, https:\/\/www.tourisme-valdemarne.com\/espace-pro\/wp-content\/uploads\/sites\/3\/2021\/01\/affiche-festival-phenomenart-decembre-2021-380x537.png 380w, https:\/\/www.tourisme-valdemarne.com\/espace-pro\/wp-content\/uploads\/sites\/3\/2021\/01\/affiche-festival-phenomenart-decembre-2021-200x283.png 200w, https:\/\/www.tourisme-valdemarne.com\/espace-pro\/wp-content\/uploads\/sites\/3\/2021\/01\/affiche-festival-phenomenart-decembre-2021.png 900w\" sizes=\"(max-width: 424px) 100vw, 424px\" \/><\/a><figcaption>Affiche du festival Ph\u00e9nom\u00e8n&rsquo;Art 2021<\/figcaption><\/figure>\n\n\n\n<h3 class=\"wp-block-heading\">Des balades comment\u00e9es \u00e0 la d\u00e9couverte du street art \u00e0 5 \u20ac<\/h3>\n\n\n\n<ul class=\"wp-block-list\"><li>\u00c0 Arcueil : promenade street art ponctu\u00e9e d\u2019une performance artistique avec Quentin et Alice Chaudat &#8211; <em>in\u00e9dit<\/em><\/li><li>\u00c0 Champigny-sur-Marne : balades autour des \u0153uvres street art avec Asso Art\u2019Murs<\/li><li>\u00c0 Fontenay-sous-Bois : balade comment\u00e9e 30 ans des street art avec Asso Art\u2019Murs<\/li><li>\u00c0 Gentilly : balade street art avec l\u2019artiste Morne DMJC &#8211;<em> in\u00e9dit<\/em><\/li><li>\u00c0 Ivry-sur-Seine : balades street art avec Vitry\u2019n Urbaine &#8211; <em>in\u00e9dit<\/em><\/li><li>\u00c0 Vincennes : balade street art avec l&rsquo;OT de Vincennes<\/li><li>\u00c0 Vitry-sur-Seine : balade dans la capitale fran\u00e7aise du street art avec Vitry\u2019n Urbaine<\/li><li>\u00c0 Vitry-sur-Seine : balade street art avec Street Art Tour Paris<\/li><li>\u00c0 Paris : balades street art dans les 12e et 13e arrondissements avec Fresh Street Art Tour<\/li><li>\u00c0 Paris : parcours street art dans le sud parisien (14e arr., Gentilly, Arcueil) avec Street Art Tour &#8211;<em> in\u00e9dit<\/em><\/li><li>\u00c0 Paris : balade dans le quartier de la BnF avec Fresh Street Art Tour et visite de l\u2019exposition <em>Graffiti<\/em> \u00e0 la Fab. &#8211; tarif exceptionnel \u00e0 8 \u20ac <\/li><\/ul>\n\n\n\n<h3 class=\"wp-block-heading\">Des initiations au street art lors d\u2019ateliers pratiques \u00e0 15 \u20ac<\/h3>\n\n\n\n<ul class=\"wp-block-list\"><li>\u00c0 Champigny-sur-Marne : atelier customisation d&rsquo;objets avec Yoldie &#8211; <em>in\u00e9dit<\/em><\/li><li>\u00c1 Gentilly : atelier peinture murale avec l\u2019artiste Morne DMJC &#8211; <em>in\u00e9dit<\/em><\/li><li>\u00c0 Maisons-Alfort : atelier customisation d&rsquo;objets avec l&rsquo;artiste Tarek \u00e0 Kykart &#8211; <em>in\u00e9dit<\/em><\/li><li>\u00c0 Maisons-Alfort : atelier conception d&rsquo;affiches urbaines avec l&rsquo;artiste Paella \u00e0 Kykart &#8211; tarif sp\u00e9cial \u00e0 10 \u20ac &#8211; <em>in\u00e9dit<\/em><\/li><li>\u00c0 Vitry-sur-Seine : ateliers light painting pour enfants \u00e0 l\u2019Explorad\u00f4me &#8211; tarif sp\u00e9cial \u00e0 5 \u20ac &#8211; <em>in\u00e9dit<\/em><\/li><li>\u00c0 Paris : atelier graffiti \u00e0 Bercy avec Fresh Street Art Tour<\/li><\/ul>\n\n\n\n<h3 class=\"wp-block-heading\">Et aussi des expositions, rencontres avec les artistes, performances&#8230;<\/h3>\n\n\n\n<p>\u00c0 Bonneuil-sur-Marne : <\/p>\n\n\n\n<ul class=\"wp-block-list\"><li>performances street art muralisme au Port de Bonneuil : cr\u00e9ation d&rsquo;une fresque g\u00e9ante et temps de rencontre avec les artistes Quentin Chaudat et TITO &amp; MULK &#8211;<em> in\u00e9dit<\/em><\/li><li>table-ronde \u00ab\u00a0le street art : de l&rsquo;art dans les mus\u00e9es aux mus\u00e9es \u00e0 ciel ouvert\u00a0\u00bb<\/li><li>rencontre avec des artistes lors d\u2019une s\u00e9ance de d\u00e9dicaces<\/li><li>exposition <em>Art urbain au f\u00e9minin<\/em> &#8211; visite comment\u00e9e gratuite<\/li><li>projections <em>Sky&rsquo;s the limit<\/em><\/li><\/ul>\n\n\n\n<p>\u00c0 Paris : <\/p>\n\n\n\n<ul class=\"wp-block-list\"><li>visite VIP de l&rsquo;exposition<em> Graffiti<\/em> \u00e0 la Fab. &#8211; 5 \u20ac<\/li><\/ul>\n\n\n\n<p class=\"is-style-highlight\">Lisez l&rsquo;int\u00e9gralit\u00e9 du <strong><a href=\"https:\/\/www.tourisme-valdemarne.com\/espace-pro\/wp-content\/uploads\/sites\/3\/2021\/11\/dp_phenomenart_2021_web.pdf\" target=\"_blank\" rel=\"noreferrer noopener\">dossier de presse sur la nouvelle \u00e9dition du festival Ph\u00e9nom\u00e8n&rsquo;Art<\/a><\/strong>.<\/p>\n","protected":false},"excerpt":{"rendered":"<p>COMMUNIQU\u00c9 DE PRESSE Fort de son succ\u00e8s en 2019, Val-de-Marne Tourisme &amp; Loisirs organise de nouveau un grand \u00e9v\u00e9nement street-art aux quatre coins du Val-de-Marne, les 3, 4 et 5 d\u00e9cembre 2021.Au programme : des balades urbaines, des initiations artistiques, des performances, des expositions et des rencontres d\u2019artistes\u2026 \u00e0 des prix tr\u00e8s attractifs ! Des [&hellip;]<\/p>\n","protected":false},"author":8,"featured_media":8580,"parent":2883,"menu_order":175,"comment_status":"closed","ping_status":"closed","template":"","meta":{"_relevanssi_hide_post":"","_relevanssi_hide_content":"","_relevanssi_pin_for_all":"","_relevanssi_pin_keywords":"","_relevanssi_unpin_keywords":"","_relevanssi_related_keywords":"","_relevanssi_related_include_ids":"","_relevanssi_related_exclude_ids":"","_relevanssi_related_no_append":"","_relevanssi_related_not_related":"","_relevanssi_related_posts":"2749,8090,8104,8105,2747,8108","_relevanssi_noindex_reason":"","footnotes":""},"vdmTagMarketing":[],"class_list":["post-8397","page","type-page","status-publish","has-post-thumbnail","hentry"],"acf":[],"yoast_head":"<!-- This site is optimized with the Yoast SEO plugin v23.9 - https:\/\/yoast.com\/wordpress\/plugins\/seo\/ -->\n<title>Ph\u00e9nom\u00e8n&#039;Art revient pour sa seconde \u00e9dition - Espace Pro<\/title>\n<meta name=\"robots\" content=\"index, follow, max-snippet:-1, max-image-preview:large, max-video-preview:-1\" \/>\n<link rel=\"canonical\" href=\"https:\/\/www.tourisme-valdemarne.com\/espace-pro\/presse\/actualites-et-communiques-de-presse\/communiques-de-presse-precedents\/phenomenart-revient-pour-sa-seconde-edition\/\" \/>\n<meta property=\"og:locale\" content=\"fr_FR\" \/>\n<meta property=\"og:type\" content=\"article\" \/>\n<meta property=\"og:title\" content=\"Ph\u00e9nom\u00e8n&#039;Art revient pour sa seconde \u00e9dition - Espace Pro\" \/>\n<meta property=\"og:description\" content=\"COMMUNIQU\u00c9 DE PRESSE Fort de son succ\u00e8s en 2019, Val-de-Marne Tourisme &amp; Loisirs organise de nouveau un grand \u00e9v\u00e9nement street-art aux quatre coins du Val-de-Marne, les 3, 4 et 5 d\u00e9cembre 2021.Au programme : des balades urbaines, des initiations artistiques, des performances, des expositions et des rencontres d\u2019artistes\u2026 \u00e0 des prix tr\u00e8s attractifs ! Des [&hellip;]\" \/>\n<meta property=\"og:url\" content=\"https:\/\/www.tourisme-valdemarne.com\/espace-pro\/presse\/actualites-et-communiques-de-presse\/communiques-de-presse-precedents\/phenomenart-revient-pour-sa-seconde-edition\/\" \/>\n<meta property=\"og:site_name\" content=\"Espace Pro\" \/>\n<meta property=\"article:modified_time\" content=\"2024-06-10T10:21:44+00:00\" \/>\n<meta property=\"og:image\" content=\"https:\/\/www.tourisme-valdemarne.com\/espace-pro\/wp-content\/uploads\/sites\/3\/2021\/01\/affiche-festival-phenomenart-decembre-2021.png\" \/>\n\t<meta property=\"og:image:width\" content=\"900\" \/>\n\t<meta property=\"og:image:height\" content=\"1273\" \/>\n\t<meta property=\"og:image:type\" content=\"image\/png\" \/>\n<meta name=\"twitter:card\" content=\"summary_large_image\" \/>\n<meta name=\"twitter:label1\" content=\"Dur\u00e9e de lecture estim\u00e9e\" \/>\n\t<meta name=\"twitter:data1\" content=\"3 minutes\" \/>\n<script type=\"application\/ld+json\" class=\"yoast-schema-graph\">{\"@context\":\"https:\/\/schema.org\",\"@graph\":[{\"@type\":\"WebPage\",\"@id\":\"https:\/\/www.tourisme-valdemarne.com\/espace-pro\/presse\/actualites-et-communiques-de-presse\/communiques-de-presse-precedents\/phenomenart-revient-pour-sa-seconde-edition\/\",\"url\":\"https:\/\/www.tourisme-valdemarne.com\/espace-pro\/presse\/actualites-et-communiques-de-presse\/communiques-de-presse-precedents\/phenomenart-revient-pour-sa-seconde-edition\/\",\"name\":\"Ph\u00e9nom\u00e8n'Art revient pour sa seconde \u00e9dition - Espace Pro\",\"isPartOf\":{\"@id\":\"https:\/\/www.tourisme-valdemarne.com\/espace-pro\/#website\"},\"primaryImageOfPage\":{\"@id\":\"https:\/\/www.tourisme-valdemarne.com\/espace-pro\/presse\/actualites-et-communiques-de-presse\/communiques-de-presse-precedents\/phenomenart-revient-pour-sa-seconde-edition\/#primaryimage\"},\"image\":{\"@id\":\"https:\/\/www.tourisme-valdemarne.com\/espace-pro\/presse\/actualites-et-communiques-de-presse\/communiques-de-presse-precedents\/phenomenart-revient-pour-sa-seconde-edition\/#primaryimage\"},\"thumbnailUrl\":\"https:\/\/www.tourisme-valdemarne.com\/espace-pro\/wp-content\/uploads\/sites\/3\/2021\/01\/affiche-festival-phenomenart-decembre-2021.png\",\"datePublished\":\"2020-12-15T15:09:34+00:00\",\"dateModified\":\"2024-06-10T10:21:44+00:00\",\"breadcrumb\":{\"@id\":\"https:\/\/www.tourisme-valdemarne.com\/espace-pro\/presse\/actualites-et-communiques-de-presse\/communiques-de-presse-precedents\/phenomenart-revient-pour-sa-seconde-edition\/#breadcrumb\"},\"inLanguage\":\"fr-FR\",\"potentialAction\":[{\"@type\":\"ReadAction\",\"target\":[\"https:\/\/www.tourisme-valdemarne.com\/espace-pro\/presse\/actualites-et-communiques-de-presse\/communiques-de-presse-precedents\/phenomenart-revient-pour-sa-seconde-edition\/\"]}]},{\"@type\":\"ImageObject\",\"inLanguage\":\"fr-FR\",\"@id\":\"https:\/\/www.tourisme-valdemarne.com\/espace-pro\/presse\/actualites-et-communiques-de-presse\/communiques-de-presse-precedents\/phenomenart-revient-pour-sa-seconde-edition\/#primaryimage\",\"url\":\"https:\/\/www.tourisme-valdemarne.com\/espace-pro\/wp-content\/uploads\/sites\/3\/2021\/01\/affiche-festival-phenomenart-decembre-2021.png\",\"contentUrl\":\"https:\/\/www.tourisme-valdemarne.com\/espace-pro\/wp-content\/uploads\/sites\/3\/2021\/01\/affiche-festival-phenomenart-decembre-2021.png\",\"width\":900,\"height\":1273,\"caption\":\"Affiche du festival Ph\u00e9nom\u00e8n'Art 2021\"},{\"@type\":\"BreadcrumbList\",\"@id\":\"https:\/\/www.tourisme-valdemarne.com\/espace-pro\/presse\/actualites-et-communiques-de-presse\/communiques-de-presse-precedents\/phenomenart-revient-pour-sa-seconde-edition\/#breadcrumb\",\"itemListElement\":[{\"@type\":\"ListItem\",\"position\":1,\"name\":\"Accueil\",\"item\":\"https:\/\/www.tourisme-valdemarne.com\/espace-pro\/\"},{\"@type\":\"ListItem\",\"position\":2,\"name\":\"Presse\",\"item\":\"https:\/\/www.tourisme-valdemarne.com\/espace-pro\/presse\/\"},{\"@type\":\"ListItem\",\"position\":3,\"name\":\"Actualit\u00e9s et communiqu\u00e9s de presse\",\"item\":\"https:\/\/www.tourisme-valdemarne.com\/espace-pro\/presse\/actualites-et-communiques-de-presse\/\"},{\"@type\":\"ListItem\",\"position\":4,\"name\":\"Communiqu\u00e9s de presse pr\u00e9c\u00e9dents\",\"item\":\"https:\/\/www.tourisme-valdemarne.com\/espace-pro\/presse\/actualites-et-communiques-de-presse\/communiques-de-presse-precedents\/\"},{\"@type\":\"ListItem\",\"position\":5,\"name\":\"Ph\u00e9nom\u00e8n&rsquo;Art revient pour sa seconde \u00e9dition\"}]},{\"@type\":\"WebSite\",\"@id\":\"https:\/\/www.tourisme-valdemarne.com\/espace-pro\/#website\",\"url\":\"https:\/\/www.tourisme-valdemarne.com\/espace-pro\/\",\"name\":\"Espace Pro\",\"description\":\"Informations et outils pour les professionnels et la Presse\",\"potentialAction\":[{\"@type\":\"SearchAction\",\"target\":{\"@type\":\"EntryPoint\",\"urlTemplate\":\"https:\/\/www.tourisme-valdemarne.com\/espace-pro\/?s={search_term_string}\"},\"query-input\":{\"@type\":\"PropertyValueSpecification\",\"valueRequired\":true,\"valueName\":\"search_term_string\"}}],\"inLanguage\":\"fr-FR\"}]}<\/script>\n<!-- \/ Yoast SEO plugin. -->","yoast_head_json":{"title":"Ph\u00e9nom\u00e8n'Art revient pour sa seconde \u00e9dition - Espace Pro","robots":{"index":"index","follow":"follow","max-snippet":"max-snippet:-1","max-image-preview":"max-image-preview:large","max-video-preview":"max-video-preview:-1"},"canonical":"https:\/\/www.tourisme-valdemarne.com\/espace-pro\/presse\/actualites-et-communiques-de-presse\/communiques-de-presse-precedents\/phenomenart-revient-pour-sa-seconde-edition\/","og_locale":"fr_FR","og_type":"article","og_title":"Ph\u00e9nom\u00e8n'Art revient pour sa seconde \u00e9dition - Espace Pro","og_description":"COMMUNIQU\u00c9 DE PRESSE Fort de son succ\u00e8s en 2019, Val-de-Marne Tourisme &amp; Loisirs organise de nouveau un grand \u00e9v\u00e9nement street-art aux quatre coins du Val-de-Marne, les 3, 4 et 5 d\u00e9cembre 2021.Au programme : des balades urbaines, des initiations artistiques, des performances, des expositions et des rencontres d\u2019artistes\u2026 \u00e0 des prix tr\u00e8s attractifs ! Des [&hellip;]","og_url":"https:\/\/www.tourisme-valdemarne.com\/espace-pro\/presse\/actualites-et-communiques-de-presse\/communiques-de-presse-precedents\/phenomenart-revient-pour-sa-seconde-edition\/","og_site_name":"Espace Pro","article_modified_time":"2024-06-10T10:21:44+00:00","og_image":[{"width":900,"height":1273,"url":"https:\/\/www.tourisme-valdemarne.com\/espace-pro\/wp-content\/uploads\/sites\/3\/2021\/01\/affiche-festival-phenomenart-decembre-2021.png","type":"image\/png"}],"twitter_card":"summary_large_image","twitter_misc":{"Dur\u00e9e de lecture estim\u00e9e":"3 minutes"},"schema":{"@context":"https:\/\/schema.org","@graph":[{"@type":"WebPage","@id":"https:\/\/www.tourisme-valdemarne.com\/espace-pro\/presse\/actualites-et-communiques-de-presse\/communiques-de-presse-precedents\/phenomenart-revient-pour-sa-seconde-edition\/","url":"https:\/\/www.tourisme-valdemarne.com\/espace-pro\/presse\/actualites-et-communiques-de-presse\/communiques-de-presse-precedents\/phenomenart-revient-pour-sa-seconde-edition\/","name":"Ph\u00e9nom\u00e8n'Art revient pour sa seconde \u00e9dition - Espace Pro","isPartOf":{"@id":"https:\/\/www.tourisme-valdemarne.com\/espace-pro\/#website"},"primaryImageOfPage":{"@id":"https:\/\/www.tourisme-valdemarne.com\/espace-pro\/presse\/actualites-et-communiques-de-presse\/communiques-de-presse-precedents\/phenomenart-revient-pour-sa-seconde-edition\/#primaryimage"},"image":{"@id":"https:\/\/www.tourisme-valdemarne.com\/espace-pro\/presse\/actualites-et-communiques-de-presse\/communiques-de-presse-precedents\/phenomenart-revient-pour-sa-seconde-edition\/#primaryimage"},"thumbnailUrl":"https:\/\/www.tourisme-valdemarne.com\/espace-pro\/wp-content\/uploads\/sites\/3\/2021\/01\/affiche-festival-phenomenart-decembre-2021.png","datePublished":"2020-12-15T15:09:34+00:00","dateModified":"2024-06-10T10:21:44+00:00","breadcrumb":{"@id":"https:\/\/www.tourisme-valdemarne.com\/espace-pro\/presse\/actualites-et-communiques-de-presse\/communiques-de-presse-precedents\/phenomenart-revient-pour-sa-seconde-edition\/#breadcrumb"},"inLanguage":"fr-FR","potentialAction":[{"@type":"ReadAction","target":["https:\/\/www.tourisme-valdemarne.com\/espace-pro\/presse\/actualites-et-communiques-de-presse\/communiques-de-presse-precedents\/phenomenart-revient-pour-sa-seconde-edition\/"]}]},{"@type":"ImageObject","inLanguage":"fr-FR","@id":"https:\/\/www.tourisme-valdemarne.com\/espace-pro\/presse\/actualites-et-communiques-de-presse\/communiques-de-presse-precedents\/phenomenart-revient-pour-sa-seconde-edition\/#primaryimage","url":"https:\/\/www.tourisme-valdemarne.com\/espace-pro\/wp-content\/uploads\/sites\/3\/2021\/01\/affiche-festival-phenomenart-decembre-2021.png","contentUrl":"https:\/\/www.tourisme-valdemarne.com\/espace-pro\/wp-content\/uploads\/sites\/3\/2021\/01\/affiche-festival-phenomenart-decembre-2021.png","width":900,"height":1273,"caption":"Affiche du festival Ph\u00e9nom\u00e8n'Art 2021"},{"@type":"BreadcrumbList","@id":"https:\/\/www.tourisme-valdemarne.com\/espace-pro\/presse\/actualites-et-communiques-de-presse\/communiques-de-presse-precedents\/phenomenart-revient-pour-sa-seconde-edition\/#breadcrumb","itemListElement":[{"@type":"ListItem","position":1,"name":"Accueil","item":"https:\/\/www.tourisme-valdemarne.com\/espace-pro\/"},{"@type":"ListItem","position":2,"name":"Presse","item":"https:\/\/www.tourisme-valdemarne.com\/espace-pro\/presse\/"},{"@type":"ListItem","position":3,"name":"Actualit\u00e9s et communiqu\u00e9s de presse","item":"https:\/\/www.tourisme-valdemarne.com\/espace-pro\/presse\/actualites-et-communiques-de-presse\/"},{"@type":"ListItem","position":4,"name":"Communiqu\u00e9s de presse pr\u00e9c\u00e9dents","item":"https:\/\/www.tourisme-valdemarne.com\/espace-pro\/presse\/actualites-et-communiques-de-presse\/communiques-de-presse-precedents\/"},{"@type":"ListItem","position":5,"name":"Ph\u00e9nom\u00e8n&rsquo;Art revient pour sa seconde \u00e9dition"}]},{"@type":"WebSite","@id":"https:\/\/www.tourisme-valdemarne.com\/espace-pro\/#website","url":"https:\/\/www.tourisme-valdemarne.com\/espace-pro\/","name":"Espace Pro","description":"Informations et outils pour les professionnels et la Presse","potentialAction":[{"@type":"SearchAction","target":{"@type":"EntryPoint","urlTemplate":"https:\/\/www.tourisme-valdemarne.com\/espace-pro\/?s={search_term_string}"},"query-input":{"@type":"PropertyValueSpecification","valueRequired":true,"valueName":"search_term_string"}}],"inLanguage":"fr-FR"}]}},"_links":{"self":[{"href":"https:\/\/www.tourisme-valdemarne.com\/espace-pro\/wp-json\/wp\/v2\/pages\/8397","targetHints":{"allow":["GET"]}}],"collection":[{"href":"https:\/\/www.tourisme-valdemarne.com\/espace-pro\/wp-json\/wp\/v2\/pages"}],"about":[{"href":"https:\/\/www.tourisme-valdemarne.com\/espace-pro\/wp-json\/wp\/v2\/types\/page"}],"author":[{"embeddable":true,"href":"https:\/\/www.tourisme-valdemarne.com\/espace-pro\/wp-json\/wp\/v2\/users\/8"}],"replies":[{"embeddable":true,"href":"https:\/\/www.tourisme-valdemarne.com\/espace-pro\/wp-json\/wp\/v2\/comments?post=8397"}],"version-history":[{"count":13,"href":"https:\/\/www.tourisme-valdemarne.com\/espace-pro\/wp-json\/wp\/v2\/pages\/8397\/revisions"}],"predecessor-version":[{"id":27238,"href":"https:\/\/www.tourisme-valdemarne.com\/espace-pro\/wp-json\/wp\/v2\/pages\/8397\/revisions\/27238"}],"up":[{"embeddable":true,"href":"https:\/\/www.tourisme-valdemarne.com\/espace-pro\/wp-json\/wp\/v2\/pages\/2883"}],"wp:featuredmedia":[{"embeddable":true,"href":"https:\/\/www.tourisme-valdemarne.com\/espace-pro\/wp-json\/wp\/v2\/media\/8580"}],"wp:attachment":[{"href":"https:\/\/www.tourisme-valdemarne.com\/espace-pro\/wp-json\/wp\/v2\/media?parent=8397"}],"wp:term":[{"taxonomy":"vdmTagMarketing","embeddable":true,"href":"https:\/\/www.tourisme-valdemarne.com\/espace-pro\/wp-json\/wp\/v2\/vdmTagMarketing?post=8397"}],"curies":[{"name":"wp","href":"https:\/\/api.w.org\/{rel}","templated":true}]}}