{"id":8307,"date":"2020-12-10T22:51:52","date_gmt":"2020-12-10T21:51:52","guid":{"rendered":"https:\/\/www.tourisme-valdemarne.com\/espace-pro\/?page_id=8307"},"modified":"2023-06-05T12:48:02","modified_gmt":"2023-06-05T10:48:02","slug":"inscription-eductour-2019-autour-du-bois-de-vincennes","status":"publish","type":"page","link":"https:\/\/www.tourisme-valdemarne.com\/espace-pro\/seminaires-et-receptions-pro\/eductours-salons\/eductours\/eductour-2019-autour-du-bois-de-vincennes\/inscription-eductour-2019-autour-du-bois-de-vincennes\/","title":{"rendered":"Inscription Eductour 2019 autour du bois de Vincennes"},"content":{"rendered":"<p class=\"is-style-excerpt\">Val-de-Marne Tourisme &amp; Loisirs vous propose un \u00e9ductour autour du bois de Vincennes afin de d\u00e9couvrir des sites d\u00e9di\u00e9s \u00e0 l\u2019organisation d\u2019\u00e9v\u00e9nements professionnels : s\u00e9minaires, lancements de produits, assembl\u00e9es g\u00e9n\u00e9rales, congr\u00e8s etc mais \u00e9galement vous pr\u00e9senter de nouvelles activit\u00e9s de Team-Building.<\/p>\n<p style=\"text-align:center\" class=\"is-style-highlight\"> <strong>Mardi 3 d\u00e9cembre 2019  \u00e0 partir de 9h<\/strong><\/p>\n<div role=\"form\" class=\"wpcf7\" id=\"wpcf7-f7012-p7013-o1\" lang=\"fr-FR\" dir=\"ltr\">\n<div class=\"screen-reader-response\"><\/div>\n<form action=\"\/espace-pro\/seminaires-et-receptions-pro\/eductours-salons\/eductours\/eductour-2019-autour-du-bois-de-vincennes\/inscription-eductour\/#wpcf7-f7012-p7013-o1\" method=\"post\" class=\"wpcf7-form\" novalidate=\"novalidate\">\n<div style=\"display: none;\">\n<input type=\"hidden\" name=\"_wpcf7\" value=\"7012\"><br \/>\n<input type=\"hidden\" name=\"_wpcf7_version\" value=\"5.1.3\"><br \/>\n<input type=\"hidden\" name=\"_wpcf7_locale\" value=\"fr_FR\"><br \/>\n<input type=\"hidden\" name=\"_wpcf7_unit_tag\" value=\"wpcf7-f7012-p7013-o1\"><br \/>\n<input type=\"hidden\" name=\"_wpcf7_container_post\" value=\"7013\"><br \/>\n<input type=\"hidden\" name=\"g-recaptcha-response\" value=\"\"><\/div>\n<div class=\"form\">\n<div class=\"formGroupContainer clear\">\n<p> Type de structure :<\/p>\n<p><span class=\"wpcf7-form-control-wrap struct\"><select name=\"struct\" class=\"wpcf7-form-control wpcf7-select wpcf7-validates-as-required\" aria-required=\"true\" aria-invalid=\"false\"><option value=\"Agence\">Agence<\/option><option value=\"Entreprise\">Entreprise<\/option><option value=\"Freelance\">Freelance<\/option><option value=\"Association\/F\u00e9d\u00e9ration\">Association\/F\u00e9d\u00e9ration<\/option><\/select><\/span><\/p>\n<\/div>\n<div class=\"formGroupContainer clear\">\n<p> Nom de la structure :<\/p>\n<p><span class=\"wpcf7-form-control-wrap nomstruc\"><input type=\"text\" name=\"nomstruc\" value=\"\" size=\"40\" class=\"wpcf7-form-control wpcf7-text wpcf7-validates-as-required\" aria-required=\"true\" aria-invalid=\"false\"><\/span><\/p>\n<\/div>\n<div class=\"formGroup\">\n<p><span class=\"wpcf7-form-control-wrap Ville\"><input type=\"text\" name=\"Ville\" value=\"\" size=\"40\" class=\"wpcf7-form-control wpcf7-text wpcf7-validates-as-required\" aria-required=\"true\" aria-invalid=\"false\" placeholder=\"Ville\"><\/span><\/p>\n<\/div>\n<div class=\"formGroupContainer clear\">\n<p> Site web :<\/p>\n<p><span class=\"wpcf7-form-control-wrap siteweb\"><input type=\"url\" name=\"siteweb\" value=\"\" size=\"40\" class=\"wpcf7-form-control wpcf7-text wpcf7-url wpcf7-validates-as-required wpcf7-validates-as-url\" aria-required=\"true\" aria-invalid=\"false\"><\/span><\/p>\n<\/div>\n<div class=\"formGroupContainer clear\">\n<p> Effectif de l&rsquo;entreprise :<\/p>\n<p><span class=\"wpcf7-form-control-wrap effectif\"><input type=\"number\" name=\"effectif\" value=\"\" class=\"wpcf7-form-control wpcf7-number wpcf7-validates-as-required wpcf7-validates-as-number\" aria-required=\"true\" aria-invalid=\"false\"><\/span><\/p>\n<\/div>\n<div class=\"formGroupContainer clear\">\n<p> Nombre d\u2019\u00e9v\u00e9nements organis\u00e9s en Ile-de-France par an :<\/p>\n<p><span class=\"wpcf7-form-control-wrap nbeveIDF\"><input type=\"number\" name=\"nbeveIDF\" value=\"\" class=\"wpcf7-form-control wpcf7-number wpcf7-validates-as-required wpcf7-validates-as-number\" aria-required=\"true\" aria-invalid=\"false\"><\/span><\/p>\n<\/div>\n<div class=\"formGroupContainer clear\">\n<p> Nombre d\u2019\u00e9v\u00e9nements organis\u00e9s en Val-de-Marne par an :<\/p>\n<p><span class=\"wpcf7-form-control-wrap nbeveVDM\"><input type=\"number\" name=\"nbeveVDM\" value=\"\" class=\"wpcf7-form-control wpcf7-number wpcf7-validates-as-required wpcf7-validates-as-number\" aria-required=\"true\" aria-invalid=\"false\"><\/span><\/p>\n<\/div>\n<h2>Coordonn\u00e9es<\/h2>\n<div class=\"formGroupContainer clear\">\n<p><span class=\"wpcf7-form-control-wrap civilite\"><select name=\"civilite\" class=\"wpcf7-form-control wpcf7-select wpcf7-validates-as-required\" aria-required=\"true\" aria-invalid=\"false\"><option value=\"Civilit\u00e9\">Civilit\u00e9<\/option><option value=\"Madame\">Madame<\/option><option value=\"Monsieur\">Monsieur<\/option><\/select><\/span><\/p>\n<\/div>\n<div class=\"formGroup\">\n<p><span class=\"wpcf7-form-control-wrap lastname\"><input type=\"text\" name=\"lastname\" value=\"\" size=\"40\" class=\"wpcf7-form-control wpcf7-text wpcf7-validates-as-required\" aria-required=\"true\" aria-invalid=\"false\" placeholder=\"Nom\"><\/span><\/p>\n<\/div>\n<div class=\"formGroup\">\n<p><span class=\"wpcf7-form-control-wrap firstname\"><input type=\"text\" name=\"firstname\" value=\"\" size=\"40\" class=\"wpcf7-form-control wpcf7-text wpcf7-validates-as-required\" aria-required=\"true\" aria-invalid=\"false\" placeholder=\"Pr\u00e9nom\"><\/span><\/p>\n<\/div>\n<div class=\"formGroup\">\n<p><span class=\"wpcf7-form-control-wrap fonction\"><input type=\"text\" name=\"fonction\" value=\"\" size=\"40\" class=\"wpcf7-form-control wpcf7-text\" aria-invalid=\"false\" placeholder=\"Fonction\"><\/span><\/p>\n<\/div>\n<div class=\"formGroup\">\n<p><span class=\"wpcf7-form-control-wrap email\"><input type=\"email\" name=\"email\" value=\"\" size=\"40\" class=\"wpcf7-form-control wpcf7-text wpcf7-email wpcf7-validates-as-required wpcf7-validates-as-email\" aria-required=\"true\" aria-invalid=\"false\" placeholder=\"Email\"><\/span><\/p>\n<\/div>\n<div class=\"formGroup\">\n<p><span class=\"wpcf7-form-control-wrap tel\"><input type=\"tel\" name=\"tel\" value=\"T\u00e9l\u00e9phone (portable de pr\u00e9f\u00e9rence)\" size=\"40\" class=\"wpcf7-form-control wpcf7-text wpcf7-tel wpcf7-validates-as-required wpcf7-validates-as-tel\" aria-required=\"true\" aria-invalid=\"false\"><\/span><\/p>\n<\/div>\n<div class=\"formGroup\">\n<div class=\"wpcf7-response-output wpcf7-display-none\"><\/div>\n<\/div>\n<div class=\"formGroup\"><input type=\"submit\" value=\"Envoyer\" class=\"wpcf7-form-control wpcf7-submit button\"><\/div>\n<div class=\"formGroup\">\n<p>Les informations recueillies sur ce formulaire sont enregistr\u00e9es dans un fichier informatis\u00e9 par le Comit\u00e9 D\u00e9partemental du Val de Marne pour la gestion des demandes de contact. Elles sont conserv\u00e9es pendant trois ans maximum et sont destin\u00e9es au service commercial ou technique uniquement pour r\u00e9pondre \u00e0 vos demandes.<br \/>\nPour plus d&rsquo;informations, veuillez lire notre <a href=\"https:\/\/www.tourisme-valdemarne.com\/rgpd-charte-de-confidentialite\/\">Politique de confidentialit\u00e9<\/a>.<\/p>\n<\/div>\n<\/div>\n<\/form>\n<\/div>\n","protected":false},"excerpt":{"rendered":"<p>Val-de-Marne Tourisme &amp; Loisirs vous propose un \u00e9ductour autour du bois de Vincennes afin de d\u00e9couvrir des sites d\u00e9di\u00e9s \u00e0 l\u2019organisation d\u2019\u00e9v\u00e9nements professionnels : s\u00e9minaires, lancements de produits, assembl\u00e9es g\u00e9n\u00e9rales, congr\u00e8s etc mais \u00e9galement vous pr\u00e9senter de nouvelles activit\u00e9s de Team-Building. Mardi 3 d\u00e9cembre 2019 \u00e0 partir de 9h Type de structure : AgenceEntrepriseFreelanceAssociation\/F\u00e9d\u00e9ration Nom [&hellip;]<\/p>\n","protected":false},"author":1,"featured_media":0,"parent":8164,"menu_order":0,"comment_status":"closed","ping_status":"closed","template":"","meta":{"_relevanssi_hide_post":"","_relevanssi_hide_content":"","_relevanssi_pin_for_all":"","_relevanssi_pin_keywords":"","_relevanssi_unpin_keywords":"","_relevanssi_related_keywords":"","_relevanssi_related_include_ids":"","_relevanssi_related_exclude_ids":"","_relevanssi_related_no_append":"","_relevanssi_related_not_related":"","_relevanssi_related_posts":"442,444,8090,2749,446,2745","_relevanssi_noindex_reason":"","footnotes":""},"vdmTagMarketing":[],"class_list":["post-8307","page","type-page","status-publish","hentry"],"acf":[],"yoast_head":"<!-- This site is optimized with the Yoast SEO plugin v23.9 - https:\/\/yoast.com\/wordpress\/plugins\/seo\/ -->\n<title>Inscription Eductour 2019 autour du bois de Vincennes - Espace Pro<\/title>\n<meta name=\"description\" content=\"Val-de-Marne Tourisme &amp; Loisirs vous propose un \u00e9ductour autour du bois de Vincennes afin de d\u00e9couvrir des sites d\u00e9di\u00e9s \u00e0 l\u2019organisation d\u2019\u00e9v\u00e9nements professionnels : s\u00e9minaires, lancements de produits, assembl\u00e9es g\u00e9n\u00e9rales, congr\u00e8s etc mais \u00e9galement vous pr\u00e9senter de nouvelles activit\u00e9s de Team-Building.\" \/>\n<meta name=\"robots\" content=\"noindex, follow\" \/>\n<meta property=\"og:locale\" content=\"fr_FR\" \/>\n<meta property=\"og:type\" content=\"article\" \/>\n<meta property=\"og:title\" content=\"Inscription Eductour 2019 autour du bois de Vincennes - Espace Pro\" \/>\n<meta property=\"og:description\" content=\"Val-de-Marne Tourisme &amp; Loisirs vous propose un \u00e9ductour autour du bois de Vincennes afin de d\u00e9couvrir des sites d\u00e9di\u00e9s \u00e0 l\u2019organisation d\u2019\u00e9v\u00e9nements professionnels : s\u00e9minaires, lancements de produits, assembl\u00e9es g\u00e9n\u00e9rales, congr\u00e8s etc mais \u00e9galement vous pr\u00e9senter de nouvelles activit\u00e9s de Team-Building.\" \/>\n<meta property=\"og:url\" content=\"https:\/\/www.tourisme-valdemarne.com\/espace-pro\/seminaires-et-receptions-pro\/eductours-salons\/eductours\/eductour-2019-autour-du-bois-de-vincennes\/inscription-eductour-2019-autour-du-bois-de-vincennes\/\" \/>\n<meta property=\"og:site_name\" content=\"Espace Pro\" \/>\n<meta property=\"article:modified_time\" content=\"2023-06-05T10:48:02+00:00\" \/>\n<meta name=\"twitter:card\" content=\"summary_large_image\" \/>\n<meta name=\"twitter:label1\" content=\"Dur\u00e9e de lecture estim\u00e9e\" \/>\n\t<meta name=\"twitter:data1\" content=\"1 minute\" \/>\n<script type=\"application\/ld+json\" class=\"yoast-schema-graph\">{\"@context\":\"https:\/\/schema.org\",\"@graph\":[{\"@type\":\"WebPage\",\"@id\":\"https:\/\/www.tourisme-valdemarne.com\/espace-pro\/seminaires-et-receptions-pro\/eductours-salons\/eductours\/eductour-2019-autour-du-bois-de-vincennes\/inscription-eductour-2019-autour-du-bois-de-vincennes\/\",\"url\":\"https:\/\/www.tourisme-valdemarne.com\/espace-pro\/seminaires-et-receptions-pro\/eductours-salons\/eductours\/eductour-2019-autour-du-bois-de-vincennes\/inscription-eductour-2019-autour-du-bois-de-vincennes\/\",\"name\":\"Inscription Eductour 2019 autour du bois de Vincennes - Espace Pro\",\"isPartOf\":{\"@id\":\"https:\/\/www.tourisme-valdemarne.com\/espace-pro\/#website\"},\"datePublished\":\"2020-12-10T21:51:52+00:00\",\"dateModified\":\"2023-06-05T10:48:02+00:00\",\"description\":\"Val-de-Marne Tourisme & Loisirs vous propose un \u00e9ductour autour du bois de Vincennes afin de d\u00e9couvrir des sites d\u00e9di\u00e9s \u00e0 l\u2019organisation d\u2019\u00e9v\u00e9nements professionnels : s\u00e9minaires, lancements de produits, assembl\u00e9es g\u00e9n\u00e9rales, congr\u00e8s etc mais \u00e9galement vous pr\u00e9senter de nouvelles activit\u00e9s de Team-Building.\",\"breadcrumb\":{\"@id\":\"https:\/\/www.tourisme-valdemarne.com\/espace-pro\/seminaires-et-receptions-pro\/eductours-salons\/eductours\/eductour-2019-autour-du-bois-de-vincennes\/inscription-eductour-2019-autour-du-bois-de-vincennes\/#breadcrumb\"},\"inLanguage\":\"fr-FR\",\"potentialAction\":[{\"@type\":\"ReadAction\",\"target\":[\"https:\/\/www.tourisme-valdemarne.com\/espace-pro\/seminaires-et-receptions-pro\/eductours-salons\/eductours\/eductour-2019-autour-du-bois-de-vincennes\/inscription-eductour-2019-autour-du-bois-de-vincennes\/\"]}]},{\"@type\":\"BreadcrumbList\",\"@id\":\"https:\/\/www.tourisme-valdemarne.com\/espace-pro\/seminaires-et-receptions-pro\/eductours-salons\/eductours\/eductour-2019-autour-du-bois-de-vincennes\/inscription-eductour-2019-autour-du-bois-de-vincennes\/#breadcrumb\",\"itemListElement\":[{\"@type\":\"ListItem\",\"position\":1,\"name\":\"Accueil\",\"item\":\"https:\/\/www.tourisme-valdemarne.com\/espace-pro\/\"},{\"@type\":\"ListItem\",\"position\":2,\"name\":\"S\u00e9minaires et r\u00e9ceptions Pro\",\"item\":\"https:\/\/www.tourisme-valdemarne.com\/espace-pro\/seminaires-et-receptions-pro\/\"},{\"@type\":\"ListItem\",\"position\":3,\"name\":\"Eductours &#038; Salons\",\"item\":\"https:\/\/www.tourisme-valdemarne.com\/espace-pro\/seminaires-et-receptions-pro\/eductours-salons\/\"},{\"@type\":\"ListItem\",\"position\":4,\"name\":\"Eductours\",\"item\":\"https:\/\/www.tourisme-valdemarne.com\/espace-pro\/seminaires-et-receptions-pro\/eductours-salons\/eductours\/\"},{\"@type\":\"ListItem\",\"position\":5,\"name\":\"Eductour 2019 : Autour du bois de Vincennes\",\"item\":\"https:\/\/www.tourisme-valdemarne.com\/espace-pro\/seminaires-et-receptions-pro\/eductours-salons\/eductours\/eductour-2019-autour-du-bois-de-vincennes\/\"},{\"@type\":\"ListItem\",\"position\":6,\"name\":\"Inscription Eductour 2019 autour du bois de Vincennes\"}]},{\"@type\":\"WebSite\",\"@id\":\"https:\/\/www.tourisme-valdemarne.com\/espace-pro\/#website\",\"url\":\"https:\/\/www.tourisme-valdemarne.com\/espace-pro\/\",\"name\":\"Espace Pro\",\"description\":\"Informations et outils pour les professionnels et la Presse\",\"potentialAction\":[{\"@type\":\"SearchAction\",\"target\":{\"@type\":\"EntryPoint\",\"urlTemplate\":\"https:\/\/www.tourisme-valdemarne.com\/espace-pro\/?s={search_term_string}\"},\"query-input\":{\"@type\":\"PropertyValueSpecification\",\"valueRequired\":true,\"valueName\":\"search_term_string\"}}],\"inLanguage\":\"fr-FR\"}]}<\/script>\n<!-- \/ Yoast SEO plugin. -->","yoast_head_json":{"title":"Inscription Eductour 2019 autour du bois de Vincennes - Espace Pro","description":"Val-de-Marne Tourisme & Loisirs vous propose un \u00e9ductour autour du bois de Vincennes afin de d\u00e9couvrir des sites d\u00e9di\u00e9s \u00e0 l\u2019organisation d\u2019\u00e9v\u00e9nements professionnels : s\u00e9minaires, lancements de produits, assembl\u00e9es g\u00e9n\u00e9rales, congr\u00e8s etc mais \u00e9galement vous pr\u00e9senter de nouvelles activit\u00e9s de Team-Building.","robots":{"index":"noindex","follow":"follow"},"og_locale":"fr_FR","og_type":"article","og_title":"Inscription Eductour 2019 autour du bois de Vincennes - Espace Pro","og_description":"Val-de-Marne Tourisme & Loisirs vous propose un \u00e9ductour autour du bois de Vincennes afin de d\u00e9couvrir des sites d\u00e9di\u00e9s \u00e0 l\u2019organisation d\u2019\u00e9v\u00e9nements professionnels : s\u00e9minaires, lancements de produits, assembl\u00e9es g\u00e9n\u00e9rales, congr\u00e8s etc mais \u00e9galement vous pr\u00e9senter de nouvelles activit\u00e9s de Team-Building.","og_url":"https:\/\/www.tourisme-valdemarne.com\/espace-pro\/seminaires-et-receptions-pro\/eductours-salons\/eductours\/eductour-2019-autour-du-bois-de-vincennes\/inscription-eductour-2019-autour-du-bois-de-vincennes\/","og_site_name":"Espace Pro","article_modified_time":"2023-06-05T10:48:02+00:00","twitter_card":"summary_large_image","twitter_misc":{"Dur\u00e9e de lecture estim\u00e9e":"1 minute"},"schema":{"@context":"https:\/\/schema.org","@graph":[{"@type":"WebPage","@id":"https:\/\/www.tourisme-valdemarne.com\/espace-pro\/seminaires-et-receptions-pro\/eductours-salons\/eductours\/eductour-2019-autour-du-bois-de-vincennes\/inscription-eductour-2019-autour-du-bois-de-vincennes\/","url":"https:\/\/www.tourisme-valdemarne.com\/espace-pro\/seminaires-et-receptions-pro\/eductours-salons\/eductours\/eductour-2019-autour-du-bois-de-vincennes\/inscription-eductour-2019-autour-du-bois-de-vincennes\/","name":"Inscription Eductour 2019 autour du bois de Vincennes - Espace Pro","isPartOf":{"@id":"https:\/\/www.tourisme-valdemarne.com\/espace-pro\/#website"},"datePublished":"2020-12-10T21:51:52+00:00","dateModified":"2023-06-05T10:48:02+00:00","description":"Val-de-Marne Tourisme & Loisirs vous propose un \u00e9ductour autour du bois de Vincennes afin de d\u00e9couvrir des sites d\u00e9di\u00e9s \u00e0 l\u2019organisation d\u2019\u00e9v\u00e9nements professionnels : s\u00e9minaires, lancements de produits, assembl\u00e9es g\u00e9n\u00e9rales, congr\u00e8s etc mais \u00e9galement vous pr\u00e9senter de nouvelles activit\u00e9s de Team-Building.","breadcrumb":{"@id":"https:\/\/www.tourisme-valdemarne.com\/espace-pro\/seminaires-et-receptions-pro\/eductours-salons\/eductours\/eductour-2019-autour-du-bois-de-vincennes\/inscription-eductour-2019-autour-du-bois-de-vincennes\/#breadcrumb"},"inLanguage":"fr-FR","potentialAction":[{"@type":"ReadAction","target":["https:\/\/www.tourisme-valdemarne.com\/espace-pro\/seminaires-et-receptions-pro\/eductours-salons\/eductours\/eductour-2019-autour-du-bois-de-vincennes\/inscription-eductour-2019-autour-du-bois-de-vincennes\/"]}]},{"@type":"BreadcrumbList","@id":"https:\/\/www.tourisme-valdemarne.com\/espace-pro\/seminaires-et-receptions-pro\/eductours-salons\/eductours\/eductour-2019-autour-du-bois-de-vincennes\/inscription-eductour-2019-autour-du-bois-de-vincennes\/#breadcrumb","itemListElement":[{"@type":"ListItem","position":1,"name":"Accueil","item":"https:\/\/www.tourisme-valdemarne.com\/espace-pro\/"},{"@type":"ListItem","position":2,"name":"S\u00e9minaires et r\u00e9ceptions Pro","item":"https:\/\/www.tourisme-valdemarne.com\/espace-pro\/seminaires-et-receptions-pro\/"},{"@type":"ListItem","position":3,"name":"Eductours &#038; Salons","item":"https:\/\/www.tourisme-valdemarne.com\/espace-pro\/seminaires-et-receptions-pro\/eductours-salons\/"},{"@type":"ListItem","position":4,"name":"Eductours","item":"https:\/\/www.tourisme-valdemarne.com\/espace-pro\/seminaires-et-receptions-pro\/eductours-salons\/eductours\/"},{"@type":"ListItem","position":5,"name":"Eductour 2019 : Autour du bois de Vincennes","item":"https:\/\/www.tourisme-valdemarne.com\/espace-pro\/seminaires-et-receptions-pro\/eductours-salons\/eductours\/eductour-2019-autour-du-bois-de-vincennes\/"},{"@type":"ListItem","position":6,"name":"Inscription Eductour 2019 autour du bois de Vincennes"}]},{"@type":"WebSite","@id":"https:\/\/www.tourisme-valdemarne.com\/espace-pro\/#website","url":"https:\/\/www.tourisme-valdemarne.com\/espace-pro\/","name":"Espace Pro","description":"Informations et outils pour les professionnels et la Presse","potentialAction":[{"@type":"SearchAction","target":{"@type":"EntryPoint","urlTemplate":"https:\/\/www.tourisme-valdemarne.com\/espace-pro\/?s={search_term_string}"},"query-input":{"@type":"PropertyValueSpecification","valueRequired":true,"valueName":"search_term_string"}}],"inLanguage":"fr-FR"}]}},"_links":{"self":[{"href":"https:\/\/www.tourisme-valdemarne.com\/espace-pro\/wp-json\/wp\/v2\/pages\/8307","targetHints":{"allow":["GET"]}}],"collection":[{"href":"https:\/\/www.tourisme-valdemarne.com\/espace-pro\/wp-json\/wp\/v2\/pages"}],"about":[{"href":"https:\/\/www.tourisme-valdemarne.com\/espace-pro\/wp-json\/wp\/v2\/types\/page"}],"author":[{"embeddable":true,"href":"https:\/\/www.tourisme-valdemarne.com\/espace-pro\/wp-json\/wp\/v2\/users\/1"}],"replies":[{"embeddable":true,"href":"https:\/\/www.tourisme-valdemarne.com\/espace-pro\/wp-json\/wp\/v2\/comments?post=8307"}],"version-history":[{"count":3,"href":"https:\/\/www.tourisme-valdemarne.com\/espace-pro\/wp-json\/wp\/v2\/pages\/8307\/revisions"}],"predecessor-version":[{"id":8330,"href":"https:\/\/www.tourisme-valdemarne.com\/espace-pro\/wp-json\/wp\/v2\/pages\/8307\/revisions\/8330"}],"up":[{"embeddable":true,"href":"https:\/\/www.tourisme-valdemarne.com\/espace-pro\/wp-json\/wp\/v2\/pages\/8164"}],"wp:attachment":[{"href":"https:\/\/www.tourisme-valdemarne.com\/espace-pro\/wp-json\/wp\/v2\/media?parent=8307"}],"wp:term":[{"taxonomy":"vdmTagMarketing","embeddable":true,"href":"https:\/\/www.tourisme-valdemarne.com\/espace-pro\/wp-json\/wp\/v2\/vdmTagMarketing?post=8307"}],"curies":[{"name":"wp","href":"https:\/\/api.w.org\/{rel}","templated":true}]}}