{"id":8205,"date":"2020-12-10T22:46:30","date_gmt":"2020-12-10T21:46:30","guid":{"rendered":"https:\/\/www.tourisme-valdemarne.com\/espace-pro\/?page_id=8205"},"modified":"2020-12-10T22:46:30","modified_gmt":"2020-12-10T21:46:30","slug":"bilan-des-journees-du-patrimoine-2019","status":"publish","type":"page","link":"https:\/\/www.tourisme-valdemarne.com\/espace-pro\/observatoire-du-tourisme\/frequentation-des-sites-et-evenements\/bilan-des-journees-du-patrimoine-2019\/","title":{"rendered":"Bilan des Journ\u00e9es du patrimoine 2019"},"content":{"rendered":"\n<p class=\"is-style-excerpt\">\u00c9v\u00e9nement culturel incontournable de la rentr\u00e9e, les Journ\u00e9es europ\u00e9ennes du patrimoine 2019 ont pris place les samedi 21 et dimanche 22 septembre pour une 36e \u00e9dition plac\u00e9e sous le th\u00e8me des \u00ab Arts et des divertissements \u00bb.<\/p>\n\n\n\n<p>\u00c0 cette occasion, <strong>160 sites val-de-marnais<\/strong> ont accueillis, \u00e0 nouveau ou pour la premi\u00e8re fois, le public dans 39 communes du d\u00e9partement.<\/p>\n\n\n\n<div class=\"wp-block-button aligncenter\"><a class=\"wp-block-button__link\" href=\"https:\/\/www.tourisme-valdemarne.com\/agendas\/journees-du-patrimoine\/\">Voir le programme de 2019<\/a><\/div>\n\n\n\n<p>Comme chaque ann\u00e9e, nous avons interrog\u00e9 l\u2019ensemble des sites participants afin de connaitre leur fr\u00e9quentation. Voici les principales conclusions de cette enqu\u00eate, \u00e0 laquelle une cinquantaine d\u2019organismes repr\u00e9sentant une centaine de lieux ont r\u00e9pondu.<\/p>\n\n\n\n<p>Au total, environ <strong>40 000 personnes ont \u00e9t\u00e9 accueillies<\/strong> dans la centaine de lieux qui ont r\u00e9pondu.<\/p>\n\n\n\n<h2 class=\"wp-block-heading\">TOP 10 des sites val-de-marnais les plus fr\u00e9quent\u00e9s<\/h2>\n\n\n\n<ul class=\"wp-block-list\"><li>Ch\u00e2teau de Vincennes (Donjon et Sainte-Chapelle)<\/li><li>Parc Dupeyroux \u2013 Parcs et jardins en f\u00eate \u00e0 Cr\u00e9teil<\/li><li>Ecole nationale v\u00e9t\u00e9rinaire de Maisons-Alfort<\/li><li>H\u00f4tel de Ville de Vincennes<\/li><li>Cit\u00e9 Gagarine \u00e0 Ivry-sur-Seine<\/li><li>Maison d\u2019Art Bernard Anthonioz et Maison nationale des artistes \u00e0 Nogent-sur-Marne<\/li><li>Institut National de l\u2019Audiovisuel (INA) \u00e0 Bry-sur-Marne<\/li><li>Domaine de Grosbois \u00e0 Boissy-Saint-L\u00e9ger<\/li><li>Pavillon Baltard \u00e0 Nogent-sur-Marne<\/li><li>MAC\/VAL \u2013 Mus\u00e9e d\u2019art contemporain du Val-de-Marne \u00e0 Vitry-sur-Seine<\/li><\/ul>\n\n\n\n<p><em>La liste compl\u00e8te des lieux avec leur fr\u00e9quentation est disponible \u00e0 la fin de cet article.<\/em><\/p>\n\n\n\n<p>Parmi les villes les plus fr\u00e9quent\u00e9es se trouvent Vincennes, Cr\u00e9teil, Maisons-Alfort, Ivry-sur-Seine et Sucy-en-Brie.<\/p>\n\n\n\n<p>Lorsque la fr\u00e9quentation peut \u00eatre compar\u00e9e \u00e0 celle de 2018, on note une <strong>baisse de 20% en moyenne<\/strong> de la fr\u00e9quentation de cette \u00e9dition 2019. En effet, la fr\u00e9quentation est en baisse dans 46% des sites r\u00e9pondant et en hausse dans seulement 24% des sites. Un recul qui peut s\u2019expliquer par les manifestations annonc\u00e9es \u00e0 Paris, mais surtout par le temps pluvieux du dimanche 22 septembre. La majorit\u00e9 des organisateurs font d\u2019ailleurs \u00e9tat d\u2019une <strong>fr\u00e9quentation plus importante le samedi que le dimanche<\/strong>.<\/p>\n\n\n\n<p>Comme chaque ann\u00e9e, le public des Journ\u00e9es du patrimoine est avant tout compos\u00e9 de familles et de couples originaires de la commune ou des communes voisines.<\/p>\n\n\n\n<h3 class=\"wp-block-heading\">En r\u00e9servation sur Explore Paris<\/h3>\n\n\n\n<p>Pour cette \u00e9dition, <strong>14 lieux<\/strong> ont choisi de nous confier la gestion des r\u00e9servations pour leurs animations sur notre <a href=\"https:\/\/exploreparis.com\/fr\/\">plateforme Explore Paris<\/a>. Ce service <strong>facilite la gestion des inscriptions<\/strong> pour les organisateurs et permet au public d\u2019\u00e9viter les files d\u2019attente en s\u2019inscrivant aux activit\u00e9s propos\u00e9es. Cette ann\u00e9e, une vingtaine d\u2019activit\u00e9s \u00e9taient propos\u00e9s \u00e0 la r\u00e9servation.<\/p>\n\n\n\n<p class=\"is-style-highlight\">Ainsi, plus de <strong>2300 inscriptions ont \u00e9t\u00e9 enregistr\u00e9es<\/strong>, soit <strong>deux fois plus que l\u2019ann\u00e9e derni\u00e8re<\/strong>. Les animations qui ont eu le plus de succ\u00e8s sont notamment : l\u2019exposition-parcours \u00ab le voyage de Gagarine \u00bb \u00e0 Ivry-sur-Seine (581 inscrits), l\u2019enqu\u00eate de sciences \u00e0 la g\u00e9oroom de l\u2019IGN \u00e0 Saint-Mand\u00e9 (447 inscrits), les coulisses de l\u2019Orlyval (286 inscrits), les visites comment\u00e9es du ch\u00e2teau de Grosbois \u00e0 Boissy-Saint-L\u00e9ger (176 inscrits) et du ch\u00e2teau d\u2019Ormesson (123 inscrits).<\/p>\n\n\n\n<h2 class=\"wp-block-heading\">Fr\u00e9quentation du programme sur tourisme-valdemarne.com<\/h2>\n\n\n\n<p>En septembre, le programme des Journ\u00e9es du patrimoine sur tourisme-valdemarne.com a g\u00e9n\u00e9r\u00e9 <strong>12% du trafic du site web<\/strong> et plus de 24% pendant le week-end des 21 et 22 septembre. Le programme des Journ\u00e9es du patrimoine en Val-de-Marne est consult\u00e9 d\u00e8s la mi-juillet et, au total, presque <strong>21 000 visiteurs l\u2019ont consult\u00e9 sur notre site web<\/strong>.<\/p>\n\n\n\n<p>Contrairement \u00e0 l\u2019ann\u00e9e derni\u00e8re, le programme est plus souvent consult\u00e9 pendant le week-end des Journ\u00e9es du patrimoine (+34%) mais beaucoup moins consult\u00e9 durant les deux semaines pr\u00e9c\u00e9dentes (-68%). Cette baisse peut notamment s\u2019expliquer par la refonte r\u00e9cente du site web tourisme-valdemarne.com.<\/p>\n\n\n\n<figure class=\"wp-block-image\"><img data-src=\"https:\/\/www.tourisme-valdemarne.com\/espace-pro\/wp-content\/uploads\/sites\/3\/2019\/11\/nombre-visites-jep-2019-1200x476.png\" alt=\"graphique visites rubrique jep 2019\" class=\"wp-image-7416\"\/><figcaption>Nombre de visites sur la rubrique JEP 2019 \u00a9 CDT94<\/figcaption><\/figure>\n\n\n\n<p>En revanche, les articles consacr\u00e9s \u00e0 des suggestions de visites, programmes par ville, etc., sont quant \u00e0 eux de plus en plus consult\u00e9s.<\/p>\n\n\n\n<figure class=\"wp-block-image\"><img data-src=\"https:\/\/www.tourisme-valdemarne.com\/espace-pro\/wp-content\/uploads\/sites\/3\/2019\/11\/frequentation-page-communes-2019.png\" alt=\"graphique frequentation page commune 2019\" class=\"wp-image-7415\"\/><figcaption>Fr\u00e9quentation des pages par commune \u2013 JEP 2019 \u00a9 CDT94<\/figcaption><\/figure>\n\n\n\n<p>Enfin, voici les <strong>10 sites et visites qui ont particuli\u00e8rement attir\u00e9 l\u2019attention des internautes<\/strong> :<\/p>\n\n\n\n<ul class=\"wp-block-list\"><li>Domaine de Grobois \u00e0 Boissy-saint-L\u00e9ger<\/li><li>Ch\u00e2teau de Vincennes <\/li><li>Ch\u00e2teau d\u2019Ormesson<\/li><li>\u00c9cole nationale v\u00e9t\u00e9rinaire d\u2019Alfort <\/li><li>3 circuits du CAUE 94 \u00e0 Saint-Maur <\/li><li>Ina \u2013 Institut National de l\u2019Audiovisuel \u00e0 Bry-sur-Marne<\/li><li>D\u00e9p\u00f4t de locomotives Paris-Ivry <\/li><li>Closerie Falbala \u00e0 P\u00e9rigny-sur-Yerres<\/li><li>Visite de l\u2019abri anti-a\u00e9rien de la Seconde Guerre mondiale \u00e0 Fontenay-sous-Bois<\/li><li>Mus\u00e9e Fragonard \u00e0 Maisons-Alfort<\/li><\/ul>\n\n\n\n<h2 class=\"wp-block-heading\">Tableau complet de la fr\u00e9quentation par lieu<\/h2>\n\n\n<div class=\"infogram-embed\" data-id=\"bb397cce-736d-46c7-9f4c-6a88f9445a44\" data-type=\"interactive\" data-title=\"Frequentation par lieu - JEP2019\">\u00a0<\/div>\n<p><script>!function(e,i,n,s){var t=\"InfogramEmbeds\",d=e.getElementsByTagName(\"script\")[0];if(window[t]&&window[t].initialized)window[t].process&&window[t].process();else if(!e.getElementById(n)){var o=e.createElement(\"script\");o.async=1,o.id=n,o.src=\"https:\/\/e.infogram.com\/js\/dist\/embed-loader-min.js\",d.parentNode.insertBefore(o,d)}}(document,0,\"infogram-async\");<\/script><\/p>\n<div style=\"padding: 8px 0; font-family: Arial!important; font-size: 13px!important; line-height: 15px!important; text-align: center; border-top: 1px solid #dadada; margin: 0 30px;\"><a style=\"color: #989898!important; text-decoration: none!important;\" href=\"https:\/\/infogram.com\/bb397cce-736d-46c7-9f4c-6a88f9445a44\" target=\"_blank\" rel=\"noopener noreferrer\">Frequentation par lieu &#8211; JEP2019<\/a><br \/><a style=\"color: #989898!important; text-decoration: none!important;\" href=\"https:\/\/infogram.com\" target=\"_blank\" rel=\"nofollow noopener noreferrer\">Infogram<\/a><\/div>\n\n\n<p><em>Attention, ce tableau n\u2019est pas exhaustif puisque seulement 100 lieux sur les 160 qui ont particip\u00e9 aux Journ\u00e9es du patrimoine en 2019 ont r\u00e9pondu \u00e0 cette enqu\u00eate. Par ailleurs, les lieux ayant accueillis moins de 40 personnes ne sont pas mentionn\u00e9s dans le tableau.<\/em><\/p>\n\n\n\n<p><em>Source : Enqu\u00eate men\u00e9e par Val-de-Marne Tourisme &amp; Loisirs aupr\u00e8s des lieux participant aux Journ\u00e9es europ\u00e9ennes du patrimoine 2019.<\/em><\/p>\n","protected":false},"excerpt":{"rendered":"<p>\u00c9v\u00e9nement culturel incontournable de la rentr\u00e9e, les Journ\u00e9es europ\u00e9ennes du patrimoine 2019 ont pris place les samedi 21 et dimanche 22 septembre pour une 36e \u00e9dition plac\u00e9e sous le th\u00e8me des \u00ab Arts et des divertissements \u00bb. \u00c0 cette occasion, 160 sites val-de-marnais ont accueillis, \u00e0 nouveau ou pour la premi\u00e8re fois, le public dans [&hellip;]<\/p>\n","protected":false},"author":1,"featured_media":8276,"parent":947,"menu_order":0,"comment_status":"closed","ping_status":"closed","template":"","meta":{"_relevanssi_hide_post":"","_relevanssi_hide_content":"","_relevanssi_pin_for_all":"","_relevanssi_pin_keywords":"","_relevanssi_unpin_keywords":"","_relevanssi_related_keywords":"","_relevanssi_related_include_ids":"","_relevanssi_related_exclude_ids":"","_relevanssi_related_no_append":"","_relevanssi_related_not_related":"","_relevanssi_related_posts":"","_relevanssi_noindex_reason":"","footnotes":""},"vdmTagMarketing":[],"class_list":["post-8205","page","type-page","status-publish","has-post-thumbnail","hentry"],"acf":[],"yoast_head":"<!-- This site is optimized with the Yoast SEO plugin v23.9 - https:\/\/yoast.com\/wordpress\/plugins\/seo\/ -->\n<title>Bilan des Journ\u00e9es du patrimoine 2019 - Espace Pro Val-de-Marne Tourisme et loisir<\/title>\n<meta name=\"description\" content=\"D\u00e9couvrez le bilan des Journ\u00e9es europ\u00e9ennes du patrimoine 2019, du samedi 21 et dimanche 22 septembre, sur le th\u00e8me des Arts et des divertissements.\" \/>\n<meta name=\"robots\" content=\"index, follow, max-snippet:-1, max-image-preview:large, max-video-preview:-1\" \/>\n<link rel=\"canonical\" href=\"https:\/\/www.tourisme-valdemarne.com\/espace-pro\/observatoire-du-tourisme\/frequentation-des-sites-et-evenements\/bilan-des-journees-du-patrimoine-2019\/\" \/>\n<meta property=\"og:locale\" content=\"fr_FR\" \/>\n<meta property=\"og:type\" content=\"article\" \/>\n<meta property=\"og:title\" content=\"Bilan des Journ\u00e9es du patrimoine 2019 - Espace Pro Val-de-Marne Tourisme et loisir\" \/>\n<meta property=\"og:description\" content=\"D\u00e9couvrez le bilan des Journ\u00e9es europ\u00e9ennes du patrimoine 2019, du samedi 21 et dimanche 22 septembre, sur le th\u00e8me des Arts et des divertissements.\" \/>\n<meta property=\"og:url\" content=\"https:\/\/www.tourisme-valdemarne.com\/espace-pro\/observatoire-du-tourisme\/frequentation-des-sites-et-evenements\/bilan-des-journees-du-patrimoine-2019\/\" \/>\n<meta property=\"og:site_name\" content=\"Espace Pro\" \/>\n<meta property=\"og:image\" content=\"https:\/\/www.tourisme-valdemarne.com\/espace-pro\/wp-content\/uploads\/sites\/3\/2020\/12\/cite-gagarine-exposition-demolition-1.jpg\" \/>\n\t<meta property=\"og:image:width\" content=\"1600\" \/>\n\t<meta property=\"og:image:height\" content=\"900\" \/>\n\t<meta property=\"og:image:type\" content=\"image\/jpeg\" \/>\n<meta name=\"twitter:card\" content=\"summary_large_image\" \/>\n<meta name=\"twitter:label1\" content=\"Dur\u00e9e de lecture estim\u00e9e\" \/>\n\t<meta name=\"twitter:data1\" content=\"4 minutes\" \/>\n<script type=\"application\/ld+json\" class=\"yoast-schema-graph\">{\"@context\":\"https:\/\/schema.org\",\"@graph\":[{\"@type\":\"WebPage\",\"@id\":\"https:\/\/www.tourisme-valdemarne.com\/espace-pro\/observatoire-du-tourisme\/frequentation-des-sites-et-evenements\/bilan-des-journees-du-patrimoine-2019\/\",\"url\":\"https:\/\/www.tourisme-valdemarne.com\/espace-pro\/observatoire-du-tourisme\/frequentation-des-sites-et-evenements\/bilan-des-journees-du-patrimoine-2019\/\",\"name\":\"Bilan des Journ\u00e9es du patrimoine 2019 - Espace Pro Val-de-Marne Tourisme et loisir\",\"isPartOf\":{\"@id\":\"https:\/\/www.tourisme-valdemarne.com\/espace-pro\/#website\"},\"primaryImageOfPage\":{\"@id\":\"https:\/\/www.tourisme-valdemarne.com\/espace-pro\/observatoire-du-tourisme\/frequentation-des-sites-et-evenements\/bilan-des-journees-du-patrimoine-2019\/#primaryimage\"},\"image\":{\"@id\":\"https:\/\/www.tourisme-valdemarne.com\/espace-pro\/observatoire-du-tourisme\/frequentation-des-sites-et-evenements\/bilan-des-journees-du-patrimoine-2019\/#primaryimage\"},\"thumbnailUrl\":\"https:\/\/www.tourisme-valdemarne.com\/espace-pro\/wp-content\/uploads\/sites\/3\/2020\/12\/cite-gagarine-exposition-demolition-1.jpg\",\"datePublished\":\"2020-12-10T21:46:30+00:00\",\"dateModified\":\"2020-12-10T21:46:30+00:00\",\"description\":\"D\u00e9couvrez le bilan des Journ\u00e9es europ\u00e9ennes du patrimoine 2019, du samedi 21 et dimanche 22 septembre, sur le th\u00e8me des Arts et des divertissements.\",\"breadcrumb\":{\"@id\":\"https:\/\/www.tourisme-valdemarne.com\/espace-pro\/observatoire-du-tourisme\/frequentation-des-sites-et-evenements\/bilan-des-journees-du-patrimoine-2019\/#breadcrumb\"},\"inLanguage\":\"fr-FR\",\"potentialAction\":[{\"@type\":\"ReadAction\",\"target\":[\"https:\/\/www.tourisme-valdemarne.com\/espace-pro\/observatoire-du-tourisme\/frequentation-des-sites-et-evenements\/bilan-des-journees-du-patrimoine-2019\/\"]}]},{\"@type\":\"ImageObject\",\"inLanguage\":\"fr-FR\",\"@id\":\"https:\/\/www.tourisme-valdemarne.com\/espace-pro\/observatoire-du-tourisme\/frequentation-des-sites-et-evenements\/bilan-des-journees-du-patrimoine-2019\/#primaryimage\",\"url\":\"https:\/\/www.tourisme-valdemarne.com\/espace-pro\/wp-content\/uploads\/sites\/3\/2020\/12\/cite-gagarine-exposition-demolition-1.jpg\",\"contentUrl\":\"https:\/\/www.tourisme-valdemarne.com\/espace-pro\/wp-content\/uploads\/sites\/3\/2020\/12\/cite-gagarine-exposition-demolition-1.jpg\",\"width\":1600,\"height\":900},{\"@type\":\"BreadcrumbList\",\"@id\":\"https:\/\/www.tourisme-valdemarne.com\/espace-pro\/observatoire-du-tourisme\/frequentation-des-sites-et-evenements\/bilan-des-journees-du-patrimoine-2019\/#breadcrumb\",\"itemListElement\":[{\"@type\":\"ListItem\",\"position\":1,\"name\":\"Accueil\",\"item\":\"https:\/\/www.tourisme-valdemarne.com\/espace-pro\/\"},{\"@type\":\"ListItem\",\"position\":2,\"name\":\"Observatoire du tourisme\",\"item\":\"https:\/\/www.tourisme-valdemarne.com\/espace-pro\/observatoire-du-tourisme\/\"},{\"@type\":\"ListItem\",\"position\":3,\"name\":\"Fr\u00e9quentation des sites et \u00e9v\u00e8nements\",\"item\":\"https:\/\/www.tourisme-valdemarne.com\/espace-pro\/observatoire-du-tourisme\/frequentation-des-sites-et-evenements\/\"},{\"@type\":\"ListItem\",\"position\":4,\"name\":\"Bilan des Journ\u00e9es du patrimoine 2019\"}]},{\"@type\":\"WebSite\",\"@id\":\"https:\/\/www.tourisme-valdemarne.com\/espace-pro\/#website\",\"url\":\"https:\/\/www.tourisme-valdemarne.com\/espace-pro\/\",\"name\":\"Espace Pro\",\"description\":\"Informations et outils pour les professionnels et la Presse\",\"potentialAction\":[{\"@type\":\"SearchAction\",\"target\":{\"@type\":\"EntryPoint\",\"urlTemplate\":\"https:\/\/www.tourisme-valdemarne.com\/espace-pro\/?s={search_term_string}\"},\"query-input\":{\"@type\":\"PropertyValueSpecification\",\"valueRequired\":true,\"valueName\":\"search_term_string\"}}],\"inLanguage\":\"fr-FR\"}]}<\/script>\n<!-- \/ Yoast SEO plugin. -->","yoast_head_json":{"title":"Bilan des Journ\u00e9es du patrimoine 2019 - Espace Pro Val-de-Marne Tourisme et loisir","description":"D\u00e9couvrez le bilan des Journ\u00e9es europ\u00e9ennes du patrimoine 2019, du samedi 21 et dimanche 22 septembre, sur le th\u00e8me des Arts et des divertissements.","robots":{"index":"index","follow":"follow","max-snippet":"max-snippet:-1","max-image-preview":"max-image-preview:large","max-video-preview":"max-video-preview:-1"},"canonical":"https:\/\/www.tourisme-valdemarne.com\/espace-pro\/observatoire-du-tourisme\/frequentation-des-sites-et-evenements\/bilan-des-journees-du-patrimoine-2019\/","og_locale":"fr_FR","og_type":"article","og_title":"Bilan des Journ\u00e9es du patrimoine 2019 - Espace Pro Val-de-Marne Tourisme et loisir","og_description":"D\u00e9couvrez le bilan des Journ\u00e9es europ\u00e9ennes du patrimoine 2019, du samedi 21 et dimanche 22 septembre, sur le th\u00e8me des Arts et des divertissements.","og_url":"https:\/\/www.tourisme-valdemarne.com\/espace-pro\/observatoire-du-tourisme\/frequentation-des-sites-et-evenements\/bilan-des-journees-du-patrimoine-2019\/","og_site_name":"Espace Pro","og_image":[{"width":1600,"height":900,"url":"https:\/\/www.tourisme-valdemarne.com\/espace-pro\/wp-content\/uploads\/sites\/3\/2020\/12\/cite-gagarine-exposition-demolition-1.jpg","type":"image\/jpeg"}],"twitter_card":"summary_large_image","twitter_misc":{"Dur\u00e9e de lecture estim\u00e9e":"4 minutes"},"schema":{"@context":"https:\/\/schema.org","@graph":[{"@type":"WebPage","@id":"https:\/\/www.tourisme-valdemarne.com\/espace-pro\/observatoire-du-tourisme\/frequentation-des-sites-et-evenements\/bilan-des-journees-du-patrimoine-2019\/","url":"https:\/\/www.tourisme-valdemarne.com\/espace-pro\/observatoire-du-tourisme\/frequentation-des-sites-et-evenements\/bilan-des-journees-du-patrimoine-2019\/","name":"Bilan des Journ\u00e9es du patrimoine 2019 - Espace Pro Val-de-Marne Tourisme et loisir","isPartOf":{"@id":"https:\/\/www.tourisme-valdemarne.com\/espace-pro\/#website"},"primaryImageOfPage":{"@id":"https:\/\/www.tourisme-valdemarne.com\/espace-pro\/observatoire-du-tourisme\/frequentation-des-sites-et-evenements\/bilan-des-journees-du-patrimoine-2019\/#primaryimage"},"image":{"@id":"https:\/\/www.tourisme-valdemarne.com\/espace-pro\/observatoire-du-tourisme\/frequentation-des-sites-et-evenements\/bilan-des-journees-du-patrimoine-2019\/#primaryimage"},"thumbnailUrl":"https:\/\/www.tourisme-valdemarne.com\/espace-pro\/wp-content\/uploads\/sites\/3\/2020\/12\/cite-gagarine-exposition-demolition-1.jpg","datePublished":"2020-12-10T21:46:30+00:00","dateModified":"2020-12-10T21:46:30+00:00","description":"D\u00e9couvrez le bilan des Journ\u00e9es europ\u00e9ennes du patrimoine 2019, du samedi 21 et dimanche 22 septembre, sur le th\u00e8me des Arts et des divertissements.","breadcrumb":{"@id":"https:\/\/www.tourisme-valdemarne.com\/espace-pro\/observatoire-du-tourisme\/frequentation-des-sites-et-evenements\/bilan-des-journees-du-patrimoine-2019\/#breadcrumb"},"inLanguage":"fr-FR","potentialAction":[{"@type":"ReadAction","target":["https:\/\/www.tourisme-valdemarne.com\/espace-pro\/observatoire-du-tourisme\/frequentation-des-sites-et-evenements\/bilan-des-journees-du-patrimoine-2019\/"]}]},{"@type":"ImageObject","inLanguage":"fr-FR","@id":"https:\/\/www.tourisme-valdemarne.com\/espace-pro\/observatoire-du-tourisme\/frequentation-des-sites-et-evenements\/bilan-des-journees-du-patrimoine-2019\/#primaryimage","url":"https:\/\/www.tourisme-valdemarne.com\/espace-pro\/wp-content\/uploads\/sites\/3\/2020\/12\/cite-gagarine-exposition-demolition-1.jpg","contentUrl":"https:\/\/www.tourisme-valdemarne.com\/espace-pro\/wp-content\/uploads\/sites\/3\/2020\/12\/cite-gagarine-exposition-demolition-1.jpg","width":1600,"height":900},{"@type":"BreadcrumbList","@id":"https:\/\/www.tourisme-valdemarne.com\/espace-pro\/observatoire-du-tourisme\/frequentation-des-sites-et-evenements\/bilan-des-journees-du-patrimoine-2019\/#breadcrumb","itemListElement":[{"@type":"ListItem","position":1,"name":"Accueil","item":"https:\/\/www.tourisme-valdemarne.com\/espace-pro\/"},{"@type":"ListItem","position":2,"name":"Observatoire du tourisme","item":"https:\/\/www.tourisme-valdemarne.com\/espace-pro\/observatoire-du-tourisme\/"},{"@type":"ListItem","position":3,"name":"Fr\u00e9quentation des sites et \u00e9v\u00e8nements","item":"https:\/\/www.tourisme-valdemarne.com\/espace-pro\/observatoire-du-tourisme\/frequentation-des-sites-et-evenements\/"},{"@type":"ListItem","position":4,"name":"Bilan des Journ\u00e9es du patrimoine 2019"}]},{"@type":"WebSite","@id":"https:\/\/www.tourisme-valdemarne.com\/espace-pro\/#website","url":"https:\/\/www.tourisme-valdemarne.com\/espace-pro\/","name":"Espace Pro","description":"Informations et outils pour les professionnels et la Presse","potentialAction":[{"@type":"SearchAction","target":{"@type":"EntryPoint","urlTemplate":"https:\/\/www.tourisme-valdemarne.com\/espace-pro\/?s={search_term_string}"},"query-input":{"@type":"PropertyValueSpecification","valueRequired":true,"valueName":"search_term_string"}}],"inLanguage":"fr-FR"}]}},"_links":{"self":[{"href":"https:\/\/www.tourisme-valdemarne.com\/espace-pro\/wp-json\/wp\/v2\/pages\/8205","targetHints":{"allow":["GET"]}}],"collection":[{"href":"https:\/\/www.tourisme-valdemarne.com\/espace-pro\/wp-json\/wp\/v2\/pages"}],"about":[{"href":"https:\/\/www.tourisme-valdemarne.com\/espace-pro\/wp-json\/wp\/v2\/types\/page"}],"author":[{"embeddable":true,"href":"https:\/\/www.tourisme-valdemarne.com\/espace-pro\/wp-json\/wp\/v2\/users\/1"}],"replies":[{"embeddable":true,"href":"https:\/\/www.tourisme-valdemarne.com\/espace-pro\/wp-json\/wp\/v2\/comments?post=8205"}],"version-history":[{"count":7,"href":"https:\/\/www.tourisme-valdemarne.com\/espace-pro\/wp-json\/wp\/v2\/pages\/8205\/revisions"}],"predecessor-version":[{"id":8286,"href":"https:\/\/www.tourisme-valdemarne.com\/espace-pro\/wp-json\/wp\/v2\/pages\/8205\/revisions\/8286"}],"up":[{"embeddable":true,"href":"https:\/\/www.tourisme-valdemarne.com\/espace-pro\/wp-json\/wp\/v2\/pages\/947"}],"wp:featuredmedia":[{"embeddable":true,"href":"https:\/\/www.tourisme-valdemarne.com\/espace-pro\/wp-json\/wp\/v2\/media\/8276"}],"wp:attachment":[{"href":"https:\/\/www.tourisme-valdemarne.com\/espace-pro\/wp-json\/wp\/v2\/media?parent=8205"}],"wp:term":[{"taxonomy":"vdmTagMarketing","embeddable":true,"href":"https:\/\/www.tourisme-valdemarne.com\/espace-pro\/wp-json\/wp\/v2\/vdmTagMarketing?post=8205"}],"curies":[{"name":"wp","href":"https:\/\/api.w.org\/{rel}","templated":true}]}}