{"id":8193,"date":"2020-12-10T22:28:49","date_gmt":"2020-12-10T21:28:49","guid":{"rendered":"https:\/\/www.tourisme-valdemarne.com\/espace-pro\/phenomenart-festival-street-art-inedit"},"modified":"2023-06-01T16:26:59","modified_gmt":"2023-06-01T14:26:59","slug":"phenomenart-festival-street-art-inedit","status":"publish","type":"page","link":"https:\/\/www.tourisme-valdemarne.com\/espace-pro\/presse\/actualites-et-communiques-de-presse\/communiques-de-presse-precedents\/phenomenart-festival-street-art-inedit\/","title":{"rendered":"Ph\u00e9nom\u00e8n&rsquo;Art : festival street art in\u00e9dit"},"content":{"rendered":"<p class=\"is-style-excerpt\"><strong>COMMUNIQUE DE PRESSE<\/strong><\/p>\n<h2>Un tout nouveau festival street art en Val-de-Marne et dans le sud-est de Paris<\/h2>\n<p><strong>Du 6 au 8 d\u00e9cembre 2019, Val-de-Marne Tourisme &amp; Loisirs lance pour la premi\u00e8re fois un grand \u00e9v\u00e9nement street-art aux quatre coins du Val-de-Marne. Au programme : des balades urbaines, des initiations artistiques, des visites d\u2019ateliers et rencontres d\u2019artistes\u2026 \u00e0 d\u00e9couvrir sur <a href=\"https:\/\/www.tourisme-valdemarne.com\/street-art\/phenomen-art-festival-street-art\/\" target=\"_blank\" rel=\"noreferrer noopener\" aria-label=\"www.tourisme-valdemarne.com (s\u2019ouvre dans un nouvel onglet)\">www.tourisme-valdemarne.com<\/a><\/strong><\/p>\n<div class=\"wp-block-image\">\n<figure class=\"aligncenter is-resized\"><a href=\"https:\/\/www.tourisme-valdemarne.com\/espace-pro\/wp-content\/uploads\/sites\/3\/2019\/11\/visuel_phenomen-art-festival.png\"><img data-src=\"https:\/\/www.tourisme-valdemarne.com\/espace-pro\/wp-content\/uploads\/sites\/3\/2019\/11\/visuel_phenomen-art-festival-800x1200.png\" alt=\"Ph\u00e9nom\u00e8n'Art, festival street art en val-de-marne\" class=\"wp-image-7395\" width=\"400\" height=\"600\" data-srcset=\"https:\/\/www.tourisme-valdemarne.com\/espace-pro\/wp-content\/uploads\/sites\/3\/2019\/11\/visuel_phenomen-art-festival.png 800w, https:\/\/www.tourisme-valdemarne.com\/espace-pro\/wp-content\/uploads\/sites\/3\/2019\/11\/visuel_phenomen-art-festival-400x600.png 400w, https:\/\/www.tourisme-valdemarne.com\/espace-pro\/wp-content\/uploads\/sites\/3\/2019\/11\/visuel_phenomen-art-festival-600x900.png 600w, https:\/\/www.tourisme-valdemarne.com\/espace-pro\/wp-content\/uploads\/sites\/3\/2019\/11\/visuel_phenomen-art-festival-380x570.png 380w, https:\/\/www.tourisme-valdemarne.com\/espace-pro\/wp-content\/uploads\/sites\/3\/2019\/11\/visuel_phenomen-art-festival-200x300.png 200w\" sizes=\"(max-width: 400px) 100vw, 400px\"><\/a><figcaption>Ph\u00e9nom\u00e8n\u2019Art, festival street art en Val-de-Marne<\/figcaption><\/figure>\n<\/div>\n<p>Pendant 3 jours, le public aura l\u2019occasion de d\u00e9couvrir ou red\u00e9couvrir le street art et plus largement les arts urbains en compagnie de passionn\u00e9s et de professionnels, en simultan\u00e9 dans plusieurs villes du Val-de-Marne et dans les 12e et 13e arrondissements de Paris.<\/p>\n<p class=\"is-style-highlight\"><a href=\"https:\/\/www.tourisme-valdemarne.com\/street-art\/phenomen-art-festival-street-art\/\" target=\"_blank\" rel=\"noreferrer noopener\" aria-label=\"Programme et inscriptions aux animations (s\u2019ouvre dans un nouvel onglet)\">Programme et inscriptions aux animations<\/a><\/p>\n<h3>Des balades comment\u00e9es \u00e0 la d\u00e9couverte du street art<\/h3>\n<ul>\n<li>\u00c0 Arcueil : promenade artistique \u00e0 ciel ouvert, entre architecture, \u0153uvres d\u2019art et fresques street art avec <em>Des Ricochets sur les Pav\u00e9s<\/em> (le 6\/12)<\/li>\n<li>\u00c0 Champigny-sur-Marne : balade autour des \u0153uvres street art avec <em>Asso Art\u2019Murs<\/em> (le 7\/12)<\/li>\n<li>\u00c0 Fontenay-sous-Bois : balade comment\u00e9e street art avec <em>Asso Art\u2019Murs<\/em> (le 7\/12)<\/li>\n<li> \u00c0 Gentilly : balade street art avec Morne (le 7\/12)<\/li>\n<li>\u00c0 Vincennes : balade street art entre Vincennes et Montreuil avec l\u2019<em>OT de Vincennes<\/em> (le 7\/12)<\/li>\n<li>\u00c0 Vitry-sur-Seine : balade dans la capitale fran\u00e7aise du street art avec <em>Vitry\u2019N Urbaine<\/em> (les 7 et 8\/12)<\/li>\n<li>\u00c0 Paris : \u00e0 la d\u00e9couverte des fresques g\u00e9antes dans le 13e arrondissement de Paris, avec <em>Fresh Street Art Tour<\/em> (les 6, 7 et 8\/12)<\/li>\n<\/ul>\n<h3>Des initiations au street art lors d\u2019ateliers pratiques<\/h3>\n<ul>\n<li>\u00c0 Arcueil : atelier d\u2019initiation sur murs d\u2019expression avec Quentin Chaudat (le 7\/12)<\/li>\n<li>\u00c0 Champigny-sur-Marne : ateliers pochoirs avec Carole B et <em>Asso Art\u2019Murs<\/em> (le 7\/12)<\/li>\n<li> \u00c0  Fontenay-sous-Bois : atelier 30 ans de graffs avec PAPAMESK (le 7\/12)<\/li>\n<li>\u00c0 Ivry-sur-Seine : visite d\u2019ateliers et initiation aux techniques graffiti et street art avec STEW (le 6\/12)<\/li>\n<li>\u00c0 Vitry-sur-Seine : initiation graffiti au Posca avec R\u00e9mi Petit (les 7 et 8\/12)<\/li>\n<li>\u00c0 Paris : atelier graffiti \u00e0 Bercy avec <em>Fresh Street Art Tour<\/em> (le 8\/12)<\/li>\n<\/ul>\n<h3>Et aussi des rencontres avec les artistes<\/h3>\n<ul>\n<li>\u00c0 Champigny-sur-Marne : conf\u00e9rence \u00ab Pourquoi l\u2019art est dans la rue \u00bb par CODEX URBANUS, autour de l\u2019histoire du street art (le 8\/12)<\/li>\n<li>\u00c0 Champigny-sur-Marne : vente et d\u00e9dicace de livres street art, notamment de ARDIF, CODEX URBANUS et OAK OAK, avec <em>Asso Art\u2019Murs<\/em> (le 8\/12)<\/li>\n<\/ul>\n<p>D\u2019autres animations comme des live-painting \u00e0 Champigny-sur-Marne ou des balades \u00e0 Choisy-le-Roi, Ivry-sur-Seine\u2026 s\u2019ajouteront tr\u00e8s prochainement au programme.<br \/>\n<strong>Un festival qui s\u2019annonce Ph\u00e9nom\u00e8n\u2019Art !<\/strong><\/p>\n<p class=\"is-style-highlight\">A noter : Du 18 au 30 novembre, <a href=\"https:\/\/www.tourisme-valdemarne.com\/quiz-et-jeux-concours\/quiz-phenomenart\/\" target=\"_blank\" rel=\"noreferrer noopener\" aria-label=\"grand quiz en ligne pour tenter de gagner des places pour l\u2019un des ateliers d\u2019initiation au street art (s\u2019ouvre dans un nouvel onglet)\">grand quiz en ligne pour tenter de gagner des places pour l\u2019un des ateliers d\u2019initiation au street art<\/a> qui aura lieu pendant le festival Ph\u00e9nom\u00e8n\u2019Art !<\/p>\n","protected":false},"excerpt":{"rendered":"<p>COMMUNIQUE DE PRESSE Un tout nouveau festival street art en Val-de-Marne et dans le sud-est de Paris Du 6 au 8 d\u00e9cembre 2019, Val-de-Marne Tourisme &amp; Loisirs lance pour la premi\u00e8re fois un grand \u00e9v\u00e9nement street-art aux quatre coins du Val-de-Marne. Au programme : des balades urbaines, des initiations artistiques, des visites d\u2019ateliers et rencontres [&hellip;]<\/p>\n","protected":false},"author":1,"featured_media":8218,"parent":2883,"menu_order":395,"comment_status":"closed","ping_status":"closed","template":"","meta":{"_relevanssi_hide_post":"","_relevanssi_hide_content":"","_relevanssi_pin_for_all":"","_relevanssi_pin_keywords":"","_relevanssi_unpin_keywords":"","_relevanssi_related_keywords":"","_relevanssi_related_include_ids":"","_relevanssi_related_exclude_ids":"","_relevanssi_related_no_append":"","_relevanssi_related_not_related":"","_relevanssi_related_posts":"444,2741,2749,446,442,8101","_relevanssi_noindex_reason":"","footnotes":""},"vdmTagMarketing":[],"class_list":["post-8193","page","type-page","status-publish","has-post-thumbnail","hentry"],"acf":[],"yoast_head":"<!-- This site is optimized with the Yoast SEO plugin v23.9 - https:\/\/yoast.com\/wordpress\/plugins\/seo\/ -->\n<title>Ph\u00e9nom\u00e8n&#039;Art : festival street art in\u00e9dit en Val-de-Marne<\/title>\n<meta name=\"description\" content=\"Val-de-Marne Tourisme &amp; Loisirs lance un nouveau festival street art en Val-de-Marne et dans le sud-est de Paris Du 6 au 8 d\u00e9cembre 2019.\" \/>\n<meta name=\"robots\" content=\"index, follow, max-snippet:-1, max-image-preview:large, max-video-preview:-1\" \/>\n<link rel=\"canonical\" href=\"https:\/\/www.tourisme-valdemarne.com\/espace-pro\/presse\/actualites-et-communiques-de-presse\/communiques-de-presse-precedents\/phenomenart-festival-street-art-inedit\/\" \/>\n<meta property=\"og:locale\" content=\"fr_FR\" \/>\n<meta property=\"og:type\" content=\"article\" \/>\n<meta property=\"og:title\" content=\"Ph\u00e9nom\u00e8n&#039;Art : festival street art in\u00e9dit en Val-de-Marne\" \/>\n<meta property=\"og:description\" content=\"Val-de-Marne Tourisme &amp; Loisirs lance un nouveau festival street art en Val-de-Marne et dans le sud-est de Paris Du 6 au 8 d\u00e9cembre 2019.\" \/>\n<meta property=\"og:url\" content=\"https:\/\/www.tourisme-valdemarne.com\/espace-pro\/presse\/actualites-et-communiques-de-presse\/communiques-de-presse-precedents\/phenomenart-festival-street-art-inedit\/\" \/>\n<meta property=\"og:site_name\" content=\"Espace Pro\" \/>\n<meta property=\"article:modified_time\" content=\"2023-06-01T14:26:59+00:00\" \/>\n<meta property=\"og:image\" content=\"https:\/\/www.tourisme-valdemarne.com\/espace-pro\/wp-content\/uploads\/sites\/3\/2020\/12\/visuel_phenomen-art-festival.png\" \/>\n\t<meta property=\"og:image:width\" content=\"800\" \/>\n\t<meta property=\"og:image:height\" content=\"1200\" \/>\n\t<meta property=\"og:image:type\" content=\"image\/png\" \/>\n<meta name=\"twitter:card\" content=\"summary_large_image\" \/>\n<meta name=\"twitter:label1\" content=\"Dur\u00e9e de lecture estim\u00e9e\" \/>\n\t<meta name=\"twitter:data1\" content=\"3 minutes\" \/>\n<script type=\"application\/ld+json\" class=\"yoast-schema-graph\">{\"@context\":\"https:\/\/schema.org\",\"@graph\":[{\"@type\":\"WebPage\",\"@id\":\"https:\/\/www.tourisme-valdemarne.com\/espace-pro\/presse\/actualites-et-communiques-de-presse\/communiques-de-presse-precedents\/phenomenart-festival-street-art-inedit\/\",\"url\":\"https:\/\/www.tourisme-valdemarne.com\/espace-pro\/presse\/actualites-et-communiques-de-presse\/communiques-de-presse-precedents\/phenomenart-festival-street-art-inedit\/\",\"name\":\"Ph\u00e9nom\u00e8n'Art : festival street art in\u00e9dit en Val-de-Marne\",\"isPartOf\":{\"@id\":\"https:\/\/www.tourisme-valdemarne.com\/espace-pro\/#website\"},\"primaryImageOfPage\":{\"@id\":\"https:\/\/www.tourisme-valdemarne.com\/espace-pro\/presse\/actualites-et-communiques-de-presse\/communiques-de-presse-precedents\/phenomenart-festival-street-art-inedit\/#primaryimage\"},\"image\":{\"@id\":\"https:\/\/www.tourisme-valdemarne.com\/espace-pro\/presse\/actualites-et-communiques-de-presse\/communiques-de-presse-precedents\/phenomenart-festival-street-art-inedit\/#primaryimage\"},\"thumbnailUrl\":\"https:\/\/www.tourisme-valdemarne.com\/espace-pro\/wp-content\/uploads\/sites\/3\/2020\/12\/visuel_phenomen-art-festival.png\",\"datePublished\":\"2020-12-10T21:28:49+00:00\",\"dateModified\":\"2023-06-01T14:26:59+00:00\",\"description\":\"Val-de-Marne Tourisme & Loisirs lance un nouveau festival street art en Val-de-Marne et dans le sud-est de Paris Du 6 au 8 d\u00e9cembre 2019.\",\"breadcrumb\":{\"@id\":\"https:\/\/www.tourisme-valdemarne.com\/espace-pro\/presse\/actualites-et-communiques-de-presse\/communiques-de-presse-precedents\/phenomenart-festival-street-art-inedit\/#breadcrumb\"},\"inLanguage\":\"fr-FR\",\"potentialAction\":[{\"@type\":\"ReadAction\",\"target\":[\"https:\/\/www.tourisme-valdemarne.com\/espace-pro\/presse\/actualites-et-communiques-de-presse\/communiques-de-presse-precedents\/phenomenart-festival-street-art-inedit\/\"]}]},{\"@type\":\"ImageObject\",\"inLanguage\":\"fr-FR\",\"@id\":\"https:\/\/www.tourisme-valdemarne.com\/espace-pro\/presse\/actualites-et-communiques-de-presse\/communiques-de-presse-precedents\/phenomenart-festival-street-art-inedit\/#primaryimage\",\"url\":\"https:\/\/www.tourisme-valdemarne.com\/espace-pro\/wp-content\/uploads\/sites\/3\/2020\/12\/visuel_phenomen-art-festival.png\",\"contentUrl\":\"https:\/\/www.tourisme-valdemarne.com\/espace-pro\/wp-content\/uploads\/sites\/3\/2020\/12\/visuel_phenomen-art-festival.png\",\"width\":800,\"height\":1200},{\"@type\":\"BreadcrumbList\",\"@id\":\"https:\/\/www.tourisme-valdemarne.com\/espace-pro\/presse\/actualites-et-communiques-de-presse\/communiques-de-presse-precedents\/phenomenart-festival-street-art-inedit\/#breadcrumb\",\"itemListElement\":[{\"@type\":\"ListItem\",\"position\":1,\"name\":\"Accueil\",\"item\":\"https:\/\/www.tourisme-valdemarne.com\/espace-pro\/\"},{\"@type\":\"ListItem\",\"position\":2,\"name\":\"Presse\",\"item\":\"https:\/\/www.tourisme-valdemarne.com\/espace-pro\/presse\/\"},{\"@type\":\"ListItem\",\"position\":3,\"name\":\"Actualit\u00e9s et communiqu\u00e9s de presse\",\"item\":\"https:\/\/www.tourisme-valdemarne.com\/espace-pro\/presse\/actualites-et-communiques-de-presse\/\"},{\"@type\":\"ListItem\",\"position\":4,\"name\":\"Communiqu\u00e9s de presse pr\u00e9c\u00e9dents\",\"item\":\"https:\/\/www.tourisme-valdemarne.com\/espace-pro\/presse\/actualites-et-communiques-de-presse\/communiques-de-presse-precedents\/\"},{\"@type\":\"ListItem\",\"position\":5,\"name\":\"Ph\u00e9nom\u00e8n&rsquo;Art : festival street art in\u00e9dit\"}]},{\"@type\":\"WebSite\",\"@id\":\"https:\/\/www.tourisme-valdemarne.com\/espace-pro\/#website\",\"url\":\"https:\/\/www.tourisme-valdemarne.com\/espace-pro\/\",\"name\":\"Espace Pro\",\"description\":\"Informations et outils pour les professionnels et la Presse\",\"potentialAction\":[{\"@type\":\"SearchAction\",\"target\":{\"@type\":\"EntryPoint\",\"urlTemplate\":\"https:\/\/www.tourisme-valdemarne.com\/espace-pro\/?s={search_term_string}\"},\"query-input\":{\"@type\":\"PropertyValueSpecification\",\"valueRequired\":true,\"valueName\":\"search_term_string\"}}],\"inLanguage\":\"fr-FR\"}]}<\/script>\n<!-- \/ Yoast SEO plugin. -->","yoast_head_json":{"title":"Ph\u00e9nom\u00e8n'Art : festival street art in\u00e9dit en Val-de-Marne","description":"Val-de-Marne Tourisme & Loisirs lance un nouveau festival street art en Val-de-Marne et dans le sud-est de Paris Du 6 au 8 d\u00e9cembre 2019.","robots":{"index":"index","follow":"follow","max-snippet":"max-snippet:-1","max-image-preview":"max-image-preview:large","max-video-preview":"max-video-preview:-1"},"canonical":"https:\/\/www.tourisme-valdemarne.com\/espace-pro\/presse\/actualites-et-communiques-de-presse\/communiques-de-presse-precedents\/phenomenart-festival-street-art-inedit\/","og_locale":"fr_FR","og_type":"article","og_title":"Ph\u00e9nom\u00e8n'Art : festival street art in\u00e9dit en Val-de-Marne","og_description":"Val-de-Marne Tourisme & Loisirs lance un nouveau festival street art en Val-de-Marne et dans le sud-est de Paris Du 6 au 8 d\u00e9cembre 2019.","og_url":"https:\/\/www.tourisme-valdemarne.com\/espace-pro\/presse\/actualites-et-communiques-de-presse\/communiques-de-presse-precedents\/phenomenart-festival-street-art-inedit\/","og_site_name":"Espace Pro","article_modified_time":"2023-06-01T14:26:59+00:00","og_image":[{"width":800,"height":1200,"url":"https:\/\/www.tourisme-valdemarne.com\/espace-pro\/wp-content\/uploads\/sites\/3\/2020\/12\/visuel_phenomen-art-festival.png","type":"image\/png"}],"twitter_card":"summary_large_image","twitter_misc":{"Dur\u00e9e de lecture estim\u00e9e":"3 minutes"},"schema":{"@context":"https:\/\/schema.org","@graph":[{"@type":"WebPage","@id":"https:\/\/www.tourisme-valdemarne.com\/espace-pro\/presse\/actualites-et-communiques-de-presse\/communiques-de-presse-precedents\/phenomenart-festival-street-art-inedit\/","url":"https:\/\/www.tourisme-valdemarne.com\/espace-pro\/presse\/actualites-et-communiques-de-presse\/communiques-de-presse-precedents\/phenomenart-festival-street-art-inedit\/","name":"Ph\u00e9nom\u00e8n'Art : festival street art in\u00e9dit en Val-de-Marne","isPartOf":{"@id":"https:\/\/www.tourisme-valdemarne.com\/espace-pro\/#website"},"primaryImageOfPage":{"@id":"https:\/\/www.tourisme-valdemarne.com\/espace-pro\/presse\/actualites-et-communiques-de-presse\/communiques-de-presse-precedents\/phenomenart-festival-street-art-inedit\/#primaryimage"},"image":{"@id":"https:\/\/www.tourisme-valdemarne.com\/espace-pro\/presse\/actualites-et-communiques-de-presse\/communiques-de-presse-precedents\/phenomenart-festival-street-art-inedit\/#primaryimage"},"thumbnailUrl":"https:\/\/www.tourisme-valdemarne.com\/espace-pro\/wp-content\/uploads\/sites\/3\/2020\/12\/visuel_phenomen-art-festival.png","datePublished":"2020-12-10T21:28:49+00:00","dateModified":"2023-06-01T14:26:59+00:00","description":"Val-de-Marne Tourisme & Loisirs lance un nouveau festival street art en Val-de-Marne et dans le sud-est de Paris Du 6 au 8 d\u00e9cembre 2019.","breadcrumb":{"@id":"https:\/\/www.tourisme-valdemarne.com\/espace-pro\/presse\/actualites-et-communiques-de-presse\/communiques-de-presse-precedents\/phenomenart-festival-street-art-inedit\/#breadcrumb"},"inLanguage":"fr-FR","potentialAction":[{"@type":"ReadAction","target":["https:\/\/www.tourisme-valdemarne.com\/espace-pro\/presse\/actualites-et-communiques-de-presse\/communiques-de-presse-precedents\/phenomenart-festival-street-art-inedit\/"]}]},{"@type":"ImageObject","inLanguage":"fr-FR","@id":"https:\/\/www.tourisme-valdemarne.com\/espace-pro\/presse\/actualites-et-communiques-de-presse\/communiques-de-presse-precedents\/phenomenart-festival-street-art-inedit\/#primaryimage","url":"https:\/\/www.tourisme-valdemarne.com\/espace-pro\/wp-content\/uploads\/sites\/3\/2020\/12\/visuel_phenomen-art-festival.png","contentUrl":"https:\/\/www.tourisme-valdemarne.com\/espace-pro\/wp-content\/uploads\/sites\/3\/2020\/12\/visuel_phenomen-art-festival.png","width":800,"height":1200},{"@type":"BreadcrumbList","@id":"https:\/\/www.tourisme-valdemarne.com\/espace-pro\/presse\/actualites-et-communiques-de-presse\/communiques-de-presse-precedents\/phenomenart-festival-street-art-inedit\/#breadcrumb","itemListElement":[{"@type":"ListItem","position":1,"name":"Accueil","item":"https:\/\/www.tourisme-valdemarne.com\/espace-pro\/"},{"@type":"ListItem","position":2,"name":"Presse","item":"https:\/\/www.tourisme-valdemarne.com\/espace-pro\/presse\/"},{"@type":"ListItem","position":3,"name":"Actualit\u00e9s et communiqu\u00e9s de presse","item":"https:\/\/www.tourisme-valdemarne.com\/espace-pro\/presse\/actualites-et-communiques-de-presse\/"},{"@type":"ListItem","position":4,"name":"Communiqu\u00e9s de presse pr\u00e9c\u00e9dents","item":"https:\/\/www.tourisme-valdemarne.com\/espace-pro\/presse\/actualites-et-communiques-de-presse\/communiques-de-presse-precedents\/"},{"@type":"ListItem","position":5,"name":"Ph\u00e9nom\u00e8n&rsquo;Art : festival street art in\u00e9dit"}]},{"@type":"WebSite","@id":"https:\/\/www.tourisme-valdemarne.com\/espace-pro\/#website","url":"https:\/\/www.tourisme-valdemarne.com\/espace-pro\/","name":"Espace Pro","description":"Informations et outils pour les professionnels et la Presse","potentialAction":[{"@type":"SearchAction","target":{"@type":"EntryPoint","urlTemplate":"https:\/\/www.tourisme-valdemarne.com\/espace-pro\/?s={search_term_string}"},"query-input":{"@type":"PropertyValueSpecification","valueRequired":true,"valueName":"search_term_string"}}],"inLanguage":"fr-FR"}]}},"_links":{"self":[{"href":"https:\/\/www.tourisme-valdemarne.com\/espace-pro\/wp-json\/wp\/v2\/pages\/8193","targetHints":{"allow":["GET"]}}],"collection":[{"href":"https:\/\/www.tourisme-valdemarne.com\/espace-pro\/wp-json\/wp\/v2\/pages"}],"about":[{"href":"https:\/\/www.tourisme-valdemarne.com\/espace-pro\/wp-json\/wp\/v2\/types\/page"}],"author":[{"embeddable":true,"href":"https:\/\/www.tourisme-valdemarne.com\/espace-pro\/wp-json\/wp\/v2\/users\/1"}],"replies":[{"embeddable":true,"href":"https:\/\/www.tourisme-valdemarne.com\/espace-pro\/wp-json\/wp\/v2\/comments?post=8193"}],"version-history":[{"count":4,"href":"https:\/\/www.tourisme-valdemarne.com\/espace-pro\/wp-json\/wp\/v2\/pages\/8193\/revisions"}],"predecessor-version":[{"id":8247,"href":"https:\/\/www.tourisme-valdemarne.com\/espace-pro\/wp-json\/wp\/v2\/pages\/8193\/revisions\/8247"}],"up":[{"embeddable":true,"href":"https:\/\/www.tourisme-valdemarne.com\/espace-pro\/wp-json\/wp\/v2\/pages\/2883"}],"wp:featuredmedia":[{"embeddable":true,"href":"https:\/\/www.tourisme-valdemarne.com\/espace-pro\/wp-json\/wp\/v2\/media\/8218"}],"wp:attachment":[{"href":"https:\/\/www.tourisme-valdemarne.com\/espace-pro\/wp-json\/wp\/v2\/media?parent=8193"}],"wp:term":[{"taxonomy":"vdmTagMarketing","embeddable":true,"href":"https:\/\/www.tourisme-valdemarne.com\/espace-pro\/wp-json\/wp\/v2\/vdmTagMarketing?post=8193"}],"curies":[{"name":"wp","href":"https:\/\/api.w.org\/{rel}","templated":true}]}}