{"id":33,"date":"2019-04-02T16:58:39","date_gmt":"2019-04-02T14:58:39","guid":{"rendered":"https:\/\/www.tourisme-valdemarne.com\/espace-pro\/mentions-legales"},"modified":"2023-04-24T14:25:01","modified_gmt":"2023-04-24T12:25:01","slug":"mentions-legales","status":"publish","type":"page","link":"https:\/\/www.tourisme-valdemarne.com\/espace-pro\/mentions-legales\/","title":{"rendered":"Mentions l\u00e9gales"},"content":{"rendered":"\n<p>En parcourant les pages du site, l\u2019internaute reconna\u00eet avoir lu et accept\u00e9 les limites de responsabilit\u00e9s et les conditions d\u2019utilisation du site. Le Comit\u00e9 D\u00e9partemental du Tourisme du Val-de-Marne ne peut \u00eatre tenu responsable des difficult\u00e9s de connexion au r\u00e9seau Internet ou de visualisation des pages du site. L\u2019internaute reconna\u00eet, en particulier, \u00eatre inform\u00e9 des diff\u00e9rences d\u2019interpr\u00e9tation des pages Internet par les diff\u00e9rents logiciels de navigation pr\u00e9sents sur le march\u00e9.<\/p>\n\n\n\n<h2 class=\"wp-block-heading\">EDITEUR DU SITE<\/h2>\n\n\n\n<p>Comit\u00e9 D\u00e9partemental du Tourisme du Val-de-Marne (Association loi 1901)<br>16 rue Jos\u00e9phine de Beauharnais, 94500 Champigny-sur-Marne<br>FRANCE<br>T\u00e9l\u00e9phone : 01 55 09 16 20<br>Mail : con&#116;act&#64;&#116;&#111;uris&#109;&#101;&#45;valde&#109;&#97;&#114;n&#101;&#46;co&#109;<\/p>\n\n\n\n<h2 class=\"wp-block-heading\">DIRECTEUR DE LA PUBLICATION<\/h2>\n\n\n\n<p>M\u00e9lanie Nowak<strong> <\/strong>(Pr\u00e9sidente) et H\u00e9l\u00e8ne Sallet-Lavorel (directrice)<br>16 rue Jos\u00e9phine de Beauharnais, 94500 Champigny-sur-Marne<\/p>\n\n\n\n<h2 class=\"wp-block-heading\">R\u00c9ALISATION DU SITE<\/h2>\n\n\n\n<p>Nom : IRIS Interactive<br>Adresse : 3 avenue d\u2019Aiguilhe \u2013 43000 LE PUY EN VELAY (Si\u00e8ge social)<br>Mail : &#99;&#111;nt&#97;&#99;t&#64;ir&#105;&#115;-&#105;nt&#101;&#114;&#97;&#99;&#116;i&#118;e.fr<\/p>\n\n\n\n<h2 class=\"wp-block-heading\">H\u00c9BERGEUR DU SITE<\/h2>\n\n\n\n<p>Nom : IRIS Interactive<br>Adresse : 3 avenue d\u2019Aiguilhe \u2013 43000 LE PUY EN VELAY (Si\u00e8ge social)<br>Mail : &#99;o&#110;&#116;a&#99;&#116;&#64;&#105;ris&#45;&#105;&#110;t&#101;&#114;acti&#118;e&#46;&#102;r<\/p>\n\n\n\n<h2 class=\"wp-block-heading\">DROIT D\u2019AUTEUR \u2013 COPYRIGHT \u00a9 \u2013 LIENS<\/h2>\n\n\n\n<h3 class=\"wp-block-heading\">La reproduction sur support papier<\/h3>\n\n\n\n<p>A l\u2019exception de l\u2019iconographie, la reproduction des pages de ce site sur un support papier est autoris\u00e9e, sous r\u00e9serve du respect des conditions suivantes :<\/p>\n\n\n\n<ul class=\"wp-block-list\"><li>gratuit\u00e9 de la diffusion,<\/li><li>respect de l\u2019int\u00e9grit\u00e9 des documents reproduits (aucune modification, ni alt\u00e9ration d\u2019aucune sorte) citation explicite du site www.tourisme-valdemarne.com comme source et mention que les droits de reproduction sont r\u00e9serv\u00e9s et strictement limit\u00e9s.<\/li><\/ul>\n\n\n\n<h3 class=\"wp-block-heading\">La reproduction sur support \u00e9lectronique<\/h3>\n\n\n\n<p>La reproduction de tout ou partie de ce site sur un support \u00e9lectronique est autoris\u00e9e sous r\u00e9serve de l\u2019ajout de fa\u00e7on claire et lisible de la source Comit\u00e9 D\u00e9partemental du Tourisme du Val-de-Marne et de la mention \u00ab Droits r\u00e9serv\u00e9s \u00bb. Les informations utilis\u00e9es ne doivent l\u2019\u00eatre qu\u2019\u00e0 des fins personnelles, associatives ou professionnelles ; toute utilisation \u00e0 des fins commerciales ou publicitaires est exclue.<\/p>\n\n\n\n<h3 class=\"wp-block-heading\">Cr\u00e9dits photos<\/h3>\n\n\n\n<p>Les photographies que vous trouverez sur ce site web ne sont pas libres de droits et ne sont pas autoris\u00e9es \u00e0 \u00eatre t\u00e9l\u00e9charg\u00e9es. Pour toute demande d\u2019exploitation professionnelle, merci d\u2019effectuer votre demande via une demande de contact. Le Comit\u00e9 D\u00e9partemental du Tourisme du Val-de-Marne se r\u00e9serve le droit d\u2019engager des poursuites judiciaires en cas d\u2019utilisation des photographies sans demande d\u2019autorisation pr\u00e9alable et accord.<\/p>\n\n\n\n<h3 class=\"wp-block-heading\">La cr\u00e9ation de liens vers www.tourisme-valdemarne.com<\/h3>\n\n\n\n<p>Le site de du Comit\u00e9 D\u00e9partemental du Tourisme du Val-de-Marne autorise la mise en place d\u2019un lien hypertexte pointant vers son contenu, sous r\u00e9serve de :<\/p>\n\n\n\n<ul class=\"wp-block-list\"><li>ne pas utiliser la technique du lien profond (\u201cdeep linking\u201d), c\u2019est-\u00e0-dire que les pages du site www.tourisme-valdemarne.com ne doivent pas \u00eatre imbriqu\u00e9es \u00e0 l\u2019int\u00e9rieur des pages d\u2019un autre site, mais accessible par l\u2019ouverture d\u2019une fen\u00eatre.<\/li><li>mentionner la source qui pointera gr\u00e2ce \u00e0 un lien hypertexte directement sur le contenu vis\u00e9.<\/li><\/ul>\n\n\n\n<p>Les informations utilis\u00e9es ne doivent l\u2019\u00eatre qu\u2019\u00e0 des fins personnelles, associatives ou professionnelles ; toute utilisation \u00e0 des fins commerciales ou publicitaires est exclue. Cette autorisation ne s\u2019applique pas aux sites internet diffusant des informations \u00e0 caract\u00e8re pol\u00e9mique, pornographique, x\u00e9nophobe ou pouvant, dans une plus large mesure porter atteinte \u00e0 la sensibilit\u00e9 du plus grand nombre.<\/p>\n\n\n\n<p>Pour d\u2019autres utilisations, veuillez nous consulter.<\/p>\n\n\n\n<h2 class=\"wp-block-heading\">PORT\u00c9E DES CONTENUS<\/h2>\n\n\n\n<p>En d\u00e9pit du soin apport\u00e9 \u00e0 la collecte des informations ainsi qu\u2019\u00e0 la r\u00e9alisation du site au moyen des techniques les plus r\u00e9centes, des erreurs, omissions, inexactitudes, coupures ou additions ind\u00e9pendantes de notre volont\u00e9 peuvent demeurer ou s\u2019ins\u00e9rer sur ce site. Le Comit\u00e9 D\u00e9partemental du Tourisme du Val-de-Marne ne peut, pour cette raison, \u00eatre tenu \u00e0 garantie, ni express\u00e9ment, ni implicitement, pour l\u2019ensemble du contenu du site ; l\u2019utilisateur du site et des informations qu\u2019il contient reconna\u00eet qu\u2019il en fait usage \u00e0 ses seuls risques et p\u00e9rils et que le Comit\u00e9 D\u00e9partemental du Tourisme du Val-de-Marne ne saurait en cons\u00e9quence voir sa responsabilit\u00e9 engag\u00e9e \u00e0 raison de tout pr\u00e9judice, direct ou indirect, de quelque nature que ce soit r\u00e9sultant pour tout ou partie de l\u2019utilisation des informations du site. De m\u00eame, le Comit\u00e9 D\u00e9partemental du Tourisme du Val-de-Marne ne saurait voir sa responsabilit\u00e9 engag\u00e9e en raison de la nature ou du contenu des sites r\u00e9f\u00e9renc\u00e9s sur les pages qui suivent et notamment ceux pour lesquels un acc\u00e8s est permis par l\u2019utilisation des liens hypertextes figurant aux pages de ce site. Conform\u00e9ment \u00e0 la loi n\u00b078-17 du 6 janvier 1978, vous disposez d\u2019un droit d\u2019acc\u00e8s et de rectification aux donn\u00e9es vous concernant.<\/p>\n\n\n\n<h2 class=\"wp-block-heading\">SYST\u00c8ME D\u2019INFORMATIONS TOURISTIQUES<\/h2>\n\n\n\n<p>Les bases de donn\u00e9es sont prot\u00e9g\u00e9es par la loi du 1er juillet 1998 et le r\u00e9gime fran\u00e7ais du droit d\u2019auteur. Toute utilisation ou extraction d\u2019\u00e9l\u00e9ments du site non autoris\u00e9e par le Comit\u00e9 D\u00e9partemental du Tourisme du Val-de-Marne est illicite et sanctionn\u00e9e p\u00e9nalement par le d\u00e9lit de contrefa\u00e7on.<\/p>\n\n\n\n<h2 class=\"wp-block-heading\">PROTECTION DES DONN\u00c9ES PERSONNELLES<\/h2>\n\n\n\n<p>Veuillez lire notre&nbsp;<a href=\"https:\/\/www.tourisme-valdemarne.com\/espace-pro\/politique-de-confidentialite\/\">Politique de confidentialit\u00e9<\/a>&nbsp;pour plus d\u2019informations.<\/p>\n","protected":false},"excerpt":{"rendered":"<p>En parcourant les pages du site, l\u2019internaute reconna\u00eet avoir lu et accept\u00e9 les limites de responsabilit\u00e9s et les conditions d\u2019utilisation du site. Le Comit\u00e9 D\u00e9partemental du Tourisme du Val-de-Marne ne peut \u00eatre tenu responsable des difficult\u00e9s de connexion au r\u00e9seau Internet ou de visualisation des pages du site. L\u2019internaute reconna\u00eet, en particulier, \u00eatre inform\u00e9 des [&hellip;]<\/p>\n","protected":false},"author":1,"featured_media":0,"parent":0,"menu_order":100,"comment_status":"closed","ping_status":"closed","template":"","meta":{"_relevanssi_hide_post":"","_relevanssi_hide_content":"","_relevanssi_pin_for_all":"","_relevanssi_pin_keywords":"","_relevanssi_unpin_keywords":"","_relevanssi_related_keywords":"","_relevanssi_related_include_ids":"","_relevanssi_related_exclude_ids":"","_relevanssi_related_no_append":"","_relevanssi_related_not_related":"","_relevanssi_related_posts":"8077,2747,8108,8095,442,2749","_relevanssi_noindex_reason":"","footnotes":""},"vdmTagMarketing":[],"class_list":["post-33","page","type-page","status-publish","hentry"],"acf":[],"yoast_head":"<!-- This site is optimized with the Yoast SEO plugin v23.9 - https:\/\/yoast.com\/wordpress\/plugins\/seo\/ -->\n<title>Mentions l\u00e9gales - Espace Pro<\/title>\n<meta name=\"robots\" content=\"noindex, follow\" \/>\n<meta property=\"og:locale\" content=\"fr_FR\" \/>\n<meta property=\"og:type\" content=\"article\" \/>\n<meta property=\"og:title\" content=\"Mentions l\u00e9gales - Espace Pro\" \/>\n<meta property=\"og:description\" content=\"En parcourant les pages du site, l\u2019internaute reconna\u00eet avoir lu et accept\u00e9 les limites de responsabilit\u00e9s et les conditions d\u2019utilisation du site. Le Comit\u00e9 D\u00e9partemental du Tourisme du Val-de-Marne ne peut \u00eatre tenu responsable des difficult\u00e9s de connexion au r\u00e9seau Internet ou de visualisation des pages du site. L\u2019internaute reconna\u00eet, en particulier, \u00eatre inform\u00e9 des [&hellip;]\" \/>\n<meta property=\"og:url\" content=\"https:\/\/www.tourisme-valdemarne.com\/espace-pro\/mentions-legales\/\" \/>\n<meta property=\"og:site_name\" content=\"Espace Pro\" \/>\n<meta property=\"article:modified_time\" content=\"2023-04-24T12:25:01+00:00\" \/>\n<meta name=\"twitter:card\" content=\"summary_large_image\" \/>\n<meta name=\"twitter:label1\" content=\"Dur\u00e9e de lecture estim\u00e9e\" \/>\n\t<meta name=\"twitter:data1\" content=\"4 minutes\" \/>\n<script type=\"application\/ld+json\" class=\"yoast-schema-graph\">{\"@context\":\"https:\/\/schema.org\",\"@graph\":[{\"@type\":\"WebPage\",\"@id\":\"https:\/\/www.tourisme-valdemarne.com\/espace-pro\/mentions-legales\/\",\"url\":\"https:\/\/www.tourisme-valdemarne.com\/espace-pro\/mentions-legales\/\",\"name\":\"Mentions l\u00e9gales - Espace Pro\",\"isPartOf\":{\"@id\":\"https:\/\/www.tourisme-valdemarne.com\/espace-pro\/#website\"},\"datePublished\":\"2019-04-02T14:58:39+00:00\",\"dateModified\":\"2023-04-24T12:25:01+00:00\",\"breadcrumb\":{\"@id\":\"https:\/\/www.tourisme-valdemarne.com\/espace-pro\/mentions-legales\/#breadcrumb\"},\"inLanguage\":\"fr-FR\",\"potentialAction\":[{\"@type\":\"ReadAction\",\"target\":[\"https:\/\/www.tourisme-valdemarne.com\/espace-pro\/mentions-legales\/\"]}]},{\"@type\":\"BreadcrumbList\",\"@id\":\"https:\/\/www.tourisme-valdemarne.com\/espace-pro\/mentions-legales\/#breadcrumb\",\"itemListElement\":[{\"@type\":\"ListItem\",\"position\":1,\"name\":\"Accueil\",\"item\":\"https:\/\/www.tourisme-valdemarne.com\/espace-pro\/\"},{\"@type\":\"ListItem\",\"position\":2,\"name\":\"Mentions l\u00e9gales\"}]},{\"@type\":\"WebSite\",\"@id\":\"https:\/\/www.tourisme-valdemarne.com\/espace-pro\/#website\",\"url\":\"https:\/\/www.tourisme-valdemarne.com\/espace-pro\/\",\"name\":\"Espace Pro\",\"description\":\"Informations et outils pour les professionnels et la Presse\",\"potentialAction\":[{\"@type\":\"SearchAction\",\"target\":{\"@type\":\"EntryPoint\",\"urlTemplate\":\"https:\/\/www.tourisme-valdemarne.com\/espace-pro\/?s={search_term_string}\"},\"query-input\":{\"@type\":\"PropertyValueSpecification\",\"valueRequired\":true,\"valueName\":\"search_term_string\"}}],\"inLanguage\":\"fr-FR\"}]}<\/script>\n<!-- \/ Yoast SEO plugin. -->","yoast_head_json":{"title":"Mentions l\u00e9gales - Espace Pro","robots":{"index":"noindex","follow":"follow"},"og_locale":"fr_FR","og_type":"article","og_title":"Mentions l\u00e9gales - Espace Pro","og_description":"En parcourant les pages du site, l\u2019internaute reconna\u00eet avoir lu et accept\u00e9 les limites de responsabilit\u00e9s et les conditions d\u2019utilisation du site. Le Comit\u00e9 D\u00e9partemental du Tourisme du Val-de-Marne ne peut \u00eatre tenu responsable des difficult\u00e9s de connexion au r\u00e9seau Internet ou de visualisation des pages du site. L\u2019internaute reconna\u00eet, en particulier, \u00eatre inform\u00e9 des [&hellip;]","og_url":"https:\/\/www.tourisme-valdemarne.com\/espace-pro\/mentions-legales\/","og_site_name":"Espace Pro","article_modified_time":"2023-04-24T12:25:01+00:00","twitter_card":"summary_large_image","twitter_misc":{"Dur\u00e9e de lecture estim\u00e9e":"4 minutes"},"schema":{"@context":"https:\/\/schema.org","@graph":[{"@type":"WebPage","@id":"https:\/\/www.tourisme-valdemarne.com\/espace-pro\/mentions-legales\/","url":"https:\/\/www.tourisme-valdemarne.com\/espace-pro\/mentions-legales\/","name":"Mentions l\u00e9gales - Espace Pro","isPartOf":{"@id":"https:\/\/www.tourisme-valdemarne.com\/espace-pro\/#website"},"datePublished":"2019-04-02T14:58:39+00:00","dateModified":"2023-04-24T12:25:01+00:00","breadcrumb":{"@id":"https:\/\/www.tourisme-valdemarne.com\/espace-pro\/mentions-legales\/#breadcrumb"},"inLanguage":"fr-FR","potentialAction":[{"@type":"ReadAction","target":["https:\/\/www.tourisme-valdemarne.com\/espace-pro\/mentions-legales\/"]}]},{"@type":"BreadcrumbList","@id":"https:\/\/www.tourisme-valdemarne.com\/espace-pro\/mentions-legales\/#breadcrumb","itemListElement":[{"@type":"ListItem","position":1,"name":"Accueil","item":"https:\/\/www.tourisme-valdemarne.com\/espace-pro\/"},{"@type":"ListItem","position":2,"name":"Mentions l\u00e9gales"}]},{"@type":"WebSite","@id":"https:\/\/www.tourisme-valdemarne.com\/espace-pro\/#website","url":"https:\/\/www.tourisme-valdemarne.com\/espace-pro\/","name":"Espace Pro","description":"Informations et outils pour les professionnels et la Presse","potentialAction":[{"@type":"SearchAction","target":{"@type":"EntryPoint","urlTemplate":"https:\/\/www.tourisme-valdemarne.com\/espace-pro\/?s={search_term_string}"},"query-input":{"@type":"PropertyValueSpecification","valueRequired":true,"valueName":"search_term_string"}}],"inLanguage":"fr-FR"}]}},"_links":{"self":[{"href":"https:\/\/www.tourisme-valdemarne.com\/espace-pro\/wp-json\/wp\/v2\/pages\/33","targetHints":{"allow":["GET"]}}],"collection":[{"href":"https:\/\/www.tourisme-valdemarne.com\/espace-pro\/wp-json\/wp\/v2\/pages"}],"about":[{"href":"https:\/\/www.tourisme-valdemarne.com\/espace-pro\/wp-json\/wp\/v2\/types\/page"}],"author":[{"embeddable":true,"href":"https:\/\/www.tourisme-valdemarne.com\/espace-pro\/wp-json\/wp\/v2\/users\/1"}],"replies":[{"embeddable":true,"href":"https:\/\/www.tourisme-valdemarne.com\/espace-pro\/wp-json\/wp\/v2\/comments?post=33"}],"version-history":[{"count":2,"href":"https:\/\/www.tourisme-valdemarne.com\/espace-pro\/wp-json\/wp\/v2\/pages\/33\/revisions"}],"predecessor-version":[{"id":13169,"href":"https:\/\/www.tourisme-valdemarne.com\/espace-pro\/wp-json\/wp\/v2\/pages\/33\/revisions\/13169"}],"wp:attachment":[{"href":"https:\/\/www.tourisme-valdemarne.com\/espace-pro\/wp-json\/wp\/v2\/media?parent=33"}],"wp:term":[{"taxonomy":"vdmTagMarketing","embeddable":true,"href":"https:\/\/www.tourisme-valdemarne.com\/espace-pro\/wp-json\/wp\/v2\/vdmTagMarketing?post=33"}],"curies":[{"name":"wp","href":"https:\/\/api.w.org\/{rel}","templated":true}]}}