{"id":3220,"date":"2019-06-04T09:53:15","date_gmt":"2019-06-04T07:53:15","guid":{"rendered":"https:\/\/www.tourisme-valdemarne.com\/espace-pro\/bilan-des-journees-du-patrimoine-2017"},"modified":"2019-06-17T15:17:03","modified_gmt":"2019-06-17T13:17:03","slug":"bilan-des-journees-du-patrimoine-2017","status":"publish","type":"page","link":"https:\/\/www.tourisme-valdemarne.com\/espace-pro\/observatoire-du-tourisme\/frequentation-des-sites-et-evenements\/bilan-des-journees-du-patrimoine-2017\/","title":{"rendered":"Bilan des Journ\u00e9es du patrimoine 2017"},"content":{"rendered":"\n<p class=\"is-style-excerpt\">Le d\u00e9partement a accueilli plus de 45 000 visiteurs durant ce week-end.<\/p>\n\n\n\n<p>La 34\u00e8me \u00e9dition des Journ\u00e9es du patrimoine, plac\u00e9e sous le signe de \u00ab la Jeunesse \u00bb a attir\u00e9 plus de 12 millions de visiteurs, r\u00e9partis sur les 26 000 animations qui \u00e9taient organis\u00e9es dans 17 000 sites ouverts \u00e0 travers la France. Une fr\u00e9quentation nationale comparable \u00e0 l\u2019\u00e9dition 2016.<\/p>\n\n\n\n<div class=\"wp-block-image\"><figure class=\"aligncenter is-resized\"><img data-src=\"https:\/\/www.tourisme-valdemarne.com\/espace-pro\/wp-content\/uploads\/sites\/3\/2019\/06\/jep-2017-visuel-16-9-600x338.jpg\" alt=\"Affiche Journ\u00e9es du patrimoine 2017\" class=\"wp-image-3264\" width=\"450\" height=\"254\" srcset=\"https:\/\/www.tourisme-valdemarne.com\/espace-pro\/wp-content\/uploads\/sites\/3\/2019\/06\/jep-2017-visuel-16-9-600x338.jpg 600w, https:\/\/www.tourisme-valdemarne.com\/espace-pro\/wp-content\/uploads\/sites\/3\/2019\/06\/jep-2017-visuel-16-9-900x506.jpg 900w, https:\/\/www.tourisme-valdemarne.com\/espace-pro\/wp-content\/uploads\/sites\/3\/2019\/06\/jep-2017-visuel-16-9-380x214.jpg 380w, https:\/\/www.tourisme-valdemarne.com\/espace-pro\/wp-content\/uploads\/sites\/3\/2019\/06\/jep-2017-visuel-16-9-200x113.jpg 200w, https:\/\/www.tourisme-valdemarne.com\/espace-pro\/wp-content\/uploads\/sites\/3\/2019\/06\/jep-2017-visuel-16-9.jpg 1072w\" sizes=\"(max-width: 450px) 100vw, 450px\" \/><\/figure><\/div>\n\n\n\n<h2 class=\"wp-block-heading\">Fr\u00e9quentation des lieux ouverts en Val-de-Marne<\/h2>\n\n\n\n<p>Les 16 et 17 septembre derniers, <strong>149 lieux r\u00e9partis sur 38 communes du Val-de-Marne<\/strong> ont ouvert leurs portes aux visiteurs. Si la commune d\u2019Ablon-sur-Seine ne participait pas aux Journ\u00e9es du patrimoine cette ann\u00e9e, nous avons vu le retour de trois communes absentes du programme d\u00e9partemental l\u2019ann\u00e9e derni\u00e8re : Ormesson-sur-Marne, Valenton et Villeneuve-le-Roi. <br>D&rsquo;autre part, une trentaine de sites ont organis\u00e9 au moins une activit\u00e9 en lien avec le th\u00e8me national de la jeunesse.<\/p>\n\n\n\n<p>Une centaine de sites val-de-marnais nous ont communiqu\u00e9 leurs chiffres de fr\u00e9quentation pour les Journ\u00e9es du patrimoine (tableau d\u00e9taill\u00e9 en bas de cet article).<\/p>\n\n\n\n<h3 class=\"wp-block-heading\">Les dix sites les plus fr\u00e9quent\u00e9s<\/h3>\n\n\n\n<ul class=\"wp-block-list\"><li>Ch\u00e2teau de Vincennes<\/li><li>Parc Dupeyroux \u00e0 Cr\u00e9teil \u2013 Ev\u00e9nement Parcs et jardins en f\u00eate<\/li><li>Parvis de l\u2019H\u00f4tel de ville de Vincennes \u2013 March\u00e9 m\u00e9di\u00e9val<\/li><li>L\u2019Enqu\u00eate du M \u2013 RATP \u00e0 Villeneuve-Saint-Georges<\/li><li>Ecole nationale v\u00e9t\u00e9rinaire de Maisons-Alfort<\/li><li>H\u00f4tel de Ville de Vincennes<\/li><li>Ch\u00e2teau d\u2019Ormesson<\/li><li>INA \u2013 Institut National de l\u2019Audiovisuel \u00e0 Bry-sur-Marne<\/li><li>Mac\/Val, Mus\u00e9e d\u2019art contemporain du Val-de-Marne \u00e0 Vitry-sur-Seine<\/li><li>Domaine de Grosbois \u00e0 Boissy-Saint-L\u00e9ger<\/li><\/ul>\n\n\n\n<p>Les communes les plus fr\u00e9quent\u00e9es \u00e9taient <strong>Vincennes, Cr\u00e9teil, Villeneuve-Saint-Georges, Maisons-Alfort, Sucy-en-Brie, Ivry-sur-Seine, Fontenay-sous-Bois, Bry-sur-Marne, Ormesson-sur-Marne et Choisy-le-Roi<\/strong>.<\/p>\n\n\n\n<p>Pour les sites qui avaient \u00e9galement transmis leurs chiffres en 2016, on observe une progression de 25% de la fr\u00e9quentation globale dans le d\u00e9partement. Cependant, l\u2019analyse est plus nuanc\u00e9e si on \u00e9tudie la fr\u00e9quentation site par site : elle augmente pour 45% des lieux participants et baisse \u00e9galement pour 45%.<\/p>\n\n\n\n<p>Pour 50% des organisateurs ayant r\u00e9pondu \u00e0 notre enqu\u00eate, c\u2019est le dimanche qui a \u00e9t\u00e9 le plus fr\u00e9quent\u00e9. Les familles sont les plus nombreuses (cit\u00e9s par 67% des organisateurs), suivies par les couples (46%) et les personnes seules (39%). Les activit\u00e9s fonctionnant le mieux sont les visites guid\u00e9es, visites libres et expositions.<\/p>\n\n\n\n<h2 class=\"wp-block-heading\">R\u00e9servations sur tourisme-valdemarne.com<\/h2>\n\n\n\n<p>Cette ann\u00e9e, une vingtaine d\u2019activit\u00e9s dans une <strong>quinzaine de lieux<\/strong> \u00e9taient disponibles sur notre site de r\u00e9servation en ligne. Ce service permet \u00e0 la fois aux organisateurs de g\u00e9rer plus facilement leurs inscriptions et au public de trouver toutes les visites propos\u00e9es sur un seul site.<\/p>\n\n\n\n<p>Plus de <strong>800 inscriptions ont \u00e9t\u00e9 enregistr\u00e9es<\/strong>, notamment pour visiter le Domaine de Grosbois (180 inscrits), les coulisses de l\u2019Orlyval (115 inscrits), l\u2019Institut national de l\u2019Audiovisuel (90 inscrits), les Archives d\u00e9partementales (90 inscrits), le ch\u00e2teau d\u2019Ormesson (80 inscrits) ou encore pour faire une balade en cano\u00eb \u00e0 Champigny (90 inscrits).<\/p>\n\n\n\n<h2 class=\"wp-block-heading\">Fr\u00e9quentation du programme en ligne sur notre site web<\/h2>\n\n\n\n<p>Entre le 1er et le 17 septembre, le programme des Journ\u00e9es du patrimoine sur tourisme-valdemarne.com a g\u00e9n\u00e9r\u00e9 42% du trafic du site web. En r\u00e9alit\u00e9, le programme est fr\u00e9quent\u00e9 depuis la fin du mois de juillet et comptabilise plus de 20 000 visites en deux mois, dont plus de 5 000 durant le week-end des 16 et 17 septembre.<\/p>\n\n\n\n<p>Avec cette fr\u00e9quentation exceptionnelle, la rubrique Journ\u00e9e du patrimoine enregistre une hausse de 45% par rapport \u00e0 2016, notamment pendant les deux semaines pr\u00e9c\u00e9dant l\u2019\u00e9v\u00e9nement (+60%).<\/p>\n\n\n\n<div class=\"wp-block-image\"><figure class=\"aligncenter\"><img width=\"600\" height=\"312\" data-src=\"https:\/\/www.tourisme-valdemarne.com\/espace-pro\/wp-content\/uploads\/sites\/3\/2019\/06\/graph-rubrique-17-600x312.jpg\" alt=\"visites rubrique JEP 2017\" class=\"wp-image-3268\" srcset=\"https:\/\/www.tourisme-valdemarne.com\/espace-pro\/wp-content\/uploads\/sites\/3\/2019\/06\/graph-rubrique-17-600x312.jpg 600w, https:\/\/www.tourisme-valdemarne.com\/espace-pro\/wp-content\/uploads\/sites\/3\/2019\/06\/graph-rubrique-17-380x198.jpg 380w, https:\/\/www.tourisme-valdemarne.com\/espace-pro\/wp-content\/uploads\/sites\/3\/2019\/06\/graph-rubrique-17-200x104.jpg 200w, https:\/\/www.tourisme-valdemarne.com\/espace-pro\/wp-content\/uploads\/sites\/3\/2019\/06\/graph-rubrique-17.jpg 748w\" sizes=\"(max-width: 600px) 100vw, 600px\" \/><\/figure><\/div>\n\n\n\n<p>Cette progression peut notamment s\u2019expliquer par l\u2019important travail de r\u00e9f\u00e9rencement qui a \u00e9t\u00e9 entrepris et la publication d\u2019articles de suggestions pour l\u2019ensemble du d\u00e9partement et pour les principales communes participantes.<\/p>\n\n\n\n<h3 class=\"wp-block-heading\">Top 10 des pages les plus consult\u00e9es<\/h3>\n\n\n\n<ul class=\"wp-block-list\"><li>Domaine de Grosbois (Boissy-Saint-L\u00e9ger)<\/li><li>Randonn\u00e9e \u00ab A la d\u00e9couverte des aqueducs du Val-de-Bi\u00e8vre \u00bb (Cachan)<\/li><li>Ina \u2013 Institut National de l\u2019Audiovisuel (Bry-sur-Marne)<\/li><li>Ch\u00e2teau d\u2019Ormesson (Ormesson-sur-Marne)<\/li><li>Visite comment\u00e9e d\u2019un poste d\u2019aiguillage SNCF (Nogent-Le Perreux)<\/li><li>Parc Dupeyroux \u2013 Parcs et jardins en f\u00eate (Cr\u00e9teil)<\/li><li>D\u00e9couverte du quartier du Maroc (Champigny-sur-Marne)<\/li><li>Ecole nationale v\u00e9t\u00e9rinaire d\u2019Alfort (Maisons-Alfort)<\/li><li>La surprenante machine \u00e0 laver du m\u00e9tro de la ligne 7 (Ivry-sur-Seine)<\/li><li>INSEP &#8211; &lsquo;Institut National du Sport, de l&rsquo;Expertise et de la Performance (Paris 12)<\/li><\/ul>\n\n\n\n<h2 class=\"wp-block-heading\">Tableau complet de la fr\u00e9quentation par lieu<\/h2>\n\n\n<div class=\"infogram-embed\" data-id=\"cdfda1b8-7aef-45e6-895c-1124090e5983\" data-type=\"interactive\" data-title=\"Fr\u00e9quentation par lieu\"><\/div>\n<p><script>!function(e,t,s,i){var n=\"InfogramEmbeds\",o=e.getElementsByTagName(\"script\")[0],d=\/^http:\/.test(e.location)?\"http:\":\"https:\";if(\/^\\\/{2}\/.test(i)&&(i=d+i),window[n]&&window[n].initialized)window[n].process&&window[n].process();else if(!e.getElementById(s)){var r=e.createElement(\"script\");r.async=1,r.id=s,r.src=i,o.parentNode.insertBefore(r,o)}}(document,0,\"infogram-async\",\"https:\/\/e.infogram.com\/js\/dist\/embed-loader-min.js\");<\/script><\/p>\n<div style=\"padding:8px 0;font-family:Arial!important;font-size:13px!important;line-height:15px!important;text-align:center;border-top:1px solid #dadada;margin:0 30px\"><\/div>\n\n\n\n<p class=\"is-style-highlight\">D\u00e9couvrez le <a href=\"https:\/\/www.tourisme-valdemarne.com\/espace-pro\/observatoire-du-tourisme\/frequentation-des-sites-et-evenements\/bilan-des-journees-du-patrimoine-2016\/\">bilan de l&rsquo;\u00e9dition 2016 des Journ\u00e9es du patrimoine<\/a>.<\/p>\n","protected":false},"excerpt":{"rendered":"<p>Le d\u00e9partement a accueilli plus de 45 000 visiteurs durant ce week-end. La 34\u00e8me \u00e9dition des Journ\u00e9es du patrimoine, plac\u00e9e sous le signe de \u00ab la Jeunesse \u00bb a attir\u00e9 plus de 12 millions de visiteurs, r\u00e9partis sur les 26 000 animations qui \u00e9taient organis\u00e9es dans 17 000 sites ouverts \u00e0 travers la France. Une [&hellip;]<\/p>\n","protected":false},"author":8,"featured_media":3309,"parent":947,"menu_order":30,"comment_status":"closed","ping_status":"closed","template":"","meta":{"_relevanssi_hide_post":"","_relevanssi_hide_content":"","_relevanssi_pin_for_all":"","_relevanssi_pin_keywords":"","_relevanssi_unpin_keywords":"","_relevanssi_related_keywords":"","_relevanssi_related_include_ids":"","_relevanssi_related_exclude_ids":"","_relevanssi_related_no_append":"","_relevanssi_related_not_related":"","_relevanssi_related_posts":"444,2751,442,2745,8101,2741","_relevanssi_noindex_reason":"","footnotes":""},"vdmTagMarketing":[],"class_list":["post-3220","page","type-page","status-publish","has-post-thumbnail","hentry"],"acf":[],"yoast_head":"<!-- This site is optimized with the Yoast SEO plugin v23.9 - https:\/\/yoast.com\/wordpress\/plugins\/seo\/ -->\n<title>Bilan des Journ\u00e9es du patrimoine 2017 - Espace Pro<\/title>\n<meta name=\"robots\" content=\"index, follow, max-snippet:-1, max-image-preview:large, max-video-preview:-1\" \/>\n<link rel=\"canonical\" href=\"https:\/\/www.tourisme-valdemarne.com\/espace-pro\/observatoire-du-tourisme\/frequentation-des-sites-et-evenements\/bilan-des-journees-du-patrimoine-2017\/\" \/>\n<meta property=\"og:locale\" content=\"fr_FR\" \/>\n<meta property=\"og:type\" content=\"article\" \/>\n<meta property=\"og:title\" content=\"Bilan des Journ\u00e9es du patrimoine 2017 - Espace Pro\" \/>\n<meta property=\"og:description\" content=\"Le d\u00e9partement a accueilli plus de 45 000 visiteurs durant ce week-end. La 34\u00e8me \u00e9dition des Journ\u00e9es du patrimoine, plac\u00e9e sous le signe de \u00ab la Jeunesse \u00bb a attir\u00e9 plus de 12 millions de visiteurs, r\u00e9partis sur les 26 000 animations qui \u00e9taient organis\u00e9es dans 17 000 sites ouverts \u00e0 travers la France. Une [&hellip;]\" \/>\n<meta property=\"og:url\" content=\"https:\/\/www.tourisme-valdemarne.com\/espace-pro\/observatoire-du-tourisme\/frequentation-des-sites-et-evenements\/bilan-des-journees-du-patrimoine-2017\/\" \/>\n<meta property=\"og:site_name\" content=\"Espace Pro\" \/>\n<meta property=\"article:modified_time\" content=\"2019-06-17T13:17:03+00:00\" \/>\n<meta property=\"og:image\" content=\"https:\/\/www.tourisme-valdemarne.com\/espace-pro\/wp-content\/uploads\/sites\/3\/2019\/06\/parc-des-lilas.jpg\" \/>\n\t<meta property=\"og:image:width\" content=\"1600\" \/>\n\t<meta property=\"og:image:height\" content=\"1065\" \/>\n\t<meta property=\"og:image:type\" content=\"image\/jpeg\" \/>\n<meta name=\"twitter:card\" content=\"summary_large_image\" \/>\n<meta name=\"twitter:label1\" content=\"Dur\u00e9e de lecture estim\u00e9e\" \/>\n\t<meta name=\"twitter:data1\" content=\"4 minutes\" \/>\n<script type=\"application\/ld+json\" class=\"yoast-schema-graph\">{\"@context\":\"https:\/\/schema.org\",\"@graph\":[{\"@type\":\"WebPage\",\"@id\":\"https:\/\/www.tourisme-valdemarne.com\/espace-pro\/observatoire-du-tourisme\/frequentation-des-sites-et-evenements\/bilan-des-journees-du-patrimoine-2017\/\",\"url\":\"https:\/\/www.tourisme-valdemarne.com\/espace-pro\/observatoire-du-tourisme\/frequentation-des-sites-et-evenements\/bilan-des-journees-du-patrimoine-2017\/\",\"name\":\"Bilan des Journ\u00e9es du patrimoine 2017 - Espace Pro\",\"isPartOf\":{\"@id\":\"https:\/\/www.tourisme-valdemarne.com\/espace-pro\/#website\"},\"primaryImageOfPage\":{\"@id\":\"https:\/\/www.tourisme-valdemarne.com\/espace-pro\/observatoire-du-tourisme\/frequentation-des-sites-et-evenements\/bilan-des-journees-du-patrimoine-2017\/#primaryimage\"},\"image\":{\"@id\":\"https:\/\/www.tourisme-valdemarne.com\/espace-pro\/observatoire-du-tourisme\/frequentation-des-sites-et-evenements\/bilan-des-journees-du-patrimoine-2017\/#primaryimage\"},\"thumbnailUrl\":\"https:\/\/www.tourisme-valdemarne.com\/espace-pro\/wp-content\/uploads\/sites\/3\/2019\/06\/parc-des-lilas.jpg\",\"datePublished\":\"2019-06-04T07:53:15+00:00\",\"dateModified\":\"2019-06-17T13:17:03+00:00\",\"breadcrumb\":{\"@id\":\"https:\/\/www.tourisme-valdemarne.com\/espace-pro\/observatoire-du-tourisme\/frequentation-des-sites-et-evenements\/bilan-des-journees-du-patrimoine-2017\/#breadcrumb\"},\"inLanguage\":\"fr-FR\",\"potentialAction\":[{\"@type\":\"ReadAction\",\"target\":[\"https:\/\/www.tourisme-valdemarne.com\/espace-pro\/observatoire-du-tourisme\/frequentation-des-sites-et-evenements\/bilan-des-journees-du-patrimoine-2017\/\"]}]},{\"@type\":\"ImageObject\",\"inLanguage\":\"fr-FR\",\"@id\":\"https:\/\/www.tourisme-valdemarne.com\/espace-pro\/observatoire-du-tourisme\/frequentation-des-sites-et-evenements\/bilan-des-journees-du-patrimoine-2017\/#primaryimage\",\"url\":\"https:\/\/www.tourisme-valdemarne.com\/espace-pro\/wp-content\/uploads\/sites\/3\/2019\/06\/parc-des-lilas.jpg\",\"contentUrl\":\"https:\/\/www.tourisme-valdemarne.com\/espace-pro\/wp-content\/uploads\/sites\/3\/2019\/06\/parc-des-lilas.jpg\",\"width\":1600,\"height\":1065,\"caption\":\"F\u00eate des moissons au Parc des Lilas \u00e0 Vitry-sur-Seine \u00a9 Michel Aumercier\"},{\"@type\":\"BreadcrumbList\",\"@id\":\"https:\/\/www.tourisme-valdemarne.com\/espace-pro\/observatoire-du-tourisme\/frequentation-des-sites-et-evenements\/bilan-des-journees-du-patrimoine-2017\/#breadcrumb\",\"itemListElement\":[{\"@type\":\"ListItem\",\"position\":1,\"name\":\"Accueil\",\"item\":\"https:\/\/www.tourisme-valdemarne.com\/espace-pro\/\"},{\"@type\":\"ListItem\",\"position\":2,\"name\":\"Observatoire du tourisme\",\"item\":\"https:\/\/www.tourisme-valdemarne.com\/espace-pro\/observatoire-du-tourisme\/\"},{\"@type\":\"ListItem\",\"position\":3,\"name\":\"Fr\u00e9quentation des sites et \u00e9v\u00e8nements\",\"item\":\"https:\/\/www.tourisme-valdemarne.com\/espace-pro\/observatoire-du-tourisme\/frequentation-des-sites-et-evenements\/\"},{\"@type\":\"ListItem\",\"position\":4,\"name\":\"Bilan des Journ\u00e9es du patrimoine 2017\"}]},{\"@type\":\"WebSite\",\"@id\":\"https:\/\/www.tourisme-valdemarne.com\/espace-pro\/#website\",\"url\":\"https:\/\/www.tourisme-valdemarne.com\/espace-pro\/\",\"name\":\"Espace Pro\",\"description\":\"Informations et outils pour les professionnels et la Presse\",\"potentialAction\":[{\"@type\":\"SearchAction\",\"target\":{\"@type\":\"EntryPoint\",\"urlTemplate\":\"https:\/\/www.tourisme-valdemarne.com\/espace-pro\/?s={search_term_string}\"},\"query-input\":{\"@type\":\"PropertyValueSpecification\",\"valueRequired\":true,\"valueName\":\"search_term_string\"}}],\"inLanguage\":\"fr-FR\"}]}<\/script>\n<!-- \/ Yoast SEO plugin. -->","yoast_head_json":{"title":"Bilan des Journ\u00e9es du patrimoine 2017 - Espace Pro","robots":{"index":"index","follow":"follow","max-snippet":"max-snippet:-1","max-image-preview":"max-image-preview:large","max-video-preview":"max-video-preview:-1"},"canonical":"https:\/\/www.tourisme-valdemarne.com\/espace-pro\/observatoire-du-tourisme\/frequentation-des-sites-et-evenements\/bilan-des-journees-du-patrimoine-2017\/","og_locale":"fr_FR","og_type":"article","og_title":"Bilan des Journ\u00e9es du patrimoine 2017 - Espace Pro","og_description":"Le d\u00e9partement a accueilli plus de 45 000 visiteurs durant ce week-end. La 34\u00e8me \u00e9dition des Journ\u00e9es du patrimoine, plac\u00e9e sous le signe de \u00ab la Jeunesse \u00bb a attir\u00e9 plus de 12 millions de visiteurs, r\u00e9partis sur les 26 000 animations qui \u00e9taient organis\u00e9es dans 17 000 sites ouverts \u00e0 travers la France. Une [&hellip;]","og_url":"https:\/\/www.tourisme-valdemarne.com\/espace-pro\/observatoire-du-tourisme\/frequentation-des-sites-et-evenements\/bilan-des-journees-du-patrimoine-2017\/","og_site_name":"Espace Pro","article_modified_time":"2019-06-17T13:17:03+00:00","og_image":[{"width":1600,"height":1065,"url":"https:\/\/www.tourisme-valdemarne.com\/espace-pro\/wp-content\/uploads\/sites\/3\/2019\/06\/parc-des-lilas.jpg","type":"image\/jpeg"}],"twitter_card":"summary_large_image","twitter_misc":{"Dur\u00e9e de lecture estim\u00e9e":"4 minutes"},"schema":{"@context":"https:\/\/schema.org","@graph":[{"@type":"WebPage","@id":"https:\/\/www.tourisme-valdemarne.com\/espace-pro\/observatoire-du-tourisme\/frequentation-des-sites-et-evenements\/bilan-des-journees-du-patrimoine-2017\/","url":"https:\/\/www.tourisme-valdemarne.com\/espace-pro\/observatoire-du-tourisme\/frequentation-des-sites-et-evenements\/bilan-des-journees-du-patrimoine-2017\/","name":"Bilan des Journ\u00e9es du patrimoine 2017 - Espace Pro","isPartOf":{"@id":"https:\/\/www.tourisme-valdemarne.com\/espace-pro\/#website"},"primaryImageOfPage":{"@id":"https:\/\/www.tourisme-valdemarne.com\/espace-pro\/observatoire-du-tourisme\/frequentation-des-sites-et-evenements\/bilan-des-journees-du-patrimoine-2017\/#primaryimage"},"image":{"@id":"https:\/\/www.tourisme-valdemarne.com\/espace-pro\/observatoire-du-tourisme\/frequentation-des-sites-et-evenements\/bilan-des-journees-du-patrimoine-2017\/#primaryimage"},"thumbnailUrl":"https:\/\/www.tourisme-valdemarne.com\/espace-pro\/wp-content\/uploads\/sites\/3\/2019\/06\/parc-des-lilas.jpg","datePublished":"2019-06-04T07:53:15+00:00","dateModified":"2019-06-17T13:17:03+00:00","breadcrumb":{"@id":"https:\/\/www.tourisme-valdemarne.com\/espace-pro\/observatoire-du-tourisme\/frequentation-des-sites-et-evenements\/bilan-des-journees-du-patrimoine-2017\/#breadcrumb"},"inLanguage":"fr-FR","potentialAction":[{"@type":"ReadAction","target":["https:\/\/www.tourisme-valdemarne.com\/espace-pro\/observatoire-du-tourisme\/frequentation-des-sites-et-evenements\/bilan-des-journees-du-patrimoine-2017\/"]}]},{"@type":"ImageObject","inLanguage":"fr-FR","@id":"https:\/\/www.tourisme-valdemarne.com\/espace-pro\/observatoire-du-tourisme\/frequentation-des-sites-et-evenements\/bilan-des-journees-du-patrimoine-2017\/#primaryimage","url":"https:\/\/www.tourisme-valdemarne.com\/espace-pro\/wp-content\/uploads\/sites\/3\/2019\/06\/parc-des-lilas.jpg","contentUrl":"https:\/\/www.tourisme-valdemarne.com\/espace-pro\/wp-content\/uploads\/sites\/3\/2019\/06\/parc-des-lilas.jpg","width":1600,"height":1065,"caption":"F\u00eate des moissons au Parc des Lilas \u00e0 Vitry-sur-Seine \u00a9 Michel Aumercier"},{"@type":"BreadcrumbList","@id":"https:\/\/www.tourisme-valdemarne.com\/espace-pro\/observatoire-du-tourisme\/frequentation-des-sites-et-evenements\/bilan-des-journees-du-patrimoine-2017\/#breadcrumb","itemListElement":[{"@type":"ListItem","position":1,"name":"Accueil","item":"https:\/\/www.tourisme-valdemarne.com\/espace-pro\/"},{"@type":"ListItem","position":2,"name":"Observatoire du tourisme","item":"https:\/\/www.tourisme-valdemarne.com\/espace-pro\/observatoire-du-tourisme\/"},{"@type":"ListItem","position":3,"name":"Fr\u00e9quentation des sites et \u00e9v\u00e8nements","item":"https:\/\/www.tourisme-valdemarne.com\/espace-pro\/observatoire-du-tourisme\/frequentation-des-sites-et-evenements\/"},{"@type":"ListItem","position":4,"name":"Bilan des Journ\u00e9es du patrimoine 2017"}]},{"@type":"WebSite","@id":"https:\/\/www.tourisme-valdemarne.com\/espace-pro\/#website","url":"https:\/\/www.tourisme-valdemarne.com\/espace-pro\/","name":"Espace Pro","description":"Informations et outils pour les professionnels et la Presse","potentialAction":[{"@type":"SearchAction","target":{"@type":"EntryPoint","urlTemplate":"https:\/\/www.tourisme-valdemarne.com\/espace-pro\/?s={search_term_string}"},"query-input":{"@type":"PropertyValueSpecification","valueRequired":true,"valueName":"search_term_string"}}],"inLanguage":"fr-FR"}]}},"_links":{"self":[{"href":"https:\/\/www.tourisme-valdemarne.com\/espace-pro\/wp-json\/wp\/v2\/pages\/3220","targetHints":{"allow":["GET"]}}],"collection":[{"href":"https:\/\/www.tourisme-valdemarne.com\/espace-pro\/wp-json\/wp\/v2\/pages"}],"about":[{"href":"https:\/\/www.tourisme-valdemarne.com\/espace-pro\/wp-json\/wp\/v2\/types\/page"}],"author":[{"embeddable":true,"href":"https:\/\/www.tourisme-valdemarne.com\/espace-pro\/wp-json\/wp\/v2\/users\/8"}],"replies":[{"embeddable":true,"href":"https:\/\/www.tourisme-valdemarne.com\/espace-pro\/wp-json\/wp\/v2\/comments?post=3220"}],"version-history":[{"count":6,"href":"https:\/\/www.tourisme-valdemarne.com\/espace-pro\/wp-json\/wp\/v2\/pages\/3220\/revisions"}],"predecessor-version":[{"id":3275,"href":"https:\/\/www.tourisme-valdemarne.com\/espace-pro\/wp-json\/wp\/v2\/pages\/3220\/revisions\/3275"}],"up":[{"embeddable":true,"href":"https:\/\/www.tourisme-valdemarne.com\/espace-pro\/wp-json\/wp\/v2\/pages\/947"}],"wp:featuredmedia":[{"embeddable":true,"href":"https:\/\/www.tourisme-valdemarne.com\/espace-pro\/wp-json\/wp\/v2\/media\/3309"}],"wp:attachment":[{"href":"https:\/\/www.tourisme-valdemarne.com\/espace-pro\/wp-json\/wp\/v2\/media?parent=3220"}],"wp:term":[{"taxonomy":"vdmTagMarketing","embeddable":true,"href":"https:\/\/www.tourisme-valdemarne.com\/espace-pro\/wp-json\/wp\/v2\/vdmTagMarketing?post=3220"}],"curies":[{"name":"wp","href":"https:\/\/api.w.org\/{rel}","templated":true}]}}