{"id":30817,"date":"2026-02-05T15:11:00","date_gmt":"2026-02-05T14:11:00","guid":{"rendered":"https:\/\/www.tourisme-valdemarne.com\/espace-pro\/?page_id=30817"},"modified":"2026-02-05T15:19:02","modified_gmt":"2026-02-05T14:19:02","slug":"nouveau-les-parcours-savoir-faire","status":"publish","type":"page","link":"https:\/\/www.tourisme-valdemarne.com\/espace-pro\/presse\/actualites-et-communiques-de-presse\/nouveau-les-parcours-savoir-faire\/","title":{"rendered":"Nouveau : les parcours savoir-faire"},"content":{"rendered":"\n<p class=\"is-style-excerpt\">Communiqu\u00e9 de presse<\/p>\n\n\n\n<h2 class=\"wp-block-heading\">Parcours Savoir-faire : de nouvelles balades urbaines d\u00e9di\u00e9es aux m\u00e9tiers d\u2019art et de bouche<\/h2>\n\n\n\n<p>La premi\u00e8re plateforme de commercialisation de visites guid\u00e9es insolites dans le Grand Paris, Explore Paris, enrichit son catalogue de visites guid\u00e9es avec le lancement de 6 balades th\u00e9matiques pour faire d\u00e9couvrir les m\u00e9tiers d\u2019art et la gastronomie dans le Grand Paris, \u00e0 travers des exp\u00e9riences urbaines authentiques et humaines.<\/p>\n\n\n\n<h3 class=\"wp-block-heading\">Les \u00ab\u00a0Parcours savoir-faire\u201d, des balades pour (re)d\u00e9couvrir les talents du Grand Paris<\/h3>\n\n\n\n<p>Depuis sa cr\u00e9ation, Explore Paris c\u2019est 30 000 visites mises en ligne dans le Grand Paris. <br>Loin des circuits touristiques classiques, la plateforme privil\u00e9gie les lieux confidentiels, les th\u00e9matiques originales et les rencontres avec les habitants ou les artisans.<br>Pour ce faire, les porteurs du contrat de destination Explore Paris* invitent \u00e0 arpenter les quartiers de Paris, de la Seine-Saint-Denis, du Val-de-Marne et des Hauts-de-Seine, en partant \u00e0 la rencontre d\u2019artisans, de cr\u00e9ateurs et de lieux gourmands dans le cadre de 6 balades th\u00e9matiques \u00e0 pied, accompagn\u00e9 d\u2019un guide d\u00e9di\u00e9.<\/p>\n\n\n\n<h3 class=\"wp-block-heading\">Pourquoi participer \u00e0 ces parcours ?<\/h3>\n\n\n\n<ul class=\"wp-block-list\">\n<li>D\u00e9couverte unique : explorer des quartiers m\u00e9connus \u00e0 travers le prisme des m\u00e9tiers d\u2019art et de la gastronomie<\/li>\n\n\n\n<li>Rencontres authentiques : \u00e9changes avec des artisans, cr\u00e9ateurs et producteurs locaux<\/li>\n\n\n\n<li>Tourisme responsable : un format centr\u00e9 sur la mobilit\u00e9 douce et l\u2019\u00e9conomie locale<\/li>\n\n\n\n<li>Exp\u00e9rience sensorielle : d\u00e9gustations, d\u00e9monstrations, immersion dans des lieux vivants et inspirants<\/li>\n<\/ul>\n\n\n\n<h3 class=\"wp-block-heading\">6 parcours \u00e0 ne pas manquer<\/h3>\n\n\n\n<h4 class=\"wp-block-heading\">Fontenay\u2011sous\u2011Bois, une histoire \u00e0 d\u00e9guster<\/h4>\n\n\n\n<p>De l\u2019\u00e9glise Saint-Germain-l\u2019Auxerrois \u00e0 la halle Roublot, en passant par les murs graff\u00e9s et la nature en ville, le guide initie \u00e0 l\u2019histoire industrielle et \u00e0 la transformation de la ville.<br>Plusieurs haltes permettent de savourer des sp\u00e9cialit\u00e9s locales, avec une d\u00e9gustation de fromages aux Fromages Divins, une pause sucr\u00e9e, et la rencontre d\u2019artisans et artistes \u00e0 La Fonderie, ancien site industriel devenu p\u00f4le cr\u00e9atif incontournable.<\/p>\n\n\n\n<p><a href=\"https:\/\/exploreparis.com\/fr\/9369-fontenay-sous-bois-une-histoire-a-deguster-.html\"><strong>D\u00e9couvrez cette visite en Val-de-Marne<\/strong><\/a><\/p>\n\n\n\n<h4 class=\"wp-block-heading\">Art, artisanat et saveurs, d\u2019Asni\u00e8res \u00e0 Levallois<\/h4>\n\n\n\n<p>Depuis le ch\u00e2teau d\u2019Asni\u00e8res, monument historique du XVIII\u1d49 si\u00e8cle, le grand public se prom\u00e8ne le long de la Seine et du parc des 5 Continents, avant de savourer les cookies artisanaux des Gouters de Karen.<br>La balade se poursuit \u00e0 l\u2019atelier Bizet, o\u00f9 les visiteurs admirent et assiste \u00e0 la cr\u00e9ation de broderies pour de la Haute Couture. <br>Un moment qui allie d\u00e9couvertes culturelle, artisanale et gustative dans un parcours unique au c\u0153ur des Hauts-de-Seine.<\/p>\n\n\n\n<h4 class=\"wp-block-heading\">Du pain, du fromage et du vin au Pr\u00e9\u2011Saint\u2011Gervais<\/h4>\n\n\n\n<p>Le grand public part \u00e0 la d\u00e9couverte des savoir-faire gourmands du Pr\u00e9 Saint-Gervais, guid\u00e9s par des artisans ambassadeurs de la convivialit\u00e9 et du bien-manger.<br>De Hoche \u00e0 Mairie des Lilas, les participants savourent les pains de chez FARINE, les fromages de La Fromagerie du Pr\u00e9, et les vins de Le Jaja, tout en d\u00e9couvrant l\u2019art de la table au restaurant Pr\u00e9au.<br>La balade se termine par une promenade dans la cit\u00e9-jardin de la ville, dont l\u2019architecture des ann\u00e9es 1930 offre un cadre champ\u00eatre id\u00e9al pour clore ce parcours gourmand et culturel.<\/p>\n\n\n\n<h4 class=\"wp-block-heading\">La Chapelle : l&rsquo;insolite !<\/h4>\n\n\n\n<p>Une balade urbaine insolite o\u00f9 chaque arr\u00eat stimule les sens : dans la micro-boulangerie La Lune des Moissons, dans la Laiterie de La Chapelle, ou encore dans la ferme urbaine souterraine La Caverne. Ici, on rencontre les artisans et bien s\u00fbr, on go\u00fbte leurs produits !<\/p>\n\n\n\n<h4 class=\"wp-block-heading\">Saveurs locales \u00e0 Aubervilliers<\/h4>\n\n\n\n<p>Une balade conviviale au c\u0153ur d\u2019Aubervilliers, o\u00f9 chaque arr\u00eat met \u00e0 l\u2019honneur les saveurs locales : la boulangerie Aux saveurs du Moutier, la brasserie Le caf\u00e9 d\u2019Auber, la fromagerie Marie et la caviste Dame Jeanne.<br>Entre anecdotes historiques, d\u00e9gustations et rencontres avec des commer\u00e7ants passionn\u00e9s, ce parcours fait d\u00e9couvrir l\u2019authenticit\u00e9 et la g\u00e9n\u00e9rosit\u00e9 d\u2019un quartier vivant.<\/p>\n\n\n\n<h4 class=\"wp-block-heading\">Des m\u00e9tiers pas comme les autres \u00e0 Montreuil<\/h4>\n\n\n\n<p>Au fil des rencontres et des d\u00e9gustations, ce parcours fait voir, sentir et go\u00fbter l\u2019\u00e9nergie et la passion de celles et ceux qui animent ces lieux. Dans un esprit d\u2019\u00e9change et de convivialit\u00e9, sont \u00e0 d\u00e9couvrir la Laiterie L&rsquo;Amicale, Capuch&rsquo; l\u2019artisane torr\u00e9factrice et la boulangerie itin\u00e9rante Les Ferments.<\/p>\n\n\n\n<p>Con\u00e7us comme les offres d\u00e9j\u00e0 disponibles sur Explore Paris, ces parcours permettent aux participants de vivre une exp\u00e9rience unique au plus pr\u00e8s des artisans. Chaque territoire est rempli de talents souvent insoup\u00e7onn\u00e9s, dans les m\u00e9tiers de bouche comme dans le domaine de l\u2019art. Ces balades, c\u2019est toute la richesse des savoir-faire \u00e0 deux pas de chez soi.<br>D\u00e8s \u00e0 pr\u00e9sent en ligne sur Explore Paris, le grand public peut r\u00e9server l\u2019une de ces 6 nouvelles balades et d\u00e9couvrir plus largement l\u2019offres de visites sur les savoir-faire.<\/p>\n\n\n\n<p class=\"is-style-highlight\"><a href=\"https:\/\/exploreparis.com\/fr\/12-savoir-faire?utm_medium=email&amp;utm_campaign=Individuels%20Explore%20Paris%20-%20Savoir%20faire%20%20Gourmandises%20-%2021%20novembre%202025&amp;utm_content=Individuels%20Explore%20Paris%20-%20Savoir%20faire%20%20Gourmandises%20-%2021%20novembre%202025+CID_05ad625d95a72e5e513def8c89540882&amp;utm_source=Email%20marketing%20software&amp;utm_term=Visites%20savoir-faire\" target=\"_blank\" rel=\"noreferrer noopener\">Plus d&rsquo;infos et inscriptions<\/a><\/p>\n","protected":false},"excerpt":{"rendered":"<p>Communiqu\u00e9 de presse Parcours Savoir-faire : de nouvelles balades urbaines d\u00e9di\u00e9es aux m\u00e9tiers d\u2019art et de bouche La premi\u00e8re plateforme de commercialisation de visites guid\u00e9es insolites dans le Grand Paris, Explore Paris, enrichit son catalogue de visites guid\u00e9es avec le lancement de 6 balades th\u00e9matiques pour faire d\u00e9couvrir les m\u00e9tiers d\u2019art et la gastronomie dans [&hellip;]<\/p>\n","protected":false},"author":9,"featured_media":30820,"parent":179,"menu_order":0,"comment_status":"closed","ping_status":"closed","template":"","meta":{"_relevanssi_hide_post":"","_relevanssi_hide_content":"","_relevanssi_pin_for_all":"","_relevanssi_pin_keywords":"","_relevanssi_unpin_keywords":"","_relevanssi_related_keywords":"","_relevanssi_related_include_ids":"","_relevanssi_related_exclude_ids":"","_relevanssi_related_no_append":"","_relevanssi_related_not_related":"","_relevanssi_related_posts":"2741,8074,8095,2747,8105,446","_relevanssi_noindex_reason":"","footnotes":""},"vdmTagMarketing":[],"class_list":["post-30817","page","type-page","status-publish","has-post-thumbnail","hentry"],"acf":[],"yoast_head":"<!-- This site is optimized with the Yoast SEO plugin v23.9 - https:\/\/yoast.com\/wordpress\/plugins\/seo\/ -->\n<title>Nouveau : les parcours savoir-faire - Espace Pro<\/title>\n<meta name=\"robots\" content=\"index, follow, max-snippet:-1, max-image-preview:large, max-video-preview:-1\" \/>\n<link rel=\"canonical\" href=\"https:\/\/www.tourisme-valdemarne.com\/espace-pro\/presse\/actualites-et-communiques-de-presse\/nouveau-les-parcours-savoir-faire\/\" \/>\n<meta property=\"og:locale\" content=\"fr_FR\" \/>\n<meta property=\"og:type\" content=\"article\" \/>\n<meta property=\"og:title\" content=\"Nouveau : les parcours savoir-faire - Espace Pro\" \/>\n<meta property=\"og:description\" content=\"Communiqu\u00e9 de presse Parcours Savoir-faire : de nouvelles balades urbaines d\u00e9di\u00e9es aux m\u00e9tiers d\u2019art et de bouche La premi\u00e8re plateforme de commercialisation de visites guid\u00e9es insolites dans le Grand Paris, Explore Paris, enrichit son catalogue de visites guid\u00e9es avec le lancement de 6 balades th\u00e9matiques pour faire d\u00e9couvrir les m\u00e9tiers d\u2019art et la gastronomie dans [&hellip;]\" \/>\n<meta property=\"og:url\" content=\"https:\/\/www.tourisme-valdemarne.com\/espace-pro\/presse\/actualites-et-communiques-de-presse\/nouveau-les-parcours-savoir-faire\/\" \/>\n<meta property=\"og:site_name\" content=\"Espace Pro\" \/>\n<meta property=\"article:modified_time\" content=\"2026-02-05T14:19:02+00:00\" \/>\n<meta property=\"og:image\" content=\"https:\/\/www.tourisme-valdemarne.com\/espace-pro\/wp-content\/uploads\/sites\/3\/2026\/02\/jillwellington-cheeses-1433514_1280.jpg\" \/>\n\t<meta property=\"og:image:width\" content=\"1280\" \/>\n\t<meta property=\"og:image:height\" content=\"853\" \/>\n\t<meta property=\"og:image:type\" content=\"image\/jpeg\" \/>\n<meta name=\"twitter:card\" content=\"summary_large_image\" \/>\n<meta name=\"twitter:label1\" content=\"Dur\u00e9e de lecture estim\u00e9e\" \/>\n\t<meta name=\"twitter:data1\" content=\"4 minutes\" \/>\n<script type=\"application\/ld+json\" class=\"yoast-schema-graph\">{\"@context\":\"https:\/\/schema.org\",\"@graph\":[{\"@type\":\"WebPage\",\"@id\":\"https:\/\/www.tourisme-valdemarne.com\/espace-pro\/presse\/actualites-et-communiques-de-presse\/nouveau-les-parcours-savoir-faire\/\",\"url\":\"https:\/\/www.tourisme-valdemarne.com\/espace-pro\/presse\/actualites-et-communiques-de-presse\/nouveau-les-parcours-savoir-faire\/\",\"name\":\"Nouveau : les parcours savoir-faire - Espace Pro\",\"isPartOf\":{\"@id\":\"https:\/\/www.tourisme-valdemarne.com\/espace-pro\/#website\"},\"primaryImageOfPage\":{\"@id\":\"https:\/\/www.tourisme-valdemarne.com\/espace-pro\/presse\/actualites-et-communiques-de-presse\/nouveau-les-parcours-savoir-faire\/#primaryimage\"},\"image\":{\"@id\":\"https:\/\/www.tourisme-valdemarne.com\/espace-pro\/presse\/actualites-et-communiques-de-presse\/nouveau-les-parcours-savoir-faire\/#primaryimage\"},\"thumbnailUrl\":\"https:\/\/www.tourisme-valdemarne.com\/espace-pro\/wp-content\/uploads\/sites\/3\/2026\/02\/jillwellington-cheeses-1433514_1280.jpg\",\"datePublished\":\"2026-02-05T14:11:00+00:00\",\"dateModified\":\"2026-02-05T14:19:02+00:00\",\"breadcrumb\":{\"@id\":\"https:\/\/www.tourisme-valdemarne.com\/espace-pro\/presse\/actualites-et-communiques-de-presse\/nouveau-les-parcours-savoir-faire\/#breadcrumb\"},\"inLanguage\":\"fr-FR\",\"potentialAction\":[{\"@type\":\"ReadAction\",\"target\":[\"https:\/\/www.tourisme-valdemarne.com\/espace-pro\/presse\/actualites-et-communiques-de-presse\/nouveau-les-parcours-savoir-faire\/\"]}]},{\"@type\":\"ImageObject\",\"inLanguage\":\"fr-FR\",\"@id\":\"https:\/\/www.tourisme-valdemarne.com\/espace-pro\/presse\/actualites-et-communiques-de-presse\/nouveau-les-parcours-savoir-faire\/#primaryimage\",\"url\":\"https:\/\/www.tourisme-valdemarne.com\/espace-pro\/wp-content\/uploads\/sites\/3\/2026\/02\/jillwellington-cheeses-1433514_1280.jpg\",\"contentUrl\":\"https:\/\/www.tourisme-valdemarne.com\/espace-pro\/wp-content\/uploads\/sites\/3\/2026\/02\/jillwellington-cheeses-1433514_1280.jpg\",\"width\":1280,\"height\":853},{\"@type\":\"BreadcrumbList\",\"@id\":\"https:\/\/www.tourisme-valdemarne.com\/espace-pro\/presse\/actualites-et-communiques-de-presse\/nouveau-les-parcours-savoir-faire\/#breadcrumb\",\"itemListElement\":[{\"@type\":\"ListItem\",\"position\":1,\"name\":\"Accueil\",\"item\":\"https:\/\/www.tourisme-valdemarne.com\/espace-pro\/\"},{\"@type\":\"ListItem\",\"position\":2,\"name\":\"Presse\",\"item\":\"https:\/\/www.tourisme-valdemarne.com\/espace-pro\/presse\/\"},{\"@type\":\"ListItem\",\"position\":3,\"name\":\"Actualit\u00e9s et communiqu\u00e9s de presse\",\"item\":\"https:\/\/www.tourisme-valdemarne.com\/espace-pro\/presse\/actualites-et-communiques-de-presse\/\"},{\"@type\":\"ListItem\",\"position\":4,\"name\":\"Nouveau : les parcours savoir-faire\"}]},{\"@type\":\"WebSite\",\"@id\":\"https:\/\/www.tourisme-valdemarne.com\/espace-pro\/#website\",\"url\":\"https:\/\/www.tourisme-valdemarne.com\/espace-pro\/\",\"name\":\"Espace Pro\",\"description\":\"Informations et outils pour les professionnels et la Presse\",\"potentialAction\":[{\"@type\":\"SearchAction\",\"target\":{\"@type\":\"EntryPoint\",\"urlTemplate\":\"https:\/\/www.tourisme-valdemarne.com\/espace-pro\/?s={search_term_string}\"},\"query-input\":{\"@type\":\"PropertyValueSpecification\",\"valueRequired\":true,\"valueName\":\"search_term_string\"}}],\"inLanguage\":\"fr-FR\"}]}<\/script>\n<!-- \/ Yoast SEO plugin. -->","yoast_head_json":{"title":"Nouveau : les parcours savoir-faire - Espace Pro","robots":{"index":"index","follow":"follow","max-snippet":"max-snippet:-1","max-image-preview":"max-image-preview:large","max-video-preview":"max-video-preview:-1"},"canonical":"https:\/\/www.tourisme-valdemarne.com\/espace-pro\/presse\/actualites-et-communiques-de-presse\/nouveau-les-parcours-savoir-faire\/","og_locale":"fr_FR","og_type":"article","og_title":"Nouveau : les parcours savoir-faire - Espace Pro","og_description":"Communiqu\u00e9 de presse Parcours Savoir-faire : de nouvelles balades urbaines d\u00e9di\u00e9es aux m\u00e9tiers d\u2019art et de bouche La premi\u00e8re plateforme de commercialisation de visites guid\u00e9es insolites dans le Grand Paris, Explore Paris, enrichit son catalogue de visites guid\u00e9es avec le lancement de 6 balades th\u00e9matiques pour faire d\u00e9couvrir les m\u00e9tiers d\u2019art et la gastronomie dans [&hellip;]","og_url":"https:\/\/www.tourisme-valdemarne.com\/espace-pro\/presse\/actualites-et-communiques-de-presse\/nouveau-les-parcours-savoir-faire\/","og_site_name":"Espace Pro","article_modified_time":"2026-02-05T14:19:02+00:00","og_image":[{"width":1280,"height":853,"url":"https:\/\/www.tourisme-valdemarne.com\/espace-pro\/wp-content\/uploads\/sites\/3\/2026\/02\/jillwellington-cheeses-1433514_1280.jpg","type":"image\/jpeg"}],"twitter_card":"summary_large_image","twitter_misc":{"Dur\u00e9e de lecture estim\u00e9e":"4 minutes"},"schema":{"@context":"https:\/\/schema.org","@graph":[{"@type":"WebPage","@id":"https:\/\/www.tourisme-valdemarne.com\/espace-pro\/presse\/actualites-et-communiques-de-presse\/nouveau-les-parcours-savoir-faire\/","url":"https:\/\/www.tourisme-valdemarne.com\/espace-pro\/presse\/actualites-et-communiques-de-presse\/nouveau-les-parcours-savoir-faire\/","name":"Nouveau : les parcours savoir-faire - Espace Pro","isPartOf":{"@id":"https:\/\/www.tourisme-valdemarne.com\/espace-pro\/#website"},"primaryImageOfPage":{"@id":"https:\/\/www.tourisme-valdemarne.com\/espace-pro\/presse\/actualites-et-communiques-de-presse\/nouveau-les-parcours-savoir-faire\/#primaryimage"},"image":{"@id":"https:\/\/www.tourisme-valdemarne.com\/espace-pro\/presse\/actualites-et-communiques-de-presse\/nouveau-les-parcours-savoir-faire\/#primaryimage"},"thumbnailUrl":"https:\/\/www.tourisme-valdemarne.com\/espace-pro\/wp-content\/uploads\/sites\/3\/2026\/02\/jillwellington-cheeses-1433514_1280.jpg","datePublished":"2026-02-05T14:11:00+00:00","dateModified":"2026-02-05T14:19:02+00:00","breadcrumb":{"@id":"https:\/\/www.tourisme-valdemarne.com\/espace-pro\/presse\/actualites-et-communiques-de-presse\/nouveau-les-parcours-savoir-faire\/#breadcrumb"},"inLanguage":"fr-FR","potentialAction":[{"@type":"ReadAction","target":["https:\/\/www.tourisme-valdemarne.com\/espace-pro\/presse\/actualites-et-communiques-de-presse\/nouveau-les-parcours-savoir-faire\/"]}]},{"@type":"ImageObject","inLanguage":"fr-FR","@id":"https:\/\/www.tourisme-valdemarne.com\/espace-pro\/presse\/actualites-et-communiques-de-presse\/nouveau-les-parcours-savoir-faire\/#primaryimage","url":"https:\/\/www.tourisme-valdemarne.com\/espace-pro\/wp-content\/uploads\/sites\/3\/2026\/02\/jillwellington-cheeses-1433514_1280.jpg","contentUrl":"https:\/\/www.tourisme-valdemarne.com\/espace-pro\/wp-content\/uploads\/sites\/3\/2026\/02\/jillwellington-cheeses-1433514_1280.jpg","width":1280,"height":853},{"@type":"BreadcrumbList","@id":"https:\/\/www.tourisme-valdemarne.com\/espace-pro\/presse\/actualites-et-communiques-de-presse\/nouveau-les-parcours-savoir-faire\/#breadcrumb","itemListElement":[{"@type":"ListItem","position":1,"name":"Accueil","item":"https:\/\/www.tourisme-valdemarne.com\/espace-pro\/"},{"@type":"ListItem","position":2,"name":"Presse","item":"https:\/\/www.tourisme-valdemarne.com\/espace-pro\/presse\/"},{"@type":"ListItem","position":3,"name":"Actualit\u00e9s et communiqu\u00e9s de presse","item":"https:\/\/www.tourisme-valdemarne.com\/espace-pro\/presse\/actualites-et-communiques-de-presse\/"},{"@type":"ListItem","position":4,"name":"Nouveau : les parcours savoir-faire"}]},{"@type":"WebSite","@id":"https:\/\/www.tourisme-valdemarne.com\/espace-pro\/#website","url":"https:\/\/www.tourisme-valdemarne.com\/espace-pro\/","name":"Espace Pro","description":"Informations et outils pour les professionnels et la Presse","potentialAction":[{"@type":"SearchAction","target":{"@type":"EntryPoint","urlTemplate":"https:\/\/www.tourisme-valdemarne.com\/espace-pro\/?s={search_term_string}"},"query-input":{"@type":"PropertyValueSpecification","valueRequired":true,"valueName":"search_term_string"}}],"inLanguage":"fr-FR"}]}},"_links":{"self":[{"href":"https:\/\/www.tourisme-valdemarne.com\/espace-pro\/wp-json\/wp\/v2\/pages\/30817","targetHints":{"allow":["GET"]}}],"collection":[{"href":"https:\/\/www.tourisme-valdemarne.com\/espace-pro\/wp-json\/wp\/v2\/pages"}],"about":[{"href":"https:\/\/www.tourisme-valdemarne.com\/espace-pro\/wp-json\/wp\/v2\/types\/page"}],"author":[{"embeddable":true,"href":"https:\/\/www.tourisme-valdemarne.com\/espace-pro\/wp-json\/wp\/v2\/users\/9"}],"replies":[{"embeddable":true,"href":"https:\/\/www.tourisme-valdemarne.com\/espace-pro\/wp-json\/wp\/v2\/comments?post=30817"}],"version-history":[{"count":5,"href":"https:\/\/www.tourisme-valdemarne.com\/espace-pro\/wp-json\/wp\/v2\/pages\/30817\/revisions"}],"predecessor-version":[{"id":30826,"href":"https:\/\/www.tourisme-valdemarne.com\/espace-pro\/wp-json\/wp\/v2\/pages\/30817\/revisions\/30826"}],"up":[{"embeddable":true,"href":"https:\/\/www.tourisme-valdemarne.com\/espace-pro\/wp-json\/wp\/v2\/pages\/179"}],"wp:featuredmedia":[{"embeddable":true,"href":"https:\/\/www.tourisme-valdemarne.com\/espace-pro\/wp-json\/wp\/v2\/media\/30820"}],"wp:attachment":[{"href":"https:\/\/www.tourisme-valdemarne.com\/espace-pro\/wp-json\/wp\/v2\/media?parent=30817"}],"wp:term":[{"taxonomy":"vdmTagMarketing","embeddable":true,"href":"https:\/\/www.tourisme-valdemarne.com\/espace-pro\/wp-json\/wp\/v2\/vdmTagMarketing?post=30817"}],"curies":[{"name":"wp","href":"https:\/\/api.w.org\/{rel}","templated":true}]}}