{"id":30156,"date":"2025-09-23T13:27:40","date_gmt":"2025-09-23T11:27:40","guid":{"rendered":"https:\/\/www.tourisme-valdemarne.com\/espace-pro\/?page_id=30156"},"modified":"2025-09-29T10:47:10","modified_gmt":"2025-09-29T08:47:10","slug":"organisation-de-grandes-marches-et-randonnees-culturelles","status":"publish","type":"page","link":"https:\/\/www.tourisme-valdemarne.com\/espace-pro\/expertises-et-projets\/organisation-de-grandes-marches-et-randonnees-culturelles\/","title":{"rendered":"Savoir-faire : Organisation de randonn\u00e9es culturelles"},"content":{"rendered":"\n<p>Chez Val-de-Marne Tourisme &amp; Loisirs, la randonn\u00e9e devient bien plus qu\u2019une simple promenade : c\u2019est une immersion au c\u0153ur du patrimoine, de la nature et des savoir-faire locaux.&nbsp;<strong>Sp\u00e9cialistes de l\u2019organisation de grandes marches sur mesure, nous accompagnons collectivit\u00e9s, communes et partenaires dans la mise en place de parcours<\/strong> culturels et conviviaux, pens\u00e9s pour rassembler, \u00e9veiller la curiosit\u00e9 et valoriser les richesses du territoire.<\/p>\n\n\n\n<h2 class=\"wp-block-heading\">Une expertise au service des collectivit\u00e9s et partenaires<\/h2>\n\n\n\n<p>Que ce soit pour une randonn\u00e9e accessible \u00e0 tous ou un itin\u00e9raire th\u00e9matique plus pointu, notre \u00e9quipe met tout en \u0153uvre pour cr\u00e9er des exp\u00e9riences uniques, alliant plaisir de la marche, d\u00e9couverte culturelle et \u00e9changes humains. Du trac\u00e9 des itin\u00e9raires \u00e0 l\u2019animation sur le terrain, en passant par la coordination logistique et la promotion, nous orchestrons chaque d\u00e9tail pour garantir la r\u00e9ussite de votre \u00e9v\u00e9nement !<\/p>\n\n\n\n<h2 class=\"wp-block-heading\">Comment notre savoir-faire se traduit en actions concr\u00e8tes ?<\/h2>\n\n\n\n<h3 class=\"wp-block-heading\">Conception et coordination<\/h3>\n\n\n\n<ul class=\"wp-block-list\">\n<li>Notre \u00e9quipe assure un <strong>trac\u00e9 pr\u00e9cis et adapt\u00e9 des itin\u00e9raires<\/strong>, tenant compte des profils et attentes des publics cibl\u00e9s. <strong>Chaque parcours est con\u00e7u pour mettre en valeur les richesses locales<\/strong>, qu\u2019elles soient naturelles, patrimoniales, culturelles ou li\u00e9es \u00e0 la biodiversit\u00e9.<\/li>\n\n\n\n<li>Nous travaillons en \u00e9troite collaboration avec les acteurs et partenaires locaux afin de garantir un ancrage territorial fort et une authenticit\u00e9 dans la d\u00e9couverte. Ce maillage partenarial est renforc\u00e9 par notre <strong>collaboration avec la F\u00e9d\u00e9ration Fran\u00e7aise de Randonn\u00e9e<\/strong>, institution reconnue qui assure la qualit\u00e9 et la s\u00e9curit\u00e9 des parcours propos\u00e9s.<\/li>\n\n\n\n<li>Avant chaque \u00e9v\u00e9nement, <strong>un rep\u00e9rage terrain est r\u00e9alis\u00e9 pour valider et ajuster le parcours<\/strong> afin de garantir une exp\u00e9rience optimale et s\u00e9curis\u00e9e.<\/li>\n\n\n\n<li>Enfin, <strong>nous organisons la logistique compl\u00e8te de la manifestation<\/strong> : planification et envoi des timings d\u00e9taill\u00e9s aux b\u00e9n\u00e9voles et structures partenaires, coordination des \u00e9tapes et pr\u00e9paration de l\u2019accueil des participants.<\/li>\n<\/ul>\n\n\n\n<h3 class=\"wp-block-heading\">Animation et exp\u00e9rience participative<\/h3>\n\n\n\n<ul class=\"wp-block-list\">\n<li>Nous collaborons \u00e9troitement avec des guides exp\u00e9riment\u00e9s, des associations locales et des lieux culturels pour <strong>enrichir chaque randonn\u00e9e d\u2019animations et d\u2019interventions pertinentes<\/strong>.<\/li>\n\n\n\n<li>Chaque parcours offre des <strong>\u00e9tapes th\u00e9matiques soigneusement con\u00e7ues<\/strong>, abordant le patrimoine historique, la richesse de l\u2019environnement naturel ou encore des pauses d\u00e9di\u00e9es au bien-\u00eatre.<\/li>\n\n\n\n<li><strong>L\u2019accueil se veut convivial et chaleureux<\/strong> : un caf\u00e9 est propos\u00e9 au d\u00e9part et des rafra\u00eechissements sont offerts \u00e0 l\u2019arriv\u00e9e pour cl\u00f4turer la marche dans la bonne humeur.<\/li>\n\n\n\n<li>Tout au long du parcours, une \u00e9quipe d\u00e9di\u00e9e assure un <strong>encadrement de qualit\u00e9<\/strong>, guidant, orientant et veillant au confort et \u00e0 la s\u00e9curit\u00e9 des participants.<\/li>\n<\/ul>\n\n\n\n<h2 class=\"wp-block-heading\">Communication et promotion des \u00e9v\u00e9nements<\/h2>\n\n\n\n<p>Val-de-Marne Tourisme &amp; Loisirs assure la prise de r\u00e9servation gr\u00e2ce \u00e0 sa <a href=\"https:\/\/exploreparis.com\/fr\/\" target=\"_blank\" rel=\"noreferrer noopener\">plateforme Explore Paris<\/a>, une r\u00e9f\u00e9rence \u00e0 l\u2019\u00e9chelle du Grand Paris pour les exp\u00e9riences culturelles. Celle-ci rassemble <strong>75 000 visiteurs annuels<\/strong>, <strong>8 000 exp\u00e9riences propos\u00e9es<\/strong> et <strong>75 000 abonn\u00e9s \u00e0 sa newsletter<\/strong>. Avec ses <strong>330 partenaires<\/strong> (guides, associations, artistes\u2026). Elle offre un canal privil\u00e9gi\u00e9 de commercialisation.<\/p>\n\n\n\n<p>Val-de-Marne Tourisme &amp; Loisirs garantit une visibilit\u00e9 maximale gr\u00e2ce \u00e0 une strat\u00e9gie multicanale efficace. Nos <strong>r\u00e9seaux sociaux<\/strong> regroupent plus de <strong>28 000 abonn\u00e9s<\/strong> cumul\u00e9s sur Instagram, Facebook et TikTok via le compte <a href=\"https:\/\/www.instagram.com\/valdemarnetourisme\/\">@valdemarnetourisme<\/a>, ainsi qu\u2019un compl\u00e9ment avec les <strong>8500 abonn\u00e9s<\/strong> d\u2019<a href=\"https:\/\/www.instagram.com\/exploreparis_\/\">@exploreparis_<\/a> sur Instagram et Facebook.<\/p>\n\n\n\n<p><a href=\"https:\/\/www.tourisme-valdemarne.com\/agendas\/\">Notre agenda<\/a> g\u00e9n\u00e8re plus de <strong>450 000 vues par an<\/strong>, assurant une large diffusion locale. Par ailleurs, plus de <strong>40 000 abonn\u00e9s re\u00e7oivent r\u00e9guli\u00e8rement la newsletter grand public de Val-de-Marne Tourisme &amp; Loisirs<\/strong>, renfor\u00e7ant la promotion cibl\u00e9e de chaque \u00e9v\u00e9nement. Un relais aupr\u00e8s de la Presse est \u00e9galement assur\u00e9.<\/p>\n\n\n\n<h2 class=\"wp-block-heading\">Des exp\u00e9riences compl\u00e9mentaires \u00e0 la marche<\/h2>\n\n\n\n<p>Nous proposons des formules compl\u00e8tes avec options bivouac, int\u00e9grant des activit\u00e9s bien-\u00eatre et d\u00e9couverte telles que le r\u00e9veil musculaire, la sylvoth\u00e9rapie ou des initiations \u00e0 la survie.<\/p>\n\n\n\n<p>Notre \u00e9quipe prend en charge l\u2019organisation logistique compl\u00e8te : repas, transport du mat\u00e9riel, coordination sur site, pour une exp\u00e9rience cl\u00e9 en main.<\/p>\n\n\n\n<p>Chaque projet est adapt\u00e9 sur mesure selon les objectifs, le public cibl\u00e9 et les sp\u00e9cificit\u00e9s du territoire, afin d\u2019offrir une randonn\u00e9e culturelle inoubliable.<\/p>\n\n\n\n<p class=\"is-style-highlight\"><a href=\"https:\/\/www.tourisme-valdemarne.com\/nature-randonnees\/les-grandes-marches-organisees\/\" target=\"_blank\" rel=\"noreferrer noopener\">D\u00e9couvrir un exemple de randonn\u00e9e sur-mesure que nous avons d\u00e9j\u00e0 organis\u00e9e<\/a><\/p>\n","protected":false},"excerpt":{"rendered":"<p>Chez Val-de-Marne Tourisme &amp; Loisirs, la randonn\u00e9e devient bien plus qu\u2019une simple promenade : c\u2019est une immersion au c\u0153ur du patrimoine, de la nature et des savoir-faire locaux.&nbsp;Sp\u00e9cialistes de l\u2019organisation de grandes marches sur mesure, nous accompagnons collectivit\u00e9s, communes et partenaires dans la mise en place de parcours culturels et conviviaux, pens\u00e9s pour rassembler, \u00e9veiller [&hellip;]<\/p>\n","protected":false},"author":19,"featured_media":12219,"parent":11,"menu_order":0,"comment_status":"closed","ping_status":"closed","template":"","meta":{"_relevanssi_hide_post":"","_relevanssi_hide_content":"","_relevanssi_pin_for_all":"","_relevanssi_pin_keywords":"","_relevanssi_unpin_keywords":"","_relevanssi_related_keywords":"","_relevanssi_related_include_ids":"","_relevanssi_related_exclude_ids":"","_relevanssi_related_no_append":"","_relevanssi_related_not_related":"","_relevanssi_related_posts":"8108,2745,2747,446,8104,8101","_relevanssi_noindex_reason":"","footnotes":""},"vdmTagMarketing":[],"class_list":["post-30156","page","type-page","status-publish","has-post-thumbnail","hentry"],"acf":[],"yoast_head":"<!-- This site is optimized with the Yoast SEO plugin v23.9 - https:\/\/yoast.com\/wordpress\/plugins\/seo\/ -->\n<title>Grandes marches et randonn\u00e9es culturelles sur mesure<\/title>\n<meta name=\"description\" content=\"Profitez d&#039;une organisation cl\u00e9 en main de grandes marches et randonn\u00e9es culturelles pour collectivit\u00e9s, communes et partenaires.\" \/>\n<meta name=\"robots\" content=\"index, follow, max-snippet:-1, max-image-preview:large, max-video-preview:-1\" \/>\n<link rel=\"canonical\" href=\"https:\/\/www.tourisme-valdemarne.com\/espace-pro\/expertises-et-projets\/organisation-de-grandes-marches-et-randonnees-culturelles\/\" \/>\n<meta property=\"og:locale\" content=\"fr_FR\" \/>\n<meta property=\"og:type\" content=\"article\" \/>\n<meta property=\"og:title\" content=\"Grandes marches et randonn\u00e9es culturelles sur mesure\" \/>\n<meta property=\"og:description\" content=\"Profitez d&#039;une organisation cl\u00e9 en main de grandes marches et randonn\u00e9es culturelles pour collectivit\u00e9s, communes et partenaires.\" \/>\n<meta property=\"og:url\" content=\"https:\/\/www.tourisme-valdemarne.com\/espace-pro\/expertises-et-projets\/organisation-de-grandes-marches-et-randonnees-culturelles\/\" \/>\n<meta property=\"og:site_name\" content=\"Espace Pro\" \/>\n<meta property=\"article:modified_time\" content=\"2025-09-29T08:47:10+00:00\" \/>\n<meta property=\"og:image\" content=\"https:\/\/www.tourisme-valdemarne.com\/espace-pro\/wp-content\/uploads\/sites\/3\/2022\/03\/rando-seine-2021.jpg\" \/>\n\t<meta property=\"og:image:width\" content=\"1600\" \/>\n\t<meta property=\"og:image:height\" content=\"1067\" \/>\n\t<meta property=\"og:image:type\" content=\"image\/jpeg\" \/>\n<meta name=\"twitter:card\" content=\"summary_large_image\" \/>\n<meta name=\"twitter:label1\" content=\"Dur\u00e9e de lecture estim\u00e9e\" \/>\n\t<meta name=\"twitter:data1\" content=\"4 minutes\" \/>\n<script type=\"application\/ld+json\" class=\"yoast-schema-graph\">{\"@context\":\"https:\/\/schema.org\",\"@graph\":[{\"@type\":\"WebPage\",\"@id\":\"https:\/\/www.tourisme-valdemarne.com\/espace-pro\/expertises-et-projets\/organisation-de-grandes-marches-et-randonnees-culturelles\/\",\"url\":\"https:\/\/www.tourisme-valdemarne.com\/espace-pro\/expertises-et-projets\/organisation-de-grandes-marches-et-randonnees-culturelles\/\",\"name\":\"Grandes marches et randonn\u00e9es culturelles sur mesure\",\"isPartOf\":{\"@id\":\"https:\/\/www.tourisme-valdemarne.com\/espace-pro\/#website\"},\"primaryImageOfPage\":{\"@id\":\"https:\/\/www.tourisme-valdemarne.com\/espace-pro\/expertises-et-projets\/organisation-de-grandes-marches-et-randonnees-culturelles\/#primaryimage\"},\"image\":{\"@id\":\"https:\/\/www.tourisme-valdemarne.com\/espace-pro\/expertises-et-projets\/organisation-de-grandes-marches-et-randonnees-culturelles\/#primaryimage\"},\"thumbnailUrl\":\"https:\/\/www.tourisme-valdemarne.com\/espace-pro\/wp-content\/uploads\/sites\/3\/2022\/03\/rando-seine-2021.jpg\",\"datePublished\":\"2025-09-23T11:27:40+00:00\",\"dateModified\":\"2025-09-29T08:47:10+00:00\",\"description\":\"Profitez d'une organisation cl\u00e9 en main de grandes marches et randonn\u00e9es culturelles pour collectivit\u00e9s, communes et partenaires.\",\"breadcrumb\":{\"@id\":\"https:\/\/www.tourisme-valdemarne.com\/espace-pro\/expertises-et-projets\/organisation-de-grandes-marches-et-randonnees-culturelles\/#breadcrumb\"},\"inLanguage\":\"fr-FR\",\"potentialAction\":[{\"@type\":\"ReadAction\",\"target\":[\"https:\/\/www.tourisme-valdemarne.com\/espace-pro\/expertises-et-projets\/organisation-de-grandes-marches-et-randonnees-culturelles\/\"]}]},{\"@type\":\"ImageObject\",\"inLanguage\":\"fr-FR\",\"@id\":\"https:\/\/www.tourisme-valdemarne.com\/espace-pro\/expertises-et-projets\/organisation-de-grandes-marches-et-randonnees-culturelles\/#primaryimage\",\"url\":\"https:\/\/www.tourisme-valdemarne.com\/espace-pro\/wp-content\/uploads\/sites\/3\/2022\/03\/rando-seine-2021.jpg\",\"contentUrl\":\"https:\/\/www.tourisme-valdemarne.com\/espace-pro\/wp-content\/uploads\/sites\/3\/2022\/03\/rando-seine-2021.jpg\",\"width\":1600,\"height\":1067,\"caption\":\"grande randonnee seine\"},{\"@type\":\"BreadcrumbList\",\"@id\":\"https:\/\/www.tourisme-valdemarne.com\/espace-pro\/expertises-et-projets\/organisation-de-grandes-marches-et-randonnees-culturelles\/#breadcrumb\",\"itemListElement\":[{\"@type\":\"ListItem\",\"position\":1,\"name\":\"Accueil\",\"item\":\"https:\/\/www.tourisme-valdemarne.com\/espace-pro\/\"},{\"@type\":\"ListItem\",\"position\":2,\"name\":\"Expertises et projets\",\"item\":\"https:\/\/www.tourisme-valdemarne.com\/espace-pro\/expertises-et-projets\/\"},{\"@type\":\"ListItem\",\"position\":3,\"name\":\"Savoir-faire : Organisation de randonn\u00e9es culturelles\"}]},{\"@type\":\"WebSite\",\"@id\":\"https:\/\/www.tourisme-valdemarne.com\/espace-pro\/#website\",\"url\":\"https:\/\/www.tourisme-valdemarne.com\/espace-pro\/\",\"name\":\"Espace Pro\",\"description\":\"Informations et outils pour les professionnels et la Presse\",\"potentialAction\":[{\"@type\":\"SearchAction\",\"target\":{\"@type\":\"EntryPoint\",\"urlTemplate\":\"https:\/\/www.tourisme-valdemarne.com\/espace-pro\/?s={search_term_string}\"},\"query-input\":{\"@type\":\"PropertyValueSpecification\",\"valueRequired\":true,\"valueName\":\"search_term_string\"}}],\"inLanguage\":\"fr-FR\"}]}<\/script>\n<!-- \/ Yoast SEO plugin. -->","yoast_head_json":{"title":"Grandes marches et randonn\u00e9es culturelles sur mesure","description":"Profitez d'une organisation cl\u00e9 en main de grandes marches et randonn\u00e9es culturelles pour collectivit\u00e9s, communes et partenaires.","robots":{"index":"index","follow":"follow","max-snippet":"max-snippet:-1","max-image-preview":"max-image-preview:large","max-video-preview":"max-video-preview:-1"},"canonical":"https:\/\/www.tourisme-valdemarne.com\/espace-pro\/expertises-et-projets\/organisation-de-grandes-marches-et-randonnees-culturelles\/","og_locale":"fr_FR","og_type":"article","og_title":"Grandes marches et randonn\u00e9es culturelles sur mesure","og_description":"Profitez d'une organisation cl\u00e9 en main de grandes marches et randonn\u00e9es culturelles pour collectivit\u00e9s, communes et partenaires.","og_url":"https:\/\/www.tourisme-valdemarne.com\/espace-pro\/expertises-et-projets\/organisation-de-grandes-marches-et-randonnees-culturelles\/","og_site_name":"Espace Pro","article_modified_time":"2025-09-29T08:47:10+00:00","og_image":[{"width":1600,"height":1067,"url":"https:\/\/www.tourisme-valdemarne.com\/espace-pro\/wp-content\/uploads\/sites\/3\/2022\/03\/rando-seine-2021.jpg","type":"image\/jpeg"}],"twitter_card":"summary_large_image","twitter_misc":{"Dur\u00e9e de lecture estim\u00e9e":"4 minutes"},"schema":{"@context":"https:\/\/schema.org","@graph":[{"@type":"WebPage","@id":"https:\/\/www.tourisme-valdemarne.com\/espace-pro\/expertises-et-projets\/organisation-de-grandes-marches-et-randonnees-culturelles\/","url":"https:\/\/www.tourisme-valdemarne.com\/espace-pro\/expertises-et-projets\/organisation-de-grandes-marches-et-randonnees-culturelles\/","name":"Grandes marches et randonn\u00e9es culturelles sur mesure","isPartOf":{"@id":"https:\/\/www.tourisme-valdemarne.com\/espace-pro\/#website"},"primaryImageOfPage":{"@id":"https:\/\/www.tourisme-valdemarne.com\/espace-pro\/expertises-et-projets\/organisation-de-grandes-marches-et-randonnees-culturelles\/#primaryimage"},"image":{"@id":"https:\/\/www.tourisme-valdemarne.com\/espace-pro\/expertises-et-projets\/organisation-de-grandes-marches-et-randonnees-culturelles\/#primaryimage"},"thumbnailUrl":"https:\/\/www.tourisme-valdemarne.com\/espace-pro\/wp-content\/uploads\/sites\/3\/2022\/03\/rando-seine-2021.jpg","datePublished":"2025-09-23T11:27:40+00:00","dateModified":"2025-09-29T08:47:10+00:00","description":"Profitez d'une organisation cl\u00e9 en main de grandes marches et randonn\u00e9es culturelles pour collectivit\u00e9s, communes et partenaires.","breadcrumb":{"@id":"https:\/\/www.tourisme-valdemarne.com\/espace-pro\/expertises-et-projets\/organisation-de-grandes-marches-et-randonnees-culturelles\/#breadcrumb"},"inLanguage":"fr-FR","potentialAction":[{"@type":"ReadAction","target":["https:\/\/www.tourisme-valdemarne.com\/espace-pro\/expertises-et-projets\/organisation-de-grandes-marches-et-randonnees-culturelles\/"]}]},{"@type":"ImageObject","inLanguage":"fr-FR","@id":"https:\/\/www.tourisme-valdemarne.com\/espace-pro\/expertises-et-projets\/organisation-de-grandes-marches-et-randonnees-culturelles\/#primaryimage","url":"https:\/\/www.tourisme-valdemarne.com\/espace-pro\/wp-content\/uploads\/sites\/3\/2022\/03\/rando-seine-2021.jpg","contentUrl":"https:\/\/www.tourisme-valdemarne.com\/espace-pro\/wp-content\/uploads\/sites\/3\/2022\/03\/rando-seine-2021.jpg","width":1600,"height":1067,"caption":"grande randonnee seine"},{"@type":"BreadcrumbList","@id":"https:\/\/www.tourisme-valdemarne.com\/espace-pro\/expertises-et-projets\/organisation-de-grandes-marches-et-randonnees-culturelles\/#breadcrumb","itemListElement":[{"@type":"ListItem","position":1,"name":"Accueil","item":"https:\/\/www.tourisme-valdemarne.com\/espace-pro\/"},{"@type":"ListItem","position":2,"name":"Expertises et projets","item":"https:\/\/www.tourisme-valdemarne.com\/espace-pro\/expertises-et-projets\/"},{"@type":"ListItem","position":3,"name":"Savoir-faire : Organisation de randonn\u00e9es culturelles"}]},{"@type":"WebSite","@id":"https:\/\/www.tourisme-valdemarne.com\/espace-pro\/#website","url":"https:\/\/www.tourisme-valdemarne.com\/espace-pro\/","name":"Espace Pro","description":"Informations et outils pour les professionnels et la Presse","potentialAction":[{"@type":"SearchAction","target":{"@type":"EntryPoint","urlTemplate":"https:\/\/www.tourisme-valdemarne.com\/espace-pro\/?s={search_term_string}"},"query-input":{"@type":"PropertyValueSpecification","valueRequired":true,"valueName":"search_term_string"}}],"inLanguage":"fr-FR"}]}},"_links":{"self":[{"href":"https:\/\/www.tourisme-valdemarne.com\/espace-pro\/wp-json\/wp\/v2\/pages\/30156","targetHints":{"allow":["GET"]}}],"collection":[{"href":"https:\/\/www.tourisme-valdemarne.com\/espace-pro\/wp-json\/wp\/v2\/pages"}],"about":[{"href":"https:\/\/www.tourisme-valdemarne.com\/espace-pro\/wp-json\/wp\/v2\/types\/page"}],"author":[{"embeddable":true,"href":"https:\/\/www.tourisme-valdemarne.com\/espace-pro\/wp-json\/wp\/v2\/users\/19"}],"replies":[{"embeddable":true,"href":"https:\/\/www.tourisme-valdemarne.com\/espace-pro\/wp-json\/wp\/v2\/comments?post=30156"}],"version-history":[{"count":4,"href":"https:\/\/www.tourisme-valdemarne.com\/espace-pro\/wp-json\/wp\/v2\/pages\/30156\/revisions"}],"predecessor-version":[{"id":30207,"href":"https:\/\/www.tourisme-valdemarne.com\/espace-pro\/wp-json\/wp\/v2\/pages\/30156\/revisions\/30207"}],"up":[{"embeddable":true,"href":"https:\/\/www.tourisme-valdemarne.com\/espace-pro\/wp-json\/wp\/v2\/pages\/11"}],"wp:featuredmedia":[{"embeddable":true,"href":"https:\/\/www.tourisme-valdemarne.com\/espace-pro\/wp-json\/wp\/v2\/media\/12219"}],"wp:attachment":[{"href":"https:\/\/www.tourisme-valdemarne.com\/espace-pro\/wp-json\/wp\/v2\/media?parent=30156"}],"wp:term":[{"taxonomy":"vdmTagMarketing","embeddable":true,"href":"https:\/\/www.tourisme-valdemarne.com\/espace-pro\/wp-json\/wp\/v2\/vdmTagMarketing?post=30156"}],"curies":[{"name":"wp","href":"https:\/\/api.w.org\/{rel}","templated":true}]}}