{"id":30041,"date":"2025-09-12T10:38:54","date_gmt":"2025-09-12T08:38:54","guid":{"rendered":"https:\/\/www.tourisme-valdemarne.com\/espace-pro\/?page_id=30041"},"modified":"2025-09-30T10:12:06","modified_gmt":"2025-09-30T08:12:06","slug":"phenomenart-au-coeur-de-lart-urbain-en-val-de-marne","status":"publish","type":"page","link":"https:\/\/www.tourisme-valdemarne.com\/espace-pro\/presse\/actualites-et-communiques-de-presse\/phenomenart-au-coeur-de-lart-urbain-en-val-de-marne\/","title":{"rendered":"Ph\u00e9nom\u00e8n&rsquo;Art : au c\u0153ur de l&rsquo;art urbain en Val-de-Marne"},"content":{"rendered":"\n<p class=\"is-style-excerpt\">COMMUNIQUE DE PRESSE<\/p>\n\n\n\n<p><strong>Les 10, 11 et 12 octobre 2025, Ph\u00e9nom\u00e8n\u2019Art mettra \u00e0 l\u2019honneur l\u2019art urbain sous toutes ses formes aux quatre coins du Val-de-Marne et dans le sud-est de Paris.<\/strong><\/p>\n\n\n\n<p>L\u2019\u00e9dition 2025 de Ph\u00e9nom\u00e8n\u2019Art arrive avec un nouveau format : certains parcours in\u00e9dits qui combinent deux exp\u00e9riences en une.<\/p>\n\n\n\n<p>Au fil des balades guid\u00e9es dans les rues \u00e0 la d\u00e9couverte du street art, des haltes artistiques seront propos\u00e9es : initiations, d\u00e9monstrations ou rencontres avec des artistes. Des moments participatifs pour prolonger l\u2019exp\u00e9rience avec un temps de pratique.<\/p>\n\n\n\n<p>Au programme : r\u00e9alisations de fresques murales, ateliers d\u2019initiation, balades urbaines comment\u00e9es, portes ouvertes de lieux de cr\u00e9ation, rencontre avec des artistes, expositions\u2026<\/p>\n\n\n\n<p>Cette ann\u00e9e, Ph\u00e9nom\u00e8n\u2019Art s\u2019ouvre \u00e9galement \u00e0 la danse urbaine. L\u2019occasion d\u2019assister \u00e0 des d\u00e9monstrations mais \u00e9galement de s\u2019initier aux pas embl\u00e9matiques, en petit groupe et en musique !<\/p>\n\n\n<div class=\"wp-block-image\">\n<figure class=\"aligncenter size-medium\"><img width=\"600\" height=\"600\" data-src=\"https:\/\/www.tourisme-valdemarne.com\/espace-pro\/wp-content\/uploads\/sites\/3\/2025\/09\/2025_p1-600x600.jpg\" alt=\"\" class=\"wp-image-30043\" srcset=\"https:\/\/www.tourisme-valdemarne.com\/espace-pro\/wp-content\/uploads\/sites\/3\/2025\/09\/2025_p1-600x600.jpg 600w, https:\/\/www.tourisme-valdemarne.com\/espace-pro\/wp-content\/uploads\/sites\/3\/2025\/09\/2025_p1-1200x1200.jpg 1200w, https:\/\/www.tourisme-valdemarne.com\/espace-pro\/wp-content\/uploads\/sites\/3\/2025\/09\/2025_p1-380x380.jpg 380w, https:\/\/www.tourisme-valdemarne.com\/espace-pro\/wp-content\/uploads\/sites\/3\/2025\/09\/2025_p1-900x900.jpg 900w, https:\/\/www.tourisme-valdemarne.com\/espace-pro\/wp-content\/uploads\/sites\/3\/2025\/09\/2025_p1-1536x1536.jpg 1536w, https:\/\/www.tourisme-valdemarne.com\/espace-pro\/wp-content\/uploads\/sites\/3\/2025\/09\/2025_p1-150x150.jpg 150w, https:\/\/www.tourisme-valdemarne.com\/espace-pro\/wp-content\/uploads\/sites\/3\/2025\/09\/2025_p1-200x200.jpg 200w, https:\/\/www.tourisme-valdemarne.com\/espace-pro\/wp-content\/uploads\/sites\/3\/2025\/09\/2025_p1-24x24.jpg 24w, https:\/\/www.tourisme-valdemarne.com\/espace-pro\/wp-content\/uploads\/sites\/3\/2025\/09\/2025_p1-48x48.jpg 48w, https:\/\/www.tourisme-valdemarne.com\/espace-pro\/wp-content\/uploads\/sites\/3\/2025\/09\/2025_p1-96x96.jpg 96w, https:\/\/www.tourisme-valdemarne.com\/espace-pro\/wp-content\/uploads\/sites\/3\/2025\/09\/2025_p1-300x300.jpg 300w, https:\/\/www.tourisme-valdemarne.com\/espace-pro\/wp-content\/uploads\/sites\/3\/2025\/09\/2025_p1.jpg 2048w\" sizes=\"(max-width: 600px) 100vw, 600px\" \/><\/figure><\/div>\n\n\n<p class=\"is-style-highlight\"><a href=\"https:\/\/www.tourisme-valdemarne.com\/espace-pro\/wp-content\/uploads\/sites\/3\/2025\/09\/dp2025-phenomenart.pdf\" target=\"_blank\" rel=\"noreferrer noopener\">Consultez le dossier de presse avec le programme<\/a><\/p>\n\n\n\n<p><strong><em>Festival organis\u00e9 par Val-de-Marne Tourisme et Loisirs<\/em><\/strong><\/p>\n\n\n\n<p><em><strong>Tarifs : <\/strong>Balades urbaines : 7\u20ac \/ Ateliers d\u2019initiation : 17\u20ac \/ Balade + d\u00e9monstration : 17\u20ac \/ Balade + atelier d\u2019initiation : 22\u20ac \/ Certaines animations sont gratuites.<\/em><\/p>\n\n\n\n<p><em><strong>Informations sur <a href=\"https:\/\/www.tourisme-valdemarne.com\/street-art\/phenomen-art-festival-street-art\/\">tourisme-valdemarne.com<\/a><\/strong><\/em><\/p>\n\n\n\n<p><em><strong>R\u00e9servations sur <a href=\"https:\/\/exploreparis.com\/fr\/538_phenomen-art?src=pagedufestival\">exploreparis.com<\/a><\/strong><\/em><\/p>\n","protected":false},"excerpt":{"rendered":"<p>COMMUNIQUE DE PRESSE Les 10, 11 et 12 octobre 2025, Ph\u00e9nom\u00e8n\u2019Art mettra \u00e0 l\u2019honneur l\u2019art urbain sous toutes ses formes aux quatre coins du Val-de-Marne et dans le sud-est de Paris. L\u2019\u00e9dition 2025 de Ph\u00e9nom\u00e8n\u2019Art arrive avec un nouveau format : certains parcours in\u00e9dits qui combinent deux exp\u00e9riences en une. Au fil des balades guid\u00e9es [&hellip;]<\/p>\n","protected":false},"author":9,"featured_media":30043,"parent":179,"menu_order":0,"comment_status":"closed","ping_status":"closed","template":"","meta":{"_relevanssi_hide_post":"","_relevanssi_hide_content":"","_relevanssi_pin_for_all":"","_relevanssi_pin_keywords":"","_relevanssi_unpin_keywords":"","_relevanssi_related_keywords":"","_relevanssi_related_include_ids":"","_relevanssi_related_exclude_ids":"","_relevanssi_related_no_append":"","_relevanssi_related_not_related":"","_relevanssi_related_posts":"8090,2745,442,444,446,2747","_relevanssi_noindex_reason":"","footnotes":""},"vdmTagMarketing":[],"class_list":["post-30041","page","type-page","status-publish","has-post-thumbnail","hentry"],"acf":[],"yoast_head":"<!-- This site is optimized with the Yoast SEO plugin v23.9 - https:\/\/yoast.com\/wordpress\/plugins\/seo\/ -->\n<title>Ph\u00e9nom\u00e8n&#039;Art : au c\u0153ur de l&#039;art urbain en Val-de-Marne - Espace Pro<\/title>\n<meta name=\"robots\" content=\"index, follow, max-snippet:-1, max-image-preview:large, max-video-preview:-1\" \/>\n<link rel=\"canonical\" href=\"https:\/\/www.tourisme-valdemarne.com\/espace-pro\/presse\/actualites-et-communiques-de-presse\/phenomenart-au-coeur-de-lart-urbain-en-val-de-marne\/\" \/>\n<meta property=\"og:locale\" content=\"fr_FR\" \/>\n<meta property=\"og:type\" content=\"article\" \/>\n<meta property=\"og:title\" content=\"Ph\u00e9nom\u00e8n&#039;Art : au c\u0153ur de l&#039;art urbain en Val-de-Marne - Espace Pro\" \/>\n<meta property=\"og:description\" content=\"COMMUNIQUE DE PRESSE Les 10, 11 et 12 octobre 2025, Ph\u00e9nom\u00e8n\u2019Art mettra \u00e0 l\u2019honneur l\u2019art urbain sous toutes ses formes aux quatre coins du Val-de-Marne et dans le sud-est de Paris. L\u2019\u00e9dition 2025 de Ph\u00e9nom\u00e8n\u2019Art arrive avec un nouveau format : certains parcours in\u00e9dits qui combinent deux exp\u00e9riences en une. Au fil des balades guid\u00e9es [&hellip;]\" \/>\n<meta property=\"og:url\" content=\"https:\/\/www.tourisme-valdemarne.com\/espace-pro\/presse\/actualites-et-communiques-de-presse\/phenomenart-au-coeur-de-lart-urbain-en-val-de-marne\/\" \/>\n<meta property=\"og:site_name\" content=\"Espace Pro\" \/>\n<meta property=\"article:modified_time\" content=\"2025-09-30T08:12:06+00:00\" \/>\n<meta property=\"og:image\" content=\"https:\/\/www.tourisme-valdemarne.com\/espace-pro\/wp-content\/uploads\/sites\/3\/2025\/09\/2025_p1.jpg\" \/>\n\t<meta property=\"og:image:width\" content=\"2048\" \/>\n\t<meta property=\"og:image:height\" content=\"2048\" \/>\n\t<meta property=\"og:image:type\" content=\"image\/jpeg\" \/>\n<meta name=\"twitter:card\" content=\"summary_large_image\" \/>\n<meta name=\"twitter:label1\" content=\"Dur\u00e9e de lecture estim\u00e9e\" \/>\n\t<meta name=\"twitter:data1\" content=\"2 minutes\" \/>\n<script type=\"application\/ld+json\" class=\"yoast-schema-graph\">{\"@context\":\"https:\/\/schema.org\",\"@graph\":[{\"@type\":\"WebPage\",\"@id\":\"https:\/\/www.tourisme-valdemarne.com\/espace-pro\/presse\/actualites-et-communiques-de-presse\/phenomenart-au-coeur-de-lart-urbain-en-val-de-marne\/\",\"url\":\"https:\/\/www.tourisme-valdemarne.com\/espace-pro\/presse\/actualites-et-communiques-de-presse\/phenomenart-au-coeur-de-lart-urbain-en-val-de-marne\/\",\"name\":\"Ph\u00e9nom\u00e8n'Art : au c\u0153ur de l'art urbain en Val-de-Marne - Espace Pro\",\"isPartOf\":{\"@id\":\"https:\/\/www.tourisme-valdemarne.com\/espace-pro\/#website\"},\"primaryImageOfPage\":{\"@id\":\"https:\/\/www.tourisme-valdemarne.com\/espace-pro\/presse\/actualites-et-communiques-de-presse\/phenomenart-au-coeur-de-lart-urbain-en-val-de-marne\/#primaryimage\"},\"image\":{\"@id\":\"https:\/\/www.tourisme-valdemarne.com\/espace-pro\/presse\/actualites-et-communiques-de-presse\/phenomenart-au-coeur-de-lart-urbain-en-val-de-marne\/#primaryimage\"},\"thumbnailUrl\":\"https:\/\/www.tourisme-valdemarne.com\/espace-pro\/wp-content\/uploads\/sites\/3\/2025\/09\/2025_p1.jpg\",\"datePublished\":\"2025-09-12T08:38:54+00:00\",\"dateModified\":\"2025-09-30T08:12:06+00:00\",\"breadcrumb\":{\"@id\":\"https:\/\/www.tourisme-valdemarne.com\/espace-pro\/presse\/actualites-et-communiques-de-presse\/phenomenart-au-coeur-de-lart-urbain-en-val-de-marne\/#breadcrumb\"},\"inLanguage\":\"fr-FR\",\"potentialAction\":[{\"@type\":\"ReadAction\",\"target\":[\"https:\/\/www.tourisme-valdemarne.com\/espace-pro\/presse\/actualites-et-communiques-de-presse\/phenomenart-au-coeur-de-lart-urbain-en-val-de-marne\/\"]}]},{\"@type\":\"ImageObject\",\"inLanguage\":\"fr-FR\",\"@id\":\"https:\/\/www.tourisme-valdemarne.com\/espace-pro\/presse\/actualites-et-communiques-de-presse\/phenomenart-au-coeur-de-lart-urbain-en-val-de-marne\/#primaryimage\",\"url\":\"https:\/\/www.tourisme-valdemarne.com\/espace-pro\/wp-content\/uploads\/sites\/3\/2025\/09\/2025_p1.jpg\",\"contentUrl\":\"https:\/\/www.tourisme-valdemarne.com\/espace-pro\/wp-content\/uploads\/sites\/3\/2025\/09\/2025_p1.jpg\",\"width\":2048,\"height\":2048},{\"@type\":\"BreadcrumbList\",\"@id\":\"https:\/\/www.tourisme-valdemarne.com\/espace-pro\/presse\/actualites-et-communiques-de-presse\/phenomenart-au-coeur-de-lart-urbain-en-val-de-marne\/#breadcrumb\",\"itemListElement\":[{\"@type\":\"ListItem\",\"position\":1,\"name\":\"Accueil\",\"item\":\"https:\/\/www.tourisme-valdemarne.com\/espace-pro\/\"},{\"@type\":\"ListItem\",\"position\":2,\"name\":\"Presse\",\"item\":\"https:\/\/www.tourisme-valdemarne.com\/espace-pro\/presse\/\"},{\"@type\":\"ListItem\",\"position\":3,\"name\":\"Actualit\u00e9s et communiqu\u00e9s de presse\",\"item\":\"https:\/\/www.tourisme-valdemarne.com\/espace-pro\/presse\/actualites-et-communiques-de-presse\/\"},{\"@type\":\"ListItem\",\"position\":4,\"name\":\"Ph\u00e9nom\u00e8n&rsquo;Art : au c\u0153ur de l&rsquo;art urbain en Val-de-Marne\"}]},{\"@type\":\"WebSite\",\"@id\":\"https:\/\/www.tourisme-valdemarne.com\/espace-pro\/#website\",\"url\":\"https:\/\/www.tourisme-valdemarne.com\/espace-pro\/\",\"name\":\"Espace Pro\",\"description\":\"Informations et outils pour les professionnels et la Presse\",\"potentialAction\":[{\"@type\":\"SearchAction\",\"target\":{\"@type\":\"EntryPoint\",\"urlTemplate\":\"https:\/\/www.tourisme-valdemarne.com\/espace-pro\/?s={search_term_string}\"},\"query-input\":{\"@type\":\"PropertyValueSpecification\",\"valueRequired\":true,\"valueName\":\"search_term_string\"}}],\"inLanguage\":\"fr-FR\"}]}<\/script>\n<!-- \/ Yoast SEO plugin. -->","yoast_head_json":{"title":"Ph\u00e9nom\u00e8n'Art : au c\u0153ur de l'art urbain en Val-de-Marne - Espace Pro","robots":{"index":"index","follow":"follow","max-snippet":"max-snippet:-1","max-image-preview":"max-image-preview:large","max-video-preview":"max-video-preview:-1"},"canonical":"https:\/\/www.tourisme-valdemarne.com\/espace-pro\/presse\/actualites-et-communiques-de-presse\/phenomenart-au-coeur-de-lart-urbain-en-val-de-marne\/","og_locale":"fr_FR","og_type":"article","og_title":"Ph\u00e9nom\u00e8n'Art : au c\u0153ur de l'art urbain en Val-de-Marne - Espace Pro","og_description":"COMMUNIQUE DE PRESSE Les 10, 11 et 12 octobre 2025, Ph\u00e9nom\u00e8n\u2019Art mettra \u00e0 l\u2019honneur l\u2019art urbain sous toutes ses formes aux quatre coins du Val-de-Marne et dans le sud-est de Paris. L\u2019\u00e9dition 2025 de Ph\u00e9nom\u00e8n\u2019Art arrive avec un nouveau format : certains parcours in\u00e9dits qui combinent deux exp\u00e9riences en une. Au fil des balades guid\u00e9es [&hellip;]","og_url":"https:\/\/www.tourisme-valdemarne.com\/espace-pro\/presse\/actualites-et-communiques-de-presse\/phenomenart-au-coeur-de-lart-urbain-en-val-de-marne\/","og_site_name":"Espace Pro","article_modified_time":"2025-09-30T08:12:06+00:00","og_image":[{"width":2048,"height":2048,"url":"https:\/\/www.tourisme-valdemarne.com\/espace-pro\/wp-content\/uploads\/sites\/3\/2025\/09\/2025_p1.jpg","type":"image\/jpeg"}],"twitter_card":"summary_large_image","twitter_misc":{"Dur\u00e9e de lecture estim\u00e9e":"2 minutes"},"schema":{"@context":"https:\/\/schema.org","@graph":[{"@type":"WebPage","@id":"https:\/\/www.tourisme-valdemarne.com\/espace-pro\/presse\/actualites-et-communiques-de-presse\/phenomenart-au-coeur-de-lart-urbain-en-val-de-marne\/","url":"https:\/\/www.tourisme-valdemarne.com\/espace-pro\/presse\/actualites-et-communiques-de-presse\/phenomenart-au-coeur-de-lart-urbain-en-val-de-marne\/","name":"Ph\u00e9nom\u00e8n'Art : au c\u0153ur de l'art urbain en Val-de-Marne - Espace Pro","isPartOf":{"@id":"https:\/\/www.tourisme-valdemarne.com\/espace-pro\/#website"},"primaryImageOfPage":{"@id":"https:\/\/www.tourisme-valdemarne.com\/espace-pro\/presse\/actualites-et-communiques-de-presse\/phenomenart-au-coeur-de-lart-urbain-en-val-de-marne\/#primaryimage"},"image":{"@id":"https:\/\/www.tourisme-valdemarne.com\/espace-pro\/presse\/actualites-et-communiques-de-presse\/phenomenart-au-coeur-de-lart-urbain-en-val-de-marne\/#primaryimage"},"thumbnailUrl":"https:\/\/www.tourisme-valdemarne.com\/espace-pro\/wp-content\/uploads\/sites\/3\/2025\/09\/2025_p1.jpg","datePublished":"2025-09-12T08:38:54+00:00","dateModified":"2025-09-30T08:12:06+00:00","breadcrumb":{"@id":"https:\/\/www.tourisme-valdemarne.com\/espace-pro\/presse\/actualites-et-communiques-de-presse\/phenomenart-au-coeur-de-lart-urbain-en-val-de-marne\/#breadcrumb"},"inLanguage":"fr-FR","potentialAction":[{"@type":"ReadAction","target":["https:\/\/www.tourisme-valdemarne.com\/espace-pro\/presse\/actualites-et-communiques-de-presse\/phenomenart-au-coeur-de-lart-urbain-en-val-de-marne\/"]}]},{"@type":"ImageObject","inLanguage":"fr-FR","@id":"https:\/\/www.tourisme-valdemarne.com\/espace-pro\/presse\/actualites-et-communiques-de-presse\/phenomenart-au-coeur-de-lart-urbain-en-val-de-marne\/#primaryimage","url":"https:\/\/www.tourisme-valdemarne.com\/espace-pro\/wp-content\/uploads\/sites\/3\/2025\/09\/2025_p1.jpg","contentUrl":"https:\/\/www.tourisme-valdemarne.com\/espace-pro\/wp-content\/uploads\/sites\/3\/2025\/09\/2025_p1.jpg","width":2048,"height":2048},{"@type":"BreadcrumbList","@id":"https:\/\/www.tourisme-valdemarne.com\/espace-pro\/presse\/actualites-et-communiques-de-presse\/phenomenart-au-coeur-de-lart-urbain-en-val-de-marne\/#breadcrumb","itemListElement":[{"@type":"ListItem","position":1,"name":"Accueil","item":"https:\/\/www.tourisme-valdemarne.com\/espace-pro\/"},{"@type":"ListItem","position":2,"name":"Presse","item":"https:\/\/www.tourisme-valdemarne.com\/espace-pro\/presse\/"},{"@type":"ListItem","position":3,"name":"Actualit\u00e9s et communiqu\u00e9s de presse","item":"https:\/\/www.tourisme-valdemarne.com\/espace-pro\/presse\/actualites-et-communiques-de-presse\/"},{"@type":"ListItem","position":4,"name":"Ph\u00e9nom\u00e8n&rsquo;Art : au c\u0153ur de l&rsquo;art urbain en Val-de-Marne"}]},{"@type":"WebSite","@id":"https:\/\/www.tourisme-valdemarne.com\/espace-pro\/#website","url":"https:\/\/www.tourisme-valdemarne.com\/espace-pro\/","name":"Espace Pro","description":"Informations et outils pour les professionnels et la Presse","potentialAction":[{"@type":"SearchAction","target":{"@type":"EntryPoint","urlTemplate":"https:\/\/www.tourisme-valdemarne.com\/espace-pro\/?s={search_term_string}"},"query-input":{"@type":"PropertyValueSpecification","valueRequired":true,"valueName":"search_term_string"}}],"inLanguage":"fr-FR"}]}},"_links":{"self":[{"href":"https:\/\/www.tourisme-valdemarne.com\/espace-pro\/wp-json\/wp\/v2\/pages\/30041","targetHints":{"allow":["GET"]}}],"collection":[{"href":"https:\/\/www.tourisme-valdemarne.com\/espace-pro\/wp-json\/wp\/v2\/pages"}],"about":[{"href":"https:\/\/www.tourisme-valdemarne.com\/espace-pro\/wp-json\/wp\/v2\/types\/page"}],"author":[{"embeddable":true,"href":"https:\/\/www.tourisme-valdemarne.com\/espace-pro\/wp-json\/wp\/v2\/users\/9"}],"replies":[{"embeddable":true,"href":"https:\/\/www.tourisme-valdemarne.com\/espace-pro\/wp-json\/wp\/v2\/comments?post=30041"}],"version-history":[{"count":6,"href":"https:\/\/www.tourisme-valdemarne.com\/espace-pro\/wp-json\/wp\/v2\/pages\/30041\/revisions"}],"predecessor-version":[{"id":30253,"href":"https:\/\/www.tourisme-valdemarne.com\/espace-pro\/wp-json\/wp\/v2\/pages\/30041\/revisions\/30253"}],"up":[{"embeddable":true,"href":"https:\/\/www.tourisme-valdemarne.com\/espace-pro\/wp-json\/wp\/v2\/pages\/179"}],"wp:featuredmedia":[{"embeddable":true,"href":"https:\/\/www.tourisme-valdemarne.com\/espace-pro\/wp-json\/wp\/v2\/media\/30043"}],"wp:attachment":[{"href":"https:\/\/www.tourisme-valdemarne.com\/espace-pro\/wp-json\/wp\/v2\/media?parent=30041"}],"wp:term":[{"taxonomy":"vdmTagMarketing","embeddable":true,"href":"https:\/\/www.tourisme-valdemarne.com\/espace-pro\/wp-json\/wp\/v2\/vdmTagMarketing?post=30041"}],"curies":[{"name":"wp","href":"https:\/\/api.w.org\/{rel}","templated":true}]}}