{"id":2883,"date":"2019-05-28T12:53:09","date_gmt":"2019-05-28T10:53:09","guid":{"rendered":"https:\/\/www.tourisme-valdemarne.com\/espace-pro\/communiques-de-presse-precedents"},"modified":"2023-02-20T14:22:06","modified_gmt":"2023-02-20T13:22:06","slug":"communiques-de-presse-precedents","status":"publish","type":"page","link":"https:\/\/www.tourisme-valdemarne.com\/espace-pro\/presse\/actualites-et-communiques-de-presse\/communiques-de-presse-precedents\/","title":{"rendered":"Communiqu\u00e9s de presse pr\u00e9c\u00e9dents"},"content":{"rendered":"\n<p class=\"is-style-excerpt\">Consultez les communiqu\u00e9s de presse publi\u00e9s pr\u00e9c\u00e9demment pour vous tenir inform\u00e9 de toute l&rsquo;actualit\u00e9 du tourisme en Val-de-Marne.<\/p>\n","protected":false},"excerpt":{"rendered":"<p>Consultez les communiqu\u00e9s de presse publi\u00e9s pr\u00e9c\u00e9demment pour vous tenir inform\u00e9 de toute l&rsquo;actualit\u00e9 du tourisme en Val-de-Marne.<\/p>\n","protected":false},"author":9,"featured_media":802,"parent":179,"menu_order":250,"comment_status":"closed","ping_status":"closed","template":"partials\/template-intermediaire.php","meta":{"_relevanssi_hide_post":"","_relevanssi_hide_content":"","_relevanssi_pin_for_all":"","_relevanssi_pin_keywords":"","_relevanssi_unpin_keywords":"","_relevanssi_related_keywords":"","_relevanssi_related_include_ids":"","_relevanssi_related_exclude_ids":"","_relevanssi_related_no_append":"","_relevanssi_related_not_related":"","_relevanssi_related_posts":"8105,8104,446,2749,8095,442","_relevanssi_noindex_reason":"","footnotes":""},"vdmTagMarketing":[],"class_list":["post-2883","page","type-page","status-publish","has-post-thumbnail","hentry"],"acf":[],"yoast_head":"<!-- This site is optimized with the Yoast SEO plugin v23.9 - https:\/\/yoast.com\/wordpress\/plugins\/seo\/ -->\n<title>Communiqu\u00e9s de presse pr\u00e9c\u00e9dents - Espace Pro<\/title>\n<meta name=\"description\" content=\"Retrouvez ici tous les communiqu\u00e9s de presse publi\u00e9s pr\u00e9c\u00e9demment pour vous tenir inform\u00e9 de toute l&#039;actualit\u00e9 touristique du 94.\" \/>\n<meta name=\"robots\" content=\"index, follow, max-snippet:-1, max-image-preview:large, max-video-preview:-1\" \/>\n<link rel=\"canonical\" href=\"https:\/\/www.tourisme-valdemarne.com\/espace-pro\/presse\/actualites-et-communiques-de-presse\/communiques-de-presse-precedents\/\" \/>\n<meta property=\"og:locale\" content=\"fr_FR\" \/>\n<meta property=\"og:type\" content=\"article\" \/>\n<meta property=\"og:title\" content=\"Communiqu\u00e9s de presse pr\u00e9c\u00e9dents - Espace Pro\" \/>\n<meta property=\"og:description\" content=\"Retrouvez ici tous les communiqu\u00e9s de presse publi\u00e9s pr\u00e9c\u00e9demment pour vous tenir inform\u00e9 de toute l&#039;actualit\u00e9 touristique du 94.\" \/>\n<meta property=\"og:url\" content=\"https:\/\/www.tourisme-valdemarne.com\/espace-pro\/presse\/actualites-et-communiques-de-presse\/communiques-de-presse-precedents\/\" \/>\n<meta property=\"og:site_name\" content=\"Espace Pro\" \/>\n<meta property=\"article:modified_time\" content=\"2023-02-20T13:22:06+00:00\" \/>\n<meta property=\"og:image\" content=\"https:\/\/www.tourisme-valdemarne.com\/espace-pro\/wp-content\/uploads\/sites\/3\/2019\/05\/espace-presse.jpg\" \/>\n\t<meta property=\"og:image:width\" content=\"1600\" \/>\n\t<meta property=\"og:image:height\" content=\"900\" \/>\n\t<meta property=\"og:image:type\" content=\"image\/jpeg\" \/>\n<meta name=\"twitter:card\" content=\"summary_large_image\" \/>\n<meta name=\"twitter:label1\" content=\"Dur\u00e9e de lecture estim\u00e9e\" \/>\n\t<meta name=\"twitter:data1\" content=\"1 minute\" \/>\n<script type=\"application\/ld+json\" class=\"yoast-schema-graph\">{\"@context\":\"https:\/\/schema.org\",\"@graph\":[{\"@type\":\"WebPage\",\"@id\":\"https:\/\/www.tourisme-valdemarne.com\/espace-pro\/presse\/actualites-et-communiques-de-presse\/communiques-de-presse-precedents\/\",\"url\":\"https:\/\/www.tourisme-valdemarne.com\/espace-pro\/presse\/actualites-et-communiques-de-presse\/communiques-de-presse-precedents\/\",\"name\":\"Communiqu\u00e9s de presse pr\u00e9c\u00e9dents - Espace Pro\",\"isPartOf\":{\"@id\":\"https:\/\/www.tourisme-valdemarne.com\/espace-pro\/#website\"},\"primaryImageOfPage\":{\"@id\":\"https:\/\/www.tourisme-valdemarne.com\/espace-pro\/presse\/actualites-et-communiques-de-presse\/communiques-de-presse-precedents\/#primaryimage\"},\"image\":{\"@id\":\"https:\/\/www.tourisme-valdemarne.com\/espace-pro\/presse\/actualites-et-communiques-de-presse\/communiques-de-presse-precedents\/#primaryimage\"},\"thumbnailUrl\":\"https:\/\/www.tourisme-valdemarne.com\/espace-pro\/wp-content\/uploads\/sites\/3\/2019\/05\/espace-presse.jpg\",\"datePublished\":\"2019-05-28T10:53:09+00:00\",\"dateModified\":\"2023-02-20T13:22:06+00:00\",\"description\":\"Retrouvez ici tous les communiqu\u00e9s de presse publi\u00e9s pr\u00e9c\u00e9demment pour vous tenir inform\u00e9 de toute l'actualit\u00e9 touristique du 94.\",\"breadcrumb\":{\"@id\":\"https:\/\/www.tourisme-valdemarne.com\/espace-pro\/presse\/actualites-et-communiques-de-presse\/communiques-de-presse-precedents\/#breadcrumb\"},\"inLanguage\":\"fr-FR\",\"potentialAction\":[{\"@type\":\"ReadAction\",\"target\":[\"https:\/\/www.tourisme-valdemarne.com\/espace-pro\/presse\/actualites-et-communiques-de-presse\/communiques-de-presse-precedents\/\"]}]},{\"@type\":\"ImageObject\",\"inLanguage\":\"fr-FR\",\"@id\":\"https:\/\/www.tourisme-valdemarne.com\/espace-pro\/presse\/actualites-et-communiques-de-presse\/communiques-de-presse-precedents\/#primaryimage\",\"url\":\"https:\/\/www.tourisme-valdemarne.com\/espace-pro\/wp-content\/uploads\/sites\/3\/2019\/05\/espace-presse.jpg\",\"contentUrl\":\"https:\/\/www.tourisme-valdemarne.com\/espace-pro\/wp-content\/uploads\/sites\/3\/2019\/05\/espace-presse.jpg\",\"width\":1600,\"height\":900,\"caption\":\"espace presse\"},{\"@type\":\"BreadcrumbList\",\"@id\":\"https:\/\/www.tourisme-valdemarne.com\/espace-pro\/presse\/actualites-et-communiques-de-presse\/communiques-de-presse-precedents\/#breadcrumb\",\"itemListElement\":[{\"@type\":\"ListItem\",\"position\":1,\"name\":\"Accueil\",\"item\":\"https:\/\/www.tourisme-valdemarne.com\/espace-pro\/\"},{\"@type\":\"ListItem\",\"position\":2,\"name\":\"Presse\",\"item\":\"https:\/\/www.tourisme-valdemarne.com\/espace-pro\/presse\/\"},{\"@type\":\"ListItem\",\"position\":3,\"name\":\"Actualit\u00e9s et communiqu\u00e9s de presse\",\"item\":\"https:\/\/www.tourisme-valdemarne.com\/espace-pro\/presse\/actualites-et-communiques-de-presse\/\"},{\"@type\":\"ListItem\",\"position\":4,\"name\":\"Communiqu\u00e9s de presse pr\u00e9c\u00e9dents\"}]},{\"@type\":\"WebSite\",\"@id\":\"https:\/\/www.tourisme-valdemarne.com\/espace-pro\/#website\",\"url\":\"https:\/\/www.tourisme-valdemarne.com\/espace-pro\/\",\"name\":\"Espace Pro\",\"description\":\"Informations et outils pour les professionnels et la Presse\",\"potentialAction\":[{\"@type\":\"SearchAction\",\"target\":{\"@type\":\"EntryPoint\",\"urlTemplate\":\"https:\/\/www.tourisme-valdemarne.com\/espace-pro\/?s={search_term_string}\"},\"query-input\":{\"@type\":\"PropertyValueSpecification\",\"valueRequired\":true,\"valueName\":\"search_term_string\"}}],\"inLanguage\":\"fr-FR\"}]}<\/script>\n<!-- \/ Yoast SEO plugin. -->","yoast_head_json":{"title":"Communiqu\u00e9s de presse pr\u00e9c\u00e9dents - Espace Pro","description":"Retrouvez ici tous les communiqu\u00e9s de presse publi\u00e9s pr\u00e9c\u00e9demment pour vous tenir inform\u00e9 de toute l'actualit\u00e9 touristique du 94.","robots":{"index":"index","follow":"follow","max-snippet":"max-snippet:-1","max-image-preview":"max-image-preview:large","max-video-preview":"max-video-preview:-1"},"canonical":"https:\/\/www.tourisme-valdemarne.com\/espace-pro\/presse\/actualites-et-communiques-de-presse\/communiques-de-presse-precedents\/","og_locale":"fr_FR","og_type":"article","og_title":"Communiqu\u00e9s de presse pr\u00e9c\u00e9dents - Espace Pro","og_description":"Retrouvez ici tous les communiqu\u00e9s de presse publi\u00e9s pr\u00e9c\u00e9demment pour vous tenir inform\u00e9 de toute l'actualit\u00e9 touristique du 94.","og_url":"https:\/\/www.tourisme-valdemarne.com\/espace-pro\/presse\/actualites-et-communiques-de-presse\/communiques-de-presse-precedents\/","og_site_name":"Espace Pro","article_modified_time":"2023-02-20T13:22:06+00:00","og_image":[{"width":1600,"height":900,"url":"https:\/\/www.tourisme-valdemarne.com\/espace-pro\/wp-content\/uploads\/sites\/3\/2019\/05\/espace-presse.jpg","type":"image\/jpeg"}],"twitter_card":"summary_large_image","twitter_misc":{"Dur\u00e9e de lecture estim\u00e9e":"1 minute"},"schema":{"@context":"https:\/\/schema.org","@graph":[{"@type":"WebPage","@id":"https:\/\/www.tourisme-valdemarne.com\/espace-pro\/presse\/actualites-et-communiques-de-presse\/communiques-de-presse-precedents\/","url":"https:\/\/www.tourisme-valdemarne.com\/espace-pro\/presse\/actualites-et-communiques-de-presse\/communiques-de-presse-precedents\/","name":"Communiqu\u00e9s de presse pr\u00e9c\u00e9dents - Espace Pro","isPartOf":{"@id":"https:\/\/www.tourisme-valdemarne.com\/espace-pro\/#website"},"primaryImageOfPage":{"@id":"https:\/\/www.tourisme-valdemarne.com\/espace-pro\/presse\/actualites-et-communiques-de-presse\/communiques-de-presse-precedents\/#primaryimage"},"image":{"@id":"https:\/\/www.tourisme-valdemarne.com\/espace-pro\/presse\/actualites-et-communiques-de-presse\/communiques-de-presse-precedents\/#primaryimage"},"thumbnailUrl":"https:\/\/www.tourisme-valdemarne.com\/espace-pro\/wp-content\/uploads\/sites\/3\/2019\/05\/espace-presse.jpg","datePublished":"2019-05-28T10:53:09+00:00","dateModified":"2023-02-20T13:22:06+00:00","description":"Retrouvez ici tous les communiqu\u00e9s de presse publi\u00e9s pr\u00e9c\u00e9demment pour vous tenir inform\u00e9 de toute l'actualit\u00e9 touristique du 94.","breadcrumb":{"@id":"https:\/\/www.tourisme-valdemarne.com\/espace-pro\/presse\/actualites-et-communiques-de-presse\/communiques-de-presse-precedents\/#breadcrumb"},"inLanguage":"fr-FR","potentialAction":[{"@type":"ReadAction","target":["https:\/\/www.tourisme-valdemarne.com\/espace-pro\/presse\/actualites-et-communiques-de-presse\/communiques-de-presse-precedents\/"]}]},{"@type":"ImageObject","inLanguage":"fr-FR","@id":"https:\/\/www.tourisme-valdemarne.com\/espace-pro\/presse\/actualites-et-communiques-de-presse\/communiques-de-presse-precedents\/#primaryimage","url":"https:\/\/www.tourisme-valdemarne.com\/espace-pro\/wp-content\/uploads\/sites\/3\/2019\/05\/espace-presse.jpg","contentUrl":"https:\/\/www.tourisme-valdemarne.com\/espace-pro\/wp-content\/uploads\/sites\/3\/2019\/05\/espace-presse.jpg","width":1600,"height":900,"caption":"espace presse"},{"@type":"BreadcrumbList","@id":"https:\/\/www.tourisme-valdemarne.com\/espace-pro\/presse\/actualites-et-communiques-de-presse\/communiques-de-presse-precedents\/#breadcrumb","itemListElement":[{"@type":"ListItem","position":1,"name":"Accueil","item":"https:\/\/www.tourisme-valdemarne.com\/espace-pro\/"},{"@type":"ListItem","position":2,"name":"Presse","item":"https:\/\/www.tourisme-valdemarne.com\/espace-pro\/presse\/"},{"@type":"ListItem","position":3,"name":"Actualit\u00e9s et communiqu\u00e9s de presse","item":"https:\/\/www.tourisme-valdemarne.com\/espace-pro\/presse\/actualites-et-communiques-de-presse\/"},{"@type":"ListItem","position":4,"name":"Communiqu\u00e9s de presse pr\u00e9c\u00e9dents"}]},{"@type":"WebSite","@id":"https:\/\/www.tourisme-valdemarne.com\/espace-pro\/#website","url":"https:\/\/www.tourisme-valdemarne.com\/espace-pro\/","name":"Espace Pro","description":"Informations et outils pour les professionnels et la Presse","potentialAction":[{"@type":"SearchAction","target":{"@type":"EntryPoint","urlTemplate":"https:\/\/www.tourisme-valdemarne.com\/espace-pro\/?s={search_term_string}"},"query-input":{"@type":"PropertyValueSpecification","valueRequired":true,"valueName":"search_term_string"}}],"inLanguage":"fr-FR"}]}},"_links":{"self":[{"href":"https:\/\/www.tourisme-valdemarne.com\/espace-pro\/wp-json\/wp\/v2\/pages\/2883","targetHints":{"allow":["GET"]}}],"collection":[{"href":"https:\/\/www.tourisme-valdemarne.com\/espace-pro\/wp-json\/wp\/v2\/pages"}],"about":[{"href":"https:\/\/www.tourisme-valdemarne.com\/espace-pro\/wp-json\/wp\/v2\/types\/page"}],"author":[{"embeddable":true,"href":"https:\/\/www.tourisme-valdemarne.com\/espace-pro\/wp-json\/wp\/v2\/users\/9"}],"replies":[{"embeddable":true,"href":"https:\/\/www.tourisme-valdemarne.com\/espace-pro\/wp-json\/wp\/v2\/comments?post=2883"}],"version-history":[{"count":6,"href":"https:\/\/www.tourisme-valdemarne.com\/espace-pro\/wp-json\/wp\/v2\/pages\/2883\/revisions"}],"predecessor-version":[{"id":2912,"href":"https:\/\/www.tourisme-valdemarne.com\/espace-pro\/wp-json\/wp\/v2\/pages\/2883\/revisions\/2912"}],"up":[{"embeddable":true,"href":"https:\/\/www.tourisme-valdemarne.com\/espace-pro\/wp-json\/wp\/v2\/pages\/179"}],"wp:featuredmedia":[{"embeddable":true,"href":"https:\/\/www.tourisme-valdemarne.com\/espace-pro\/wp-json\/wp\/v2\/media\/802"}],"wp:attachment":[{"href":"https:\/\/www.tourisme-valdemarne.com\/espace-pro\/wp-json\/wp\/v2\/media?parent=2883"}],"wp:term":[{"taxonomy":"vdmTagMarketing","embeddable":true,"href":"https:\/\/www.tourisme-valdemarne.com\/espace-pro\/wp-json\/wp\/v2\/vdmTagMarketing?post=2883"}],"curies":[{"name":"wp","href":"https:\/\/api.w.org\/{rel}","templated":true}]}}

Communiqués de presse précédents

<p class="is-style-excerpt">Consultez les communiqués de presse publiés précédemment pour vous tenir informé de toute l&rsquo;actualité du tourisme en Val-de-Marne.</p>

<p>Consultez les communiqués de presse publiés précédemment pour vous tenir informé de toute l&rsquo;actualité du tourisme en Val-de-Marne.</p>

<!-- This site is optimized with the Yoast SEO plugin v23.9 - https://yoast.com/wordpress/plugins/seo/ -->
<title>Communiqués de presse précédents - Espace Pro</title>
<meta name="description" content="Retrouvez ici tous les communiqués de presse publiés précédemment pour vous tenir informé de toute l&#039;actualité touristique du 94." />
<meta name="robots" content="index, follow, max-snippet:-1, max-image-preview:large, max-video-preview:-1" />
<link rel="canonical" href="https://www.tourisme-valdemarne.com/espace-pro/presse/actualites-et-communiques-de-presse/communiques-de-presse-precedents/" />
<meta property="og:locale" content="fr_FR" />
<meta property="og:type" content="article" />
<meta property="og:title" content="Communiqués de presse précédents - Espace Pro" />
<meta property="og:description" content="Retrouvez ici tous les communiqués de presse publiés précédemment pour vous tenir informé de toute l&#039;actualité touristique du 94." />
<meta property="og:url" content="https://www.tourisme-valdemarne.com/espace-pro/presse/actualites-et-communiques-de-presse/communiques-de-presse-precedents/" />
<meta property="og:site_name" content="Espace Pro" />
<meta property="article:modified_time" content="2023-02-20T13:22:06+00:00" />
<meta property="og:image" content="https://www.tourisme-valdemarne.com/espace-pro/wp-content/uploads/sites/3/2019/05/espace-presse.jpg" />
	<meta property="og:image:width" content="1600" />
	<meta property="og:image:height" content="900" />
	<meta property="og:image:type" content="image/jpeg" />
<meta name="twitter:card" content="summary_large_image" />
<meta name="twitter:label1" content="Durée de lecture estimée" />
	<meta name="twitter:data1" content="1 minute" />
<script type="application/ld+json" class="yoast-schema-graph">{"@context":"https://schema.org","@graph":[{"@type":"WebPage","@id":"https://www.tourisme-valdemarne.com/espace-pro/presse/actualites-et-communiques-de-presse/communiques-de-presse-precedents/","url":"https://www.tourisme-valdemarne.com/espace-pro/presse/actualites-et-communiques-de-presse/communiques-de-presse-precedents/","name":"Communiqués de presse précédents - Espace Pro","isPartOf":{"@id":"https://www.tourisme-valdemarne.com/espace-pro/#website"},"primaryImageOfPage":{"@id":"https://www.tourisme-valdemarne.com/espace-pro/presse/actualites-et-communiques-de-presse/communiques-de-presse-precedents/#primaryimage"},"image":{"@id":"https://www.tourisme-valdemarne.com/espace-pro/presse/actualites-et-communiques-de-presse/communiques-de-presse-precedents/#primaryimage"},"thumbnailUrl":"https://www.tourisme-valdemarne.com/espace-pro/wp-content/uploads/sites/3/2019/05/espace-presse.jpg","datePublished":"2019-05-28T10:53:09+00:00","dateModified":"2023-02-20T13:22:06+00:00","description":"Retrouvez ici tous les communiqués de presse publiés précédemment pour vous tenir informé de toute l'actualité touristique du 94.","breadcrumb":{"@id":"https://www.tourisme-valdemarne.com/espace-pro/presse/actualites-et-communiques-de-presse/communiques-de-presse-precedents/#breadcrumb"},"inLanguage":"fr-FR","potentialAction":[{"@type":"ReadAction","target":["https://www.tourisme-valdemarne.com/espace-pro/presse/actualites-et-communiques-de-presse/communiques-de-presse-precedents/"]}]},{"@type":"ImageObject","inLanguage":"fr-FR","@id":"https://www.tourisme-valdemarne.com/espace-pro/presse/actualites-et-communiques-de-presse/communiques-de-presse-precedents/#primaryimage","url":"https://www.tourisme-valdemarne.com/espace-pro/wp-content/uploads/sites/3/2019/05/espace-presse.jpg","contentUrl":"https://www.tourisme-valdemarne.com/espace-pro/wp-content/uploads/sites/3/2019/05/espace-presse.jpg","width":1600,"height":900,"caption":"espace presse"},{"@type":"BreadcrumbList","@id":"https://www.tourisme-valdemarne.com/espace-pro/presse/actualites-et-communiques-de-presse/communiques-de-presse-precedents/#breadcrumb","itemListElement":[{"@type":"ListItem","position":1,"name":"Accueil","item":"https://www.tourisme-valdemarne.com/espace-pro/"},{"@type":"ListItem","position":2,"name":"Presse","item":"https://www.tourisme-valdemarne.com/espace-pro/presse/"},{"@type":"ListItem","position":3,"name":"Actualités et communiqués de presse","item":"https://www.tourisme-valdemarne.com/espace-pro/presse/actualites-et-communiques-de-presse/"},{"@type":"ListItem","position":4,"name":"Communiqués de presse précédents"}]},{"@type":"WebSite","@id":"https://www.tourisme-valdemarne.com/espace-pro/#website","url":"https://www.tourisme-valdemarne.com/espace-pro/","name":"Espace Pro","description":"Informations et outils pour les professionnels et la Presse","potentialAction":[{"@type":"SearchAction","target":{"@type":"EntryPoint","urlTemplate":"https://www.tourisme-valdemarne.com/espace-pro/?s={search_term_string}"},"query-input":{"@type":"PropertyValueSpecification","valueRequired":true,"valueName":"search_term_string"}}],"inLanguage":"fr-FR"}]}</script>
<!-- / Yoast SEO plugin. -->

Communiqués de presse précédents - Espace Pro

Retrouvez ici tous les communiqués de presse publiés précédemment pour vous tenir informé de toute l'actualité touristique du 94.

Actualités et communiqués de presse
