{"id":27568,"date":"2024-07-25T12:37:49","date_gmt":"2024-07-25T10:37:49","guid":{"rendered":"https:\/\/www.tourisme-valdemarne.com\/espace-pro\/?page_id=27568"},"modified":"2025-09-12T10:42:01","modified_gmt":"2025-09-12T08:42:01","slug":"phenomenart-3-jours-pour-decouvrir-le-street-art-en-octobre","status":"publish","type":"page","link":"https:\/\/www.tourisme-valdemarne.com\/espace-pro\/presse\/actualites-et-communiques-de-presse\/communiques-de-presse-precedents\/phenomenart-3-jours-pour-decouvrir-le-street-art-en-octobre\/","title":{"rendered":"Ph\u00e9nom\u00e8n&rsquo;Art : 3 jours pour d\u00e9couvrir le street art en octobre"},"content":{"rendered":"\n<p class=\"is-style-excerpt\">COMMUNIQUE DE PRESSE<\/p>\n\n\n\n<p><strong>Les 11, 12 et 13 octobre 2024, le festival Ph\u00e9nom\u00e8n&rsquo;Art propose 3 jours de d\u00e9couvertes du street art et de rencontres avec les artistes&nbsp;aux quatre coins du Val-de-Marne et dans le sud-est de Paris.<\/strong><\/p>\n\n\n\n<p>Au programme : des<strong> animations insolites et artistiques<\/strong> r\u00e9parties dans plus de 13 villes du d\u00e9partement et \u00e0 Paris.<\/p>\n\n\n\n<ul class=\"wp-block-list\"><li><strong>Deux r\u00e9alisations de fresques murales<\/strong> : <strong>l&rsquo;une monumentale au port de Bonneuil-sur-Marne<\/strong>&nbsp;sur une surface de 135 m\u00b2, <strong>l&rsquo;autre \u00e0 Ivry-sur-Seine<\/strong> r\u00e9alis\u00e9e par plusieurs artistes locaux qui performeront en m\u00eame temps<\/li><li><strong>Des ateliers d\u2019initiation&nbsp;\u00e0 diff\u00e9rentes techniques de street art<\/strong><\/li><li><strong>Des balades urbaines<\/strong> <strong>comment\u00e9es<\/strong><\/li><li><strong>Des portes ouvertes de lieux de cr\u00e9ation pour d\u00e9couvrir les ateliers d\u2019artistes&nbsp;<\/strong>\u00e0 Ivry-sur-Seine et Vincennes<\/li><li><strong>Des expositions dans des lieux culturels<\/strong><\/li><\/ul>\n\n\n\n<p><strong>La rencontre avec les artistes est au c\u0153ur de cette programmation<\/strong>. Des moments d&rsquo;\u00e9changes et de d\u00e9bats sont pr\u00e9vus.<\/p>\n\n\n\n<p>Un festival pour mieux comprendre&nbsp;l\u2019art urbain et s\u2019essayer au street art !<\/p>\n\n\n\n<div class=\"wp-block-image\"><figure class=\"aligncenter size-medium\"><img width=\"424\" height=\"600\" data-src=\"https:\/\/www.tourisme-valdemarne.com\/espace-pro\/wp-content\/uploads\/sites\/3\/2024\/07\/affiche-phenomenart-2024-424x600.jpg\" alt=\"\" class=\"wp-image-27569\" srcset=\"https:\/\/www.tourisme-valdemarne.com\/espace-pro\/wp-content\/uploads\/sites\/3\/2024\/07\/affiche-phenomenart-2024-424x600.jpg 424w, https:\/\/www.tourisme-valdemarne.com\/espace-pro\/wp-content\/uploads\/sites\/3\/2024\/07\/affiche-phenomenart-2024-849x1200.jpg 849w, https:\/\/www.tourisme-valdemarne.com\/espace-pro\/wp-content\/uploads\/sites\/3\/2024\/07\/affiche-phenomenart-2024-636x900.jpg 636w, https:\/\/www.tourisme-valdemarne.com\/espace-pro\/wp-content\/uploads\/sites\/3\/2024\/07\/affiche-phenomenart-2024-380x537.jpg 380w, https:\/\/www.tourisme-valdemarne.com\/espace-pro\/wp-content\/uploads\/sites\/3\/2024\/07\/affiche-phenomenart-2024-200x283.jpg 200w, https:\/\/www.tourisme-valdemarne.com\/espace-pro\/wp-content\/uploads\/sites\/3\/2024\/07\/affiche-phenomenart-2024.jpg 1000w\" sizes=\"(max-width: 424px) 100vw, 424px\" \/><\/figure><\/div>\n\n\n\n<p class=\"is-style-highlight\"><a href=\"https:\/\/www.tourisme-valdemarne.com\/espace-pro\/wp-content\/uploads\/sites\/3\/2024\/09\/dp-phenomenart-2024-programme.pdf\">Consultez le dossier de presse avec le programme complet<\/a><\/p>\n\n\n\n<p><em><strong>Festival organis\u00e9 par Val-de-Marne Tourisme et Loisirs<\/strong><\/em><br><em>Tarifs : balades urbaines 5 \u20ac \/ ateliers d\u2019initiation au street art 15 \u20ac<\/em> \/ certaines animations sont gratuites<\/p>\n\n\n\n<p><em>Informations sur <a href=\"https:\/\/www.tourisme-valdemarne.com\/street-art\/phenomen-art-festival-street-art\/\" target=\"_blank\" rel=\"noreferrer noopener\">tourisme-valdemarne.com<\/a><\/em><br><em>R\u00e9servations sur&nbsp;<a href=\"https:\/\/exploreparis.com\/fr\/538_phenomen-art?src=pagedufestival\" target=\"_blank\" rel=\"noreferrer noopener\">exploreparis.com<\/a><\/em><\/p>\n\n\n\n<figure class=\"wp-block-video\"><video controls src=\"https:\/\/www.tourisme-valdemarne.com\/espace-pro\/wp-content\/uploads\/sites\/3\/2024\/08\/phenomenart.mp4\"><\/video><\/figure>\n","protected":false},"excerpt":{"rendered":"<p>COMMUNIQUE DE PRESSE Les 11, 12 et 13 octobre 2024, le festival Ph\u00e9nom\u00e8n&rsquo;Art propose 3 jours de d\u00e9couvertes du street art et de rencontres avec les artistes&nbsp;aux quatre coins du Val-de-Marne et dans le sud-est de Paris. Au programme : des animations insolites et artistiques r\u00e9parties dans plus de 13 villes du d\u00e9partement et \u00e0 [&hellip;]<\/p>\n","protected":false},"author":9,"featured_media":27569,"parent":2883,"menu_order":1,"comment_status":"closed","ping_status":"closed","template":"","meta":{"_relevanssi_hide_post":"","_relevanssi_hide_content":"","_relevanssi_pin_for_all":"","_relevanssi_pin_keywords":"","_relevanssi_unpin_keywords":"","_relevanssi_related_keywords":"","_relevanssi_related_include_ids":"","_relevanssi_related_exclude_ids":"","_relevanssi_related_no_append":"","_relevanssi_related_not_related":"","_relevanssi_related_posts":"2751,2749,8090,8083,444,8105","_relevanssi_noindex_reason":"","footnotes":""},"vdmTagMarketing":[],"class_list":["post-27568","page","type-page","status-publish","has-post-thumbnail","hentry"],"acf":[],"yoast_head":"<!-- This site is optimized with the Yoast SEO plugin v23.9 - https:\/\/yoast.com\/wordpress\/plugins\/seo\/ -->\n<title>Ph\u00e9nom\u00e8n&#039;Art : 3 jours pour d\u00e9couvrir le street art en octobre - Espace Pro<\/title>\n<meta name=\"robots\" content=\"index, follow, max-snippet:-1, max-image-preview:large, max-video-preview:-1\" \/>\n<link rel=\"canonical\" href=\"https:\/\/www.tourisme-valdemarne.com\/espace-pro\/presse\/actualites-et-communiques-de-presse\/communiques-de-presse-precedents\/phenomenart-3-jours-pour-decouvrir-le-street-art-en-octobre\/\" \/>\n<meta property=\"og:locale\" content=\"fr_FR\" \/>\n<meta property=\"og:type\" content=\"article\" \/>\n<meta property=\"og:title\" content=\"Ph\u00e9nom\u00e8n&#039;Art : 3 jours pour d\u00e9couvrir le street art en octobre - Espace Pro\" \/>\n<meta property=\"og:description\" content=\"COMMUNIQUE DE PRESSE Les 11, 12 et 13 octobre 2024, le festival Ph\u00e9nom\u00e8n&rsquo;Art propose 3 jours de d\u00e9couvertes du street art et de rencontres avec les artistes&nbsp;aux quatre coins du Val-de-Marne et dans le sud-est de Paris. Au programme : des animations insolites et artistiques r\u00e9parties dans plus de 13 villes du d\u00e9partement et \u00e0 [&hellip;]\" \/>\n<meta property=\"og:url\" content=\"https:\/\/www.tourisme-valdemarne.com\/espace-pro\/presse\/actualites-et-communiques-de-presse\/communiques-de-presse-precedents\/phenomenart-3-jours-pour-decouvrir-le-street-art-en-octobre\/\" \/>\n<meta property=\"og:site_name\" content=\"Espace Pro\" \/>\n<meta property=\"article:modified_time\" content=\"2025-09-12T08:42:01+00:00\" \/>\n<meta property=\"og:image\" content=\"https:\/\/www.tourisme-valdemarne.com\/espace-pro\/wp-content\/uploads\/sites\/3\/2024\/07\/affiche-phenomenart-2024.jpg\" \/>\n\t<meta property=\"og:image:width\" content=\"1000\" \/>\n\t<meta property=\"og:image:height\" content=\"1414\" \/>\n\t<meta property=\"og:image:type\" content=\"image\/jpeg\" \/>\n<meta name=\"twitter:card\" content=\"summary_large_image\" \/>\n<meta name=\"twitter:label1\" content=\"Dur\u00e9e de lecture estim\u00e9e\" \/>\n\t<meta name=\"twitter:data1\" content=\"2 minutes\" \/>\n<script type=\"application\/ld+json\" class=\"yoast-schema-graph\">{\"@context\":\"https:\/\/schema.org\",\"@graph\":[{\"@type\":\"WebPage\",\"@id\":\"https:\/\/www.tourisme-valdemarne.com\/espace-pro\/presse\/actualites-et-communiques-de-presse\/communiques-de-presse-precedents\/phenomenart-3-jours-pour-decouvrir-le-street-art-en-octobre\/\",\"url\":\"https:\/\/www.tourisme-valdemarne.com\/espace-pro\/presse\/actualites-et-communiques-de-presse\/communiques-de-presse-precedents\/phenomenart-3-jours-pour-decouvrir-le-street-art-en-octobre\/\",\"name\":\"Ph\u00e9nom\u00e8n'Art : 3 jours pour d\u00e9couvrir le street art en octobre - Espace Pro\",\"isPartOf\":{\"@id\":\"https:\/\/www.tourisme-valdemarne.com\/espace-pro\/#website\"},\"primaryImageOfPage\":{\"@id\":\"https:\/\/www.tourisme-valdemarne.com\/espace-pro\/presse\/actualites-et-communiques-de-presse\/communiques-de-presse-precedents\/phenomenart-3-jours-pour-decouvrir-le-street-art-en-octobre\/#primaryimage\"},\"image\":{\"@id\":\"https:\/\/www.tourisme-valdemarne.com\/espace-pro\/presse\/actualites-et-communiques-de-presse\/communiques-de-presse-precedents\/phenomenart-3-jours-pour-decouvrir-le-street-art-en-octobre\/#primaryimage\"},\"thumbnailUrl\":\"https:\/\/www.tourisme-valdemarne.com\/espace-pro\/wp-content\/uploads\/sites\/3\/2024\/07\/affiche-phenomenart-2024.jpg\",\"datePublished\":\"2024-07-25T10:37:49+00:00\",\"dateModified\":\"2025-09-12T08:42:01+00:00\",\"breadcrumb\":{\"@id\":\"https:\/\/www.tourisme-valdemarne.com\/espace-pro\/presse\/actualites-et-communiques-de-presse\/communiques-de-presse-precedents\/phenomenart-3-jours-pour-decouvrir-le-street-art-en-octobre\/#breadcrumb\"},\"inLanguage\":\"fr-FR\",\"potentialAction\":[{\"@type\":\"ReadAction\",\"target\":[\"https:\/\/www.tourisme-valdemarne.com\/espace-pro\/presse\/actualites-et-communiques-de-presse\/communiques-de-presse-precedents\/phenomenart-3-jours-pour-decouvrir-le-street-art-en-octobre\/\"]}]},{\"@type\":\"ImageObject\",\"inLanguage\":\"fr-FR\",\"@id\":\"https:\/\/www.tourisme-valdemarne.com\/espace-pro\/presse\/actualites-et-communiques-de-presse\/communiques-de-presse-precedents\/phenomenart-3-jours-pour-decouvrir-le-street-art-en-octobre\/#primaryimage\",\"url\":\"https:\/\/www.tourisme-valdemarne.com\/espace-pro\/wp-content\/uploads\/sites\/3\/2024\/07\/affiche-phenomenart-2024.jpg\",\"contentUrl\":\"https:\/\/www.tourisme-valdemarne.com\/espace-pro\/wp-content\/uploads\/sites\/3\/2024\/07\/affiche-phenomenart-2024.jpg\",\"width\":1000,\"height\":1414},{\"@type\":\"BreadcrumbList\",\"@id\":\"https:\/\/www.tourisme-valdemarne.com\/espace-pro\/presse\/actualites-et-communiques-de-presse\/communiques-de-presse-precedents\/phenomenart-3-jours-pour-decouvrir-le-street-art-en-octobre\/#breadcrumb\",\"itemListElement\":[{\"@type\":\"ListItem\",\"position\":1,\"name\":\"Accueil\",\"item\":\"https:\/\/www.tourisme-valdemarne.com\/espace-pro\/\"},{\"@type\":\"ListItem\",\"position\":2,\"name\":\"Presse\",\"item\":\"https:\/\/www.tourisme-valdemarne.com\/espace-pro\/presse\/\"},{\"@type\":\"ListItem\",\"position\":3,\"name\":\"Actualit\u00e9s et communiqu\u00e9s de presse\",\"item\":\"https:\/\/www.tourisme-valdemarne.com\/espace-pro\/presse\/actualites-et-communiques-de-presse\/\"},{\"@type\":\"ListItem\",\"position\":4,\"name\":\"Communiqu\u00e9s de presse pr\u00e9c\u00e9dents\",\"item\":\"https:\/\/www.tourisme-valdemarne.com\/espace-pro\/presse\/actualites-et-communiques-de-presse\/communiques-de-presse-precedents\/\"},{\"@type\":\"ListItem\",\"position\":5,\"name\":\"Ph\u00e9nom\u00e8n&rsquo;Art : 3 jours pour d\u00e9couvrir le street art en octobre\"}]},{\"@type\":\"WebSite\",\"@id\":\"https:\/\/www.tourisme-valdemarne.com\/espace-pro\/#website\",\"url\":\"https:\/\/www.tourisme-valdemarne.com\/espace-pro\/\",\"name\":\"Espace Pro\",\"description\":\"Informations et outils pour les professionnels et la Presse\",\"potentialAction\":[{\"@type\":\"SearchAction\",\"target\":{\"@type\":\"EntryPoint\",\"urlTemplate\":\"https:\/\/www.tourisme-valdemarne.com\/espace-pro\/?s={search_term_string}\"},\"query-input\":{\"@type\":\"PropertyValueSpecification\",\"valueRequired\":true,\"valueName\":\"search_term_string\"}}],\"inLanguage\":\"fr-FR\"}]}<\/script>\n<!-- \/ Yoast SEO plugin. -->","yoast_head_json":{"title":"Ph\u00e9nom\u00e8n'Art : 3 jours pour d\u00e9couvrir le street art en octobre - Espace Pro","robots":{"index":"index","follow":"follow","max-snippet":"max-snippet:-1","max-image-preview":"max-image-preview:large","max-video-preview":"max-video-preview:-1"},"canonical":"https:\/\/www.tourisme-valdemarne.com\/espace-pro\/presse\/actualites-et-communiques-de-presse\/communiques-de-presse-precedents\/phenomenart-3-jours-pour-decouvrir-le-street-art-en-octobre\/","og_locale":"fr_FR","og_type":"article","og_title":"Ph\u00e9nom\u00e8n'Art : 3 jours pour d\u00e9couvrir le street art en octobre - Espace Pro","og_description":"COMMUNIQUE DE PRESSE Les 11, 12 et 13 octobre 2024, le festival Ph\u00e9nom\u00e8n&rsquo;Art propose 3 jours de d\u00e9couvertes du street art et de rencontres avec les artistes&nbsp;aux quatre coins du Val-de-Marne et dans le sud-est de Paris. Au programme : des animations insolites et artistiques r\u00e9parties dans plus de 13 villes du d\u00e9partement et \u00e0 [&hellip;]","og_url":"https:\/\/www.tourisme-valdemarne.com\/espace-pro\/presse\/actualites-et-communiques-de-presse\/communiques-de-presse-precedents\/phenomenart-3-jours-pour-decouvrir-le-street-art-en-octobre\/","og_site_name":"Espace Pro","article_modified_time":"2025-09-12T08:42:01+00:00","og_image":[{"width":1000,"height":1414,"url":"https:\/\/www.tourisme-valdemarne.com\/espace-pro\/wp-content\/uploads\/sites\/3\/2024\/07\/affiche-phenomenart-2024.jpg","type":"image\/jpeg"}],"twitter_card":"summary_large_image","twitter_misc":{"Dur\u00e9e de lecture estim\u00e9e":"2 minutes"},"schema":{"@context":"https:\/\/schema.org","@graph":[{"@type":"WebPage","@id":"https:\/\/www.tourisme-valdemarne.com\/espace-pro\/presse\/actualites-et-communiques-de-presse\/communiques-de-presse-precedents\/phenomenart-3-jours-pour-decouvrir-le-street-art-en-octobre\/","url":"https:\/\/www.tourisme-valdemarne.com\/espace-pro\/presse\/actualites-et-communiques-de-presse\/communiques-de-presse-precedents\/phenomenart-3-jours-pour-decouvrir-le-street-art-en-octobre\/","name":"Ph\u00e9nom\u00e8n'Art : 3 jours pour d\u00e9couvrir le street art en octobre - Espace Pro","isPartOf":{"@id":"https:\/\/www.tourisme-valdemarne.com\/espace-pro\/#website"},"primaryImageOfPage":{"@id":"https:\/\/www.tourisme-valdemarne.com\/espace-pro\/presse\/actualites-et-communiques-de-presse\/communiques-de-presse-precedents\/phenomenart-3-jours-pour-decouvrir-le-street-art-en-octobre\/#primaryimage"},"image":{"@id":"https:\/\/www.tourisme-valdemarne.com\/espace-pro\/presse\/actualites-et-communiques-de-presse\/communiques-de-presse-precedents\/phenomenart-3-jours-pour-decouvrir-le-street-art-en-octobre\/#primaryimage"},"thumbnailUrl":"https:\/\/www.tourisme-valdemarne.com\/espace-pro\/wp-content\/uploads\/sites\/3\/2024\/07\/affiche-phenomenart-2024.jpg","datePublished":"2024-07-25T10:37:49+00:00","dateModified":"2025-09-12T08:42:01+00:00","breadcrumb":{"@id":"https:\/\/www.tourisme-valdemarne.com\/espace-pro\/presse\/actualites-et-communiques-de-presse\/communiques-de-presse-precedents\/phenomenart-3-jours-pour-decouvrir-le-street-art-en-octobre\/#breadcrumb"},"inLanguage":"fr-FR","potentialAction":[{"@type":"ReadAction","target":["https:\/\/www.tourisme-valdemarne.com\/espace-pro\/presse\/actualites-et-communiques-de-presse\/communiques-de-presse-precedents\/phenomenart-3-jours-pour-decouvrir-le-street-art-en-octobre\/"]}]},{"@type":"ImageObject","inLanguage":"fr-FR","@id":"https:\/\/www.tourisme-valdemarne.com\/espace-pro\/presse\/actualites-et-communiques-de-presse\/communiques-de-presse-precedents\/phenomenart-3-jours-pour-decouvrir-le-street-art-en-octobre\/#primaryimage","url":"https:\/\/www.tourisme-valdemarne.com\/espace-pro\/wp-content\/uploads\/sites\/3\/2024\/07\/affiche-phenomenart-2024.jpg","contentUrl":"https:\/\/www.tourisme-valdemarne.com\/espace-pro\/wp-content\/uploads\/sites\/3\/2024\/07\/affiche-phenomenart-2024.jpg","width":1000,"height":1414},{"@type":"BreadcrumbList","@id":"https:\/\/www.tourisme-valdemarne.com\/espace-pro\/presse\/actualites-et-communiques-de-presse\/communiques-de-presse-precedents\/phenomenart-3-jours-pour-decouvrir-le-street-art-en-octobre\/#breadcrumb","itemListElement":[{"@type":"ListItem","position":1,"name":"Accueil","item":"https:\/\/www.tourisme-valdemarne.com\/espace-pro\/"},{"@type":"ListItem","position":2,"name":"Presse","item":"https:\/\/www.tourisme-valdemarne.com\/espace-pro\/presse\/"},{"@type":"ListItem","position":3,"name":"Actualit\u00e9s et communiqu\u00e9s de presse","item":"https:\/\/www.tourisme-valdemarne.com\/espace-pro\/presse\/actualites-et-communiques-de-presse\/"},{"@type":"ListItem","position":4,"name":"Communiqu\u00e9s de presse pr\u00e9c\u00e9dents","item":"https:\/\/www.tourisme-valdemarne.com\/espace-pro\/presse\/actualites-et-communiques-de-presse\/communiques-de-presse-precedents\/"},{"@type":"ListItem","position":5,"name":"Ph\u00e9nom\u00e8n&rsquo;Art : 3 jours pour d\u00e9couvrir le street art en octobre"}]},{"@type":"WebSite","@id":"https:\/\/www.tourisme-valdemarne.com\/espace-pro\/#website","url":"https:\/\/www.tourisme-valdemarne.com\/espace-pro\/","name":"Espace Pro","description":"Informations et outils pour les professionnels et la Presse","potentialAction":[{"@type":"SearchAction","target":{"@type":"EntryPoint","urlTemplate":"https:\/\/www.tourisme-valdemarne.com\/espace-pro\/?s={search_term_string}"},"query-input":{"@type":"PropertyValueSpecification","valueRequired":true,"valueName":"search_term_string"}}],"inLanguage":"fr-FR"}]}},"_links":{"self":[{"href":"https:\/\/www.tourisme-valdemarne.com\/espace-pro\/wp-json\/wp\/v2\/pages\/27568","targetHints":{"allow":["GET"]}}],"collection":[{"href":"https:\/\/www.tourisme-valdemarne.com\/espace-pro\/wp-json\/wp\/v2\/pages"}],"about":[{"href":"https:\/\/www.tourisme-valdemarne.com\/espace-pro\/wp-json\/wp\/v2\/types\/page"}],"author":[{"embeddable":true,"href":"https:\/\/www.tourisme-valdemarne.com\/espace-pro\/wp-json\/wp\/v2\/users\/9"}],"replies":[{"embeddable":true,"href":"https:\/\/www.tourisme-valdemarne.com\/espace-pro\/wp-json\/wp\/v2\/comments?post=27568"}],"version-history":[{"count":17,"href":"https:\/\/www.tourisme-valdemarne.com\/espace-pro\/wp-json\/wp\/v2\/pages\/27568\/revisions"}],"predecessor-version":[{"id":27955,"href":"https:\/\/www.tourisme-valdemarne.com\/espace-pro\/wp-json\/wp\/v2\/pages\/27568\/revisions\/27955"}],"up":[{"embeddable":true,"href":"https:\/\/www.tourisme-valdemarne.com\/espace-pro\/wp-json\/wp\/v2\/pages\/2883"}],"wp:featuredmedia":[{"embeddable":true,"href":"https:\/\/www.tourisme-valdemarne.com\/espace-pro\/wp-json\/wp\/v2\/media\/27569"}],"wp:attachment":[{"href":"https:\/\/www.tourisme-valdemarne.com\/espace-pro\/wp-json\/wp\/v2\/media?parent=27568"}],"wp:term":[{"taxonomy":"vdmTagMarketing","embeddable":true,"href":"https:\/\/www.tourisme-valdemarne.com\/espace-pro\/wp-json\/wp\/v2\/vdmTagMarketing?post=27568"}],"curies":[{"name":"wp","href":"https:\/\/api.w.org\/{rel}","templated":true}]}}