{"id":251,"date":"2019-04-16T16:27:33","date_gmt":"2019-04-16T14:27:33","guid":{"rendered":"https:\/\/www.tourisme-valdemarne.com\/espace-pro\/top-7-lieux-au-bord-de-leau"},"modified":"2024-02-06T11:53:23","modified_gmt":"2024-02-06T10:53:23","slug":"top-7-lieux-au-bord-de-leau","status":"publish","type":"page","link":"https:\/\/www.tourisme-valdemarne.com\/espace-pro\/seminaires-et-receptions-pro\/trouver-le-lieu-ideal-seminaire\/thematiques\/top-7-lieux-au-bord-de-leau\/","title":{"rendered":"Top 7 : lieux au bord de l&rsquo;eau"},"content":{"rendered":"\n<p class=\"is-style-excerpt\">La Seine et la Marne passe toutes les deux par le d\u00e9partement du Val-de-Marne. Ces points d\u2019eau offrent un large choix de lieux atypiques pour organiser vos \u00e9v\u00e8nements au bord de l\u2019eau proche de la nature.<\/p>\n\n\n\n<h2 class=\"wp-block-heading\">Flotter sur l\u2019eau : Cristal-sur-Seine<\/h2>\n\n\n\n<p>Voici l\u2019un des lieux les plus modernes pour l\u2019organisation de vos \u00e9v\u00e8nements professionnels. Ce nouvel espace \u00e9v\u00e8nementiel de la ville d&rsquo;Alfortville flotte sur la Seine en face de la grande usine EDF. L\u2019\u00e9tablissement flambant neuf vous propose <strong>deux salles communicantes<\/strong> disposant d&rsquo;un <strong>\u00e9quipement ultra-moderne <\/strong>et une capacit\u00e9 allant de <strong>190 \u00e0 250 personnes<\/strong> selon la configuration. Les salles de <a href=\"https:\/\/www.tourisme-valdemarne.com\/espace-pro\/seminaire\/espace-cristal-sur-seine\/\" target=\"_blank\" rel=\"noreferrer noopener\" aria-label=\"Cristal-sur-Seine (s\u2019ouvre dans un nouvel onglet)\">Cristal-sur-Seine<\/a> offrent une vue imprenable sur la Seine. Le lieu dispose \u00e9galement d\u2019un mini jardin tropical avec palmiers et plantes exotiques id\u00e9als pour vos cocktails !<\/p>\n\n\n\n<h2 class=\"wp-block-heading\">Confluence seine-marne : Chinagora<\/h2>\n\n\n\n<figure class=\"wp-block-image alignwide\"><a href=\"https:\/\/www.tourisme-valdemarne.com\/espace-pro\/wp-content\/uploads\/sites\/3\/2019\/05\/chinagora-seine.jpg\"><img width=\"1200\" height=\"782\" data-src=\"https:\/\/www.tourisme-valdemarne.com\/espace-pro\/wp-content\/uploads\/sites\/3\/2019\/05\/chinagora-seine-1200x782.jpg\" alt=\"restaurant huatian chinagora alfortville confluence seine\" class=\"wp-image-2708\" srcset=\"https:\/\/www.tourisme-valdemarne.com\/espace-pro\/wp-content\/uploads\/sites\/3\/2019\/05\/chinagora-seine-1200x782.jpg 1200w, https:\/\/www.tourisme-valdemarne.com\/espace-pro\/wp-content\/uploads\/sites\/3\/2019\/05\/chinagora-seine-600x391.jpg 600w, https:\/\/www.tourisme-valdemarne.com\/espace-pro\/wp-content\/uploads\/sites\/3\/2019\/05\/chinagora-seine-900x587.jpg 900w, https:\/\/www.tourisme-valdemarne.com\/espace-pro\/wp-content\/uploads\/sites\/3\/2019\/05\/chinagora-seine-380x248.jpg 380w, https:\/\/www.tourisme-valdemarne.com\/espace-pro\/wp-content\/uploads\/sites\/3\/2019\/05\/chinagora-seine-200x130.jpg 200w, https:\/\/www.tourisme-valdemarne.com\/espace-pro\/wp-content\/uploads\/sites\/3\/2019\/05\/chinagora-seine.jpg 1600w\" sizes=\"(max-width: 1200px) 100vw, 1200px\" \/><\/a><figcaption>Restaurant Chinagora \u00e0 la confluence Marne et Seine \u00a9 CDT94\/D.Thierry<\/figcaption><\/figure>\n\n\n\n<p>Un h\u00f4tel quatre \u00e9toiles \u00e0 l&rsquo;architecture d&rsquo;inspiration chinoise qui surplombe la Confluence de la Marne et la Seine. Celui dispose de nombreuses salles de r\u00e9unions et d\u2019une grande salle de bal pouvant accueillir jusqu\u2019\u00e0 200 personnes. L\u2019\u00e9tablissement offre \u00e9galement un <strong>restaurant gastronomique cantonais<\/strong> et un <strong>paisible jardin<\/strong> coup\u00e9 du monde. Nul doute que vous serai transport\u00e9 par la magie du lieu et vos partenaires aussi\u2026<\/p>\n\n\n\n<h2 class=\"wp-block-heading\">Guinguette de l\u2019\u00eele du Martin-P\u00eacheur<\/h2>\n\n\n\n<p>Une restauration et une <strong>programmation \u00ab\u00a0musette\u00a0\u00bb<\/strong> font de la <a href=\"https:\/\/www.tourisme-valdemarne.com\/espace-pro\/restaurant\/la-guinguette-de-lile-du-martin-pecheur\/\" target=\"_blank\" rel=\"noreferrer noopener\" aria-label=\"guinguette de l'\u00eele du Martin-P\u00eacheur (s\u2019ouvre dans un nouvel onglet)\">guinguette de l&rsquo;\u00eele du Martin-P\u00eacheur<\/a> une vraie guinguette dans la tradition des bords de Marne. L&rsquo;\u00e9tablissement a su conqu\u00e9rir sa place parmi les illustres restaurants qui bordent la rivi\u00e8re. Situ\u00e9e sur une <strong>\u00eele pr\u00e9serv\u00e9e de la Marne<\/strong>, dans un parc bois\u00e9 du c\u00f4t\u00e9 de Champigny sur Marne, les repas se font au son de l&rsquo;accord\u00e9on, bals et concerts.<\/p>\n\n\n\n<h2 class=\"wp-block-heading\">Ile de loisirs : Le Novotel Cr\u00e9teil le lac<\/h2>\n\n\n\n<figure class=\"wp-block-image\"><a href=\"https:\/\/www.tourisme-valdemarne.com\/espace-pro\/wp-content\/uploads\/sites\/3\/2019\/05\/novotel_creteil_le_lac_cp_m.bertrand.jpg\"><img width=\"1200\" height=\"675\" data-src=\"https:\/\/www.tourisme-valdemarne.com\/espace-pro\/wp-content\/uploads\/sites\/3\/2019\/05\/novotel_creteil_le_lac_cp_m.bertrand-1200x675.jpg\" alt=\"chambre Novotel Cr\u00e9teil Le Lac\" class=\"wp-image-2853\" srcset=\"https:\/\/www.tourisme-valdemarne.com\/espace-pro\/wp-content\/uploads\/sites\/3\/2019\/05\/novotel_creteil_le_lac_cp_m.bertrand-1200x675.jpg 1200w, https:\/\/www.tourisme-valdemarne.com\/espace-pro\/wp-content\/uploads\/sites\/3\/2019\/05\/novotel_creteil_le_lac_cp_m.bertrand-600x338.jpg 600w, https:\/\/www.tourisme-valdemarne.com\/espace-pro\/wp-content\/uploads\/sites\/3\/2019\/05\/novotel_creteil_le_lac_cp_m.bertrand-900x506.jpg 900w, https:\/\/www.tourisme-valdemarne.com\/espace-pro\/wp-content\/uploads\/sites\/3\/2019\/05\/novotel_creteil_le_lac_cp_m.bertrand-380x214.jpg 380w, https:\/\/www.tourisme-valdemarne.com\/espace-pro\/wp-content\/uploads\/sites\/3\/2019\/05\/novotel_creteil_le_lac_cp_m.bertrand-200x113.jpg 200w, https:\/\/www.tourisme-valdemarne.com\/espace-pro\/wp-content\/uploads\/sites\/3\/2019\/05\/novotel_creteil_le_lac_cp_m.bertrand.jpg 1600w\" sizes=\"(max-width: 1200px) 100vw, 1200px\" \/><\/a><figcaption>Chambre du Novotel Cr\u00e9teil Le Lac \u00a9 M. Bertrand<\/figcaption><\/figure>\n\n\n\n<p>Cet <a href=\"https:\/\/www.tourisme-valdemarne.com\/espace-pro\/seminaire\/novotel-creteil-le-lac\/\" target=\"_blank\" rel=\"noreferrer noopener\" aria-label=\"h\u00f4tel-restaurant de Cr\u00e9teil (s\u2019ouvre dans un nouvel onglet)\">h\u00f4tel-restaurant de Cr\u00e9teil<\/a> se situe en bordure du lac, au c\u0153ur de la zone de loisirs. Il dispose de 8 salles de r\u00e9unions et de <strong>110 chambres et suites<\/strong> et offre la possibilit\u00e9 d&rsquo;organiser <strong>tous types de r\u00e9ceptions<\/strong> (s\u00e9minaires, colloques, mariages,) Le restaurant sert une restauration simple et g\u00e9n\u00e9reuse dans le respect de votre forme et de l&rsquo;\u00e9quilibre alimentaire.<\/p>\n\n\n\n<h2 class=\"wp-block-heading\">Aviron Marne et Joinville<\/h2>\n\n\n\n<p>Noy\u00e9 dans la verdure avec acc\u00e8s et vue sur la marne, le <a href=\"https:\/\/www.tourisme-valdemarne.com\/espace-pro\/seminaire\/aviron-marne-et-joinville\/\" target=\"_blank\" rel=\"noreferrer noopener\" aria-label=\"club d'aviron Marne Joinville (s\u2019ouvre dans un nouvel onglet)\">club d&rsquo;aviron Marne Joinville<\/a> offre un <strong>environnement diff\u00e9rent pour vos \u00e9v\u00e8nements<\/strong>. Au 1er \u00e9tage, terrasse de 150 m\u00b2. 1 salle de 229 m\u00b2 modulable en 135 m\u00b2 et 94 m\u00b2 (avec bar). Toilettes, vestiaires, douches, acc\u00e8s handicap\u00e9s (ascenseur). Le club peut \u00e9galement vous proposer une initiation \u00e0 l&rsquo;aviron (activit\u00e9 nautique encadr\u00e9e par des entra\u00eeneurs dipl\u00f4m\u00e9s d&rsquo;\u00e9tat).<\/p>\n\n\n\n<h2 class=\"wp-block-heading\">Nogentel (port, piscine olympique\u2026)<\/h2>\n\n\n\n<div class=\"wp-block-image\"><figure class=\"aligncenter\"><a href=\"https:\/\/www.tourisme-valdemarne.com\/espace-pro\/wp-content\/uploads\/sites\/3\/2019\/05\/restaurant-nogentel-mercure-nogent.jpg\"><img width=\"400\" height=\"600\" data-src=\"https:\/\/www.tourisme-valdemarne.com\/espace-pro\/wp-content\/uploads\/sites\/3\/2019\/05\/restaurant-nogentel-mercure-nogent-400x600.jpg\" alt=\"restaurant mercure nogentel\" class=\"wp-image-2970\" srcset=\"https:\/\/www.tourisme-valdemarne.com\/espace-pro\/wp-content\/uploads\/sites\/3\/2019\/05\/restaurant-nogentel-mercure-nogent-400x600.jpg 400w, https:\/\/www.tourisme-valdemarne.com\/espace-pro\/wp-content\/uploads\/sites\/3\/2019\/05\/restaurant-nogentel-mercure-nogent-600x900.jpg 600w, https:\/\/www.tourisme-valdemarne.com\/espace-pro\/wp-content\/uploads\/sites\/3\/2019\/05\/restaurant-nogentel-mercure-nogent-380x570.jpg 380w, https:\/\/www.tourisme-valdemarne.com\/espace-pro\/wp-content\/uploads\/sites\/3\/2019\/05\/restaurant-nogentel-mercure-nogent-200x300.jpg 200w, https:\/\/www.tourisme-valdemarne.com\/espace-pro\/wp-content\/uploads\/sites\/3\/2019\/05\/restaurant-nogentel-mercure-nogent.jpg 700w\" sizes=\"(max-width: 400px) 100vw, 400px\" \/><\/a><figcaption>Table avec vue du Mercure Nogentel \u00a9 CDT94\/www.photoinfographe.com<\/figcaption><\/figure><\/div>\n\n\n\n<p>Situ\u00e9 sur les bords de la Marne, \u00e0 <strong>moins de 15 minutes de Paris<\/strong>, l&rsquo;h\u00f4tel Nogentel 3 \u00e9toiles vous accueille dans un environnement calme et verdoyant face au port de plaisance. Le Nogentel dispose d&rsquo;un nouvel <strong>espace s\u00e9minaire avec vue sur la Marne<\/strong> et la piscine Olympique dont la modularit\u00e9 permet de s&rsquo;adapter \u00e0 toutes vos demandes et peut accueillir <strong>jusqu\u2019\u00e0 200 personnes<\/strong>. C\u00f4t\u00e9 restauration, Le Canotier propose une cuisine savoureuse dans un cadre paisible et agr\u00e9able. En \u00e9t\u00e9, vous disposez d&rsquo;une jolie terrasse pour d\u00e9jeuner ou d\u00eener.<\/p>\n\n\n\n<h2 class=\"wp-block-heading\">Les restaurants au bord de l\u2019eau<\/h2>\n\n\n\n<p>Tout le long des <strong>bords de Marne<\/strong>, de nombreux restaurants ont \u00e9lus domicile dans cet \u00e9crin de verdure. Pour ne citer qu\u2019eux, vous pouvez <strong>organiser votre d\u00e9jeuner professionnel<\/strong> au Pavillon Bleu ou Ch\u00e2teau des \u00eeles \u00e0 Saint-Maur-des-Foss\u00e9s, l\u2019\u00e9cu de France \u00e0 Chennevi\u00e8res-sur-Marne, le Petit-Pont \u00e0 Joinville ou encore le domaine Saint-Catherine \u00e0 Cr\u00e9teil. <strong>Proche de la capitale<\/strong>, ces lieux vous offrent un cadre exceptionnel et d\u00e9paysant aux Portes de Paris.<\/p>\n","protected":false},"excerpt":{"rendered":"<p>La Seine et la Marne passe toutes les deux par le d\u00e9partement du Val-de-Marne. Ces points d\u2019eau offrent un large choix de lieux atypiques pour organiser vos \u00e9v\u00e8nements au bord de l\u2019eau proche de la nature. Flotter sur l\u2019eau : Cristal-sur-Seine Voici l\u2019un des lieux les plus modernes pour l\u2019organisation de vos \u00e9v\u00e8nements professionnels. Ce [&hellip;]<\/p>\n","protected":false},"author":1,"featured_media":2931,"parent":193,"menu_order":30,"comment_status":"closed","ping_status":"closed","template":"","meta":{"_relevanssi_hide_post":"","_relevanssi_hide_content":"","_relevanssi_pin_for_all":"","_relevanssi_pin_keywords":"","_relevanssi_unpin_keywords":"","_relevanssi_related_keywords":"","_relevanssi_related_include_ids":"","_relevanssi_related_exclude_ids":"","_relevanssi_related_no_append":"","_relevanssi_related_not_related":"","_relevanssi_related_posts":"8104,444,2745,2749,8101,2741","_relevanssi_noindex_reason":"","footnotes":""},"vdmTagMarketing":[],"class_list":["post-251","page","type-page","status-publish","has-post-thumbnail","hentry"],"acf":[],"yoast_head":"<!-- This site is optimized with the Yoast SEO plugin v23.9 - https:\/\/yoast.com\/wordpress\/plugins\/seo\/ -->\n<title>Top 7 : lieux au bord de l&#039;eau - Espace Pro<\/title>\n<meta name=\"robots\" content=\"index, follow, max-snippet:-1, max-image-preview:large, max-video-preview:-1\" \/>\n<link rel=\"canonical\" href=\"https:\/\/www.tourisme-valdemarne.com\/espace-pro\/seminaires-et-receptions-pro\/trouver-le-lieu-ideal-seminaire\/thematiques\/top-7-lieux-au-bord-de-leau\/\" \/>\n<meta property=\"og:locale\" content=\"fr_FR\" \/>\n<meta property=\"og:type\" content=\"article\" \/>\n<meta property=\"og:title\" content=\"Top 7 : lieux au bord de l&#039;eau - Espace Pro\" \/>\n<meta property=\"og:description\" content=\"La Seine et la Marne passe toutes les deux par le d\u00e9partement du Val-de-Marne. Ces points d\u2019eau offrent un large choix de lieux atypiques pour organiser vos \u00e9v\u00e8nements au bord de l\u2019eau proche de la nature. Flotter sur l\u2019eau : Cristal-sur-Seine Voici l\u2019un des lieux les plus modernes pour l\u2019organisation de vos \u00e9v\u00e8nements professionnels. Ce [&hellip;]\" \/>\n<meta property=\"og:url\" content=\"https:\/\/www.tourisme-valdemarne.com\/espace-pro\/seminaires-et-receptions-pro\/trouver-le-lieu-ideal-seminaire\/thematiques\/top-7-lieux-au-bord-de-leau\/\" \/>\n<meta property=\"og:site_name\" content=\"Espace Pro\" \/>\n<meta property=\"article:modified_time\" content=\"2024-02-06T10:53:23+00:00\" \/>\n<meta property=\"og:image\" content=\"https:\/\/www.tourisme-valdemarne.com\/espace-pro\/wp-content\/uploads\/sites\/3\/2019\/05\/aviron-marne-joinville.jpg\" \/>\n\t<meta property=\"og:image:width\" content=\"1600\" \/>\n\t<meta property=\"og:image:height\" content=\"1071\" \/>\n\t<meta property=\"og:image:type\" content=\"image\/jpeg\" \/>\n<meta name=\"twitter:card\" content=\"summary_large_image\" \/>\n<meta name=\"twitter:label1\" content=\"Dur\u00e9e de lecture estim\u00e9e\" \/>\n\t<meta name=\"twitter:data1\" content=\"4 minutes\" \/>\n<script type=\"application\/ld+json\" class=\"yoast-schema-graph\">{\"@context\":\"https:\/\/schema.org\",\"@graph\":[{\"@type\":\"WebPage\",\"@id\":\"https:\/\/www.tourisme-valdemarne.com\/espace-pro\/seminaires-et-receptions-pro\/trouver-le-lieu-ideal-seminaire\/thematiques\/top-7-lieux-au-bord-de-leau\/\",\"url\":\"https:\/\/www.tourisme-valdemarne.com\/espace-pro\/seminaires-et-receptions-pro\/trouver-le-lieu-ideal-seminaire\/thematiques\/top-7-lieux-au-bord-de-leau\/\",\"name\":\"Top 7 : lieux au bord de l'eau - Espace Pro\",\"isPartOf\":{\"@id\":\"https:\/\/www.tourisme-valdemarne.com\/espace-pro\/#website\"},\"primaryImageOfPage\":{\"@id\":\"https:\/\/www.tourisme-valdemarne.com\/espace-pro\/seminaires-et-receptions-pro\/trouver-le-lieu-ideal-seminaire\/thematiques\/top-7-lieux-au-bord-de-leau\/#primaryimage\"},\"image\":{\"@id\":\"https:\/\/www.tourisme-valdemarne.com\/espace-pro\/seminaires-et-receptions-pro\/trouver-le-lieu-ideal-seminaire\/thematiques\/top-7-lieux-au-bord-de-leau\/#primaryimage\"},\"thumbnailUrl\":\"https:\/\/www.tourisme-valdemarne.com\/espace-pro\/wp-content\/uploads\/sites\/3\/2019\/05\/aviron-marne-joinville.jpg\",\"datePublished\":\"2019-04-16T14:27:33+00:00\",\"dateModified\":\"2024-02-06T10:53:23+00:00\",\"breadcrumb\":{\"@id\":\"https:\/\/www.tourisme-valdemarne.com\/espace-pro\/seminaires-et-receptions-pro\/trouver-le-lieu-ideal-seminaire\/thematiques\/top-7-lieux-au-bord-de-leau\/#breadcrumb\"},\"inLanguage\":\"fr-FR\",\"potentialAction\":[{\"@type\":\"ReadAction\",\"target\":[\"https:\/\/www.tourisme-valdemarne.com\/espace-pro\/seminaires-et-receptions-pro\/trouver-le-lieu-ideal-seminaire\/thematiques\/top-7-lieux-au-bord-de-leau\/\"]}]},{\"@type\":\"ImageObject\",\"inLanguage\":\"fr-FR\",\"@id\":\"https:\/\/www.tourisme-valdemarne.com\/espace-pro\/seminaires-et-receptions-pro\/trouver-le-lieu-ideal-seminaire\/thematiques\/top-7-lieux-au-bord-de-leau\/#primaryimage\",\"url\":\"https:\/\/www.tourisme-valdemarne.com\/espace-pro\/wp-content\/uploads\/sites\/3\/2019\/05\/aviron-marne-joinville.jpg\",\"contentUrl\":\"https:\/\/www.tourisme-valdemarne.com\/espace-pro\/wp-content\/uploads\/sites\/3\/2019\/05\/aviron-marne-joinville.jpg\",\"width\":1600,\"height\":1071,\"caption\":\"Aviron sur la Marne \u00e0 Joinville \u00a9 CDT94\/D.Thierry\"},{\"@type\":\"BreadcrumbList\",\"@id\":\"https:\/\/www.tourisme-valdemarne.com\/espace-pro\/seminaires-et-receptions-pro\/trouver-le-lieu-ideal-seminaire\/thematiques\/top-7-lieux-au-bord-de-leau\/#breadcrumb\",\"itemListElement\":[{\"@type\":\"ListItem\",\"position\":1,\"name\":\"Accueil\",\"item\":\"https:\/\/www.tourisme-valdemarne.com\/espace-pro\/\"},{\"@type\":\"ListItem\",\"position\":2,\"name\":\"S\u00e9minaires et r\u00e9ceptions Pro\",\"item\":\"https:\/\/www.tourisme-valdemarne.com\/espace-pro\/seminaires-et-receptions-pro\/\"},{\"@type\":\"ListItem\",\"position\":3,\"name\":\"Trouver le lieu id\u00e9al : 150 lieux de s\u00e9minaires dans le Val-de-Marne\",\"item\":\"https:\/\/www.tourisme-valdemarne.com\/espace-pro\/seminaires-et-receptions-pro\/trouver-le-lieu-ideal-seminaire\/\"},{\"@type\":\"ListItem\",\"position\":4,\"name\":\"Les lieux pour organiser un \u00e9v\u00e8nement profesionnel\",\"item\":\"https:\/\/www.tourisme-valdemarne.com\/espace-pro\/seminaires-et-receptions-pro\/trouver-le-lieu-ideal-seminaire\/thematiques\/\"},{\"@type\":\"ListItem\",\"position\":5,\"name\":\"Top 7 : lieux au bord de l&rsquo;eau\"}]},{\"@type\":\"WebSite\",\"@id\":\"https:\/\/www.tourisme-valdemarne.com\/espace-pro\/#website\",\"url\":\"https:\/\/www.tourisme-valdemarne.com\/espace-pro\/\",\"name\":\"Espace Pro\",\"description\":\"Informations et outils pour les professionnels et la Presse\",\"potentialAction\":[{\"@type\":\"SearchAction\",\"target\":{\"@type\":\"EntryPoint\",\"urlTemplate\":\"https:\/\/www.tourisme-valdemarne.com\/espace-pro\/?s={search_term_string}\"},\"query-input\":{\"@type\":\"PropertyValueSpecification\",\"valueRequired\":true,\"valueName\":\"search_term_string\"}}],\"inLanguage\":\"fr-FR\"}]}<\/script>\n<!-- \/ Yoast SEO plugin. -->","yoast_head_json":{"title":"Top 7 : lieux au bord de l'eau - Espace Pro","robots":{"index":"index","follow":"follow","max-snippet":"max-snippet:-1","max-image-preview":"max-image-preview:large","max-video-preview":"max-video-preview:-1"},"canonical":"https:\/\/www.tourisme-valdemarne.com\/espace-pro\/seminaires-et-receptions-pro\/trouver-le-lieu-ideal-seminaire\/thematiques\/top-7-lieux-au-bord-de-leau\/","og_locale":"fr_FR","og_type":"article","og_title":"Top 7 : lieux au bord de l'eau - Espace Pro","og_description":"La Seine et la Marne passe toutes les deux par le d\u00e9partement du Val-de-Marne. Ces points d\u2019eau offrent un large choix de lieux atypiques pour organiser vos \u00e9v\u00e8nements au bord de l\u2019eau proche de la nature. Flotter sur l\u2019eau : Cristal-sur-Seine Voici l\u2019un des lieux les plus modernes pour l\u2019organisation de vos \u00e9v\u00e8nements professionnels. Ce [&hellip;]","og_url":"https:\/\/www.tourisme-valdemarne.com\/espace-pro\/seminaires-et-receptions-pro\/trouver-le-lieu-ideal-seminaire\/thematiques\/top-7-lieux-au-bord-de-leau\/","og_site_name":"Espace Pro","article_modified_time":"2024-02-06T10:53:23+00:00","og_image":[{"width":1600,"height":1071,"url":"https:\/\/www.tourisme-valdemarne.com\/espace-pro\/wp-content\/uploads\/sites\/3\/2019\/05\/aviron-marne-joinville.jpg","type":"image\/jpeg"}],"twitter_card":"summary_large_image","twitter_misc":{"Dur\u00e9e de lecture estim\u00e9e":"4 minutes"},"schema":{"@context":"https:\/\/schema.org","@graph":[{"@type":"WebPage","@id":"https:\/\/www.tourisme-valdemarne.com\/espace-pro\/seminaires-et-receptions-pro\/trouver-le-lieu-ideal-seminaire\/thematiques\/top-7-lieux-au-bord-de-leau\/","url":"https:\/\/www.tourisme-valdemarne.com\/espace-pro\/seminaires-et-receptions-pro\/trouver-le-lieu-ideal-seminaire\/thematiques\/top-7-lieux-au-bord-de-leau\/","name":"Top 7 : lieux au bord de l'eau - Espace Pro","isPartOf":{"@id":"https:\/\/www.tourisme-valdemarne.com\/espace-pro\/#website"},"primaryImageOfPage":{"@id":"https:\/\/www.tourisme-valdemarne.com\/espace-pro\/seminaires-et-receptions-pro\/trouver-le-lieu-ideal-seminaire\/thematiques\/top-7-lieux-au-bord-de-leau\/#primaryimage"},"image":{"@id":"https:\/\/www.tourisme-valdemarne.com\/espace-pro\/seminaires-et-receptions-pro\/trouver-le-lieu-ideal-seminaire\/thematiques\/top-7-lieux-au-bord-de-leau\/#primaryimage"},"thumbnailUrl":"https:\/\/www.tourisme-valdemarne.com\/espace-pro\/wp-content\/uploads\/sites\/3\/2019\/05\/aviron-marne-joinville.jpg","datePublished":"2019-04-16T14:27:33+00:00","dateModified":"2024-02-06T10:53:23+00:00","breadcrumb":{"@id":"https:\/\/www.tourisme-valdemarne.com\/espace-pro\/seminaires-et-receptions-pro\/trouver-le-lieu-ideal-seminaire\/thematiques\/top-7-lieux-au-bord-de-leau\/#breadcrumb"},"inLanguage":"fr-FR","potentialAction":[{"@type":"ReadAction","target":["https:\/\/www.tourisme-valdemarne.com\/espace-pro\/seminaires-et-receptions-pro\/trouver-le-lieu-ideal-seminaire\/thematiques\/top-7-lieux-au-bord-de-leau\/"]}]},{"@type":"ImageObject","inLanguage":"fr-FR","@id":"https:\/\/www.tourisme-valdemarne.com\/espace-pro\/seminaires-et-receptions-pro\/trouver-le-lieu-ideal-seminaire\/thematiques\/top-7-lieux-au-bord-de-leau\/#primaryimage","url":"https:\/\/www.tourisme-valdemarne.com\/espace-pro\/wp-content\/uploads\/sites\/3\/2019\/05\/aviron-marne-joinville.jpg","contentUrl":"https:\/\/www.tourisme-valdemarne.com\/espace-pro\/wp-content\/uploads\/sites\/3\/2019\/05\/aviron-marne-joinville.jpg","width":1600,"height":1071,"caption":"Aviron sur la Marne \u00e0 Joinville \u00a9 CDT94\/D.Thierry"},{"@type":"BreadcrumbList","@id":"https:\/\/www.tourisme-valdemarne.com\/espace-pro\/seminaires-et-receptions-pro\/trouver-le-lieu-ideal-seminaire\/thematiques\/top-7-lieux-au-bord-de-leau\/#breadcrumb","itemListElement":[{"@type":"ListItem","position":1,"name":"Accueil","item":"https:\/\/www.tourisme-valdemarne.com\/espace-pro\/"},{"@type":"ListItem","position":2,"name":"S\u00e9minaires et r\u00e9ceptions Pro","item":"https:\/\/www.tourisme-valdemarne.com\/espace-pro\/seminaires-et-receptions-pro\/"},{"@type":"ListItem","position":3,"name":"Trouver le lieu id\u00e9al : 150 lieux de s\u00e9minaires dans le Val-de-Marne","item":"https:\/\/www.tourisme-valdemarne.com\/espace-pro\/seminaires-et-receptions-pro\/trouver-le-lieu-ideal-seminaire\/"},{"@type":"ListItem","position":4,"name":"Les lieux pour organiser un \u00e9v\u00e8nement profesionnel","item":"https:\/\/www.tourisme-valdemarne.com\/espace-pro\/seminaires-et-receptions-pro\/trouver-le-lieu-ideal-seminaire\/thematiques\/"},{"@type":"ListItem","position":5,"name":"Top 7 : lieux au bord de l&rsquo;eau"}]},{"@type":"WebSite","@id":"https:\/\/www.tourisme-valdemarne.com\/espace-pro\/#website","url":"https:\/\/www.tourisme-valdemarne.com\/espace-pro\/","name":"Espace Pro","description":"Informations et outils pour les professionnels et la Presse","potentialAction":[{"@type":"SearchAction","target":{"@type":"EntryPoint","urlTemplate":"https:\/\/www.tourisme-valdemarne.com\/espace-pro\/?s={search_term_string}"},"query-input":{"@type":"PropertyValueSpecification","valueRequired":true,"valueName":"search_term_string"}}],"inLanguage":"fr-FR"}]}},"_links":{"self":[{"href":"https:\/\/www.tourisme-valdemarne.com\/espace-pro\/wp-json\/wp\/v2\/pages\/251","targetHints":{"allow":["GET"]}}],"collection":[{"href":"https:\/\/www.tourisme-valdemarne.com\/espace-pro\/wp-json\/wp\/v2\/pages"}],"about":[{"href":"https:\/\/www.tourisme-valdemarne.com\/espace-pro\/wp-json\/wp\/v2\/types\/page"}],"author":[{"embeddable":true,"href":"https:\/\/www.tourisme-valdemarne.com\/espace-pro\/wp-json\/wp\/v2\/users\/1"}],"replies":[{"embeddable":true,"href":"https:\/\/www.tourisme-valdemarne.com\/espace-pro\/wp-json\/wp\/v2\/comments?post=251"}],"version-history":[{"count":7,"href":"https:\/\/www.tourisme-valdemarne.com\/espace-pro\/wp-json\/wp\/v2\/pages\/251\/revisions"}],"predecessor-version":[{"id":26225,"href":"https:\/\/www.tourisme-valdemarne.com\/espace-pro\/wp-json\/wp\/v2\/pages\/251\/revisions\/26225"}],"up":[{"embeddable":true,"href":"https:\/\/www.tourisme-valdemarne.com\/espace-pro\/wp-json\/wp\/v2\/pages\/193"}],"wp:featuredmedia":[{"embeddable":true,"href":"https:\/\/www.tourisme-valdemarne.com\/espace-pro\/wp-json\/wp\/v2\/media\/2931"}],"wp:attachment":[{"href":"https:\/\/www.tourisme-valdemarne.com\/espace-pro\/wp-json\/wp\/v2\/media?parent=251"}],"wp:term":[{"taxonomy":"vdmTagMarketing","embeddable":true,"href":"https:\/\/www.tourisme-valdemarne.com\/espace-pro\/wp-json\/wp\/v2\/vdmTagMarketing?post=251"}],"curies":[{"name":"wp","href":"https:\/\/api.w.org\/{rel}","templated":true}]}}