{"id":247,"date":"2019-04-16T16:27:04","date_gmt":"2019-04-16T14:27:04","guid":{"rendered":"https:\/\/www.tourisme-valdemarne.com\/espace-pro\/top-3-lieux-festifs"},"modified":"2024-02-12T10:50:29","modified_gmt":"2024-02-12T09:50:29","slug":"top-3-lieux-festifs","status":"publish","type":"page","link":"https:\/\/www.tourisme-valdemarne.com\/espace-pro\/seminaires-et-receptions-pro\/trouver-le-lieu-ideal-seminaire\/thematiques\/top-3-lieux-festifs\/","title":{"rendered":"Top 3 : lieux festifs en Val-de-Marne"},"content":{"rendered":"\n<p class=\"is-style-excerpt\">Apportez une pointe de festivit\u00e9 \u00e0 vos \u00e9v\u00e8nements professionnels. Nous avons s\u00e9lectionn\u00e9 pour vous les 3 lieux les plus festifs du d\u00e9partement. Vous y trouverez forc\u00e9ment le lieu qui correspond \u00e0 l\u2019esprit de votre organisation.<\/p>\n\n\n\n<h2 class=\"wp-block-heading\">Quai 38 \u2013 La lucha grande<\/h2>\n\n\n\n<p>Situ\u00e9 dans la commune de Champigny-sur-Marne \u00e0 une dizaine de kilom\u00e8tres du centre de Paris, ce cabaret restaurant vous propose une <strong>offre d\u00e9cal\u00e9e pour votre \u00e9v\u00e8nement<\/strong>. Le Quai 38, \u00e0 proximit\u00e9 directe avec les bords de Marne, est une ancienne guinguette en face de la fameuse \u00eele des Loups et f\u00fbt le <strong>d\u00e9cor de nombreux films<\/strong> dans les ann\u00e9es 50. Les 2 salles du lieu peuvent accueillir jusqu\u2019\u00e0 <strong>200 personnes<\/strong> ainsi qu\u2019une <strong>terrasse d\u2019une capacit\u00e9 de 150 personnes<\/strong>. L\u2019approche de ce cabaret est de recentrer votre \u00e9v\u00e8nement autour d\u2019une ambiance festive unique !<\/p>\n\n\n\n<h2 class=\"wp-block-heading\">La Bodega Feria<\/h2>\n\n\n\n<div class=\"wp-block-image\"><figure class=\"aligncenter size-full is-resized\"><img data-src=\"https:\/\/www.tourisme-valdemarne.com\/espace-pro\/wp-content\/uploads\/sites\/3\/2023\/01\/bodega-feria-chateau-champigny-sur-marne.jpg\" alt=\"Salle de r\u00e9ception de la Bodega Feria \" class=\"wp-image-14153\" width=\"299\" height=\"449\" srcset=\"https:\/\/www.tourisme-valdemarne.com\/espace-pro\/wp-content\/uploads\/sites\/3\/2023\/01\/bodega-feria-chateau-champigny-sur-marne.jpg 600w, https:\/\/www.tourisme-valdemarne.com\/espace-pro\/wp-content\/uploads\/sites\/3\/2023\/01\/bodega-feria-chateau-champigny-sur-marne-400x600.jpg 400w, https:\/\/www.tourisme-valdemarne.com\/espace-pro\/wp-content\/uploads\/sites\/3\/2023\/01\/bodega-feria-chateau-champigny-sur-marne-380x570.jpg 380w, https:\/\/www.tourisme-valdemarne.com\/espace-pro\/wp-content\/uploads\/sites\/3\/2023\/01\/bodega-feria-chateau-champigny-sur-marne-200x300.jpg 200w\" sizes=\"(max-width: 299px) 100vw, 299px\" \/><figcaption>Bodega Feria \u00a9 CDT94\/www.photoinfographe.com<\/figcaption><\/figure><\/div>\n\n\n\n<p>Situ\u00e9 \u00e0 Champigny-sur-Marne, le chapiteau <a href=\"https:\/\/www.tourisme-valdemarne.com\/espace-pro\/seminaire\/bodega-feria\/\" target=\"_blank\" rel=\"noreferrer noopener\" aria-label=\"Bodega Feria (s\u2019ouvre dans un nouvel onglet)\">Bodega Feria<\/a> offre un cadre insolite et chaleureux pour vos soir\u00e9es. Avec une <strong>surface exceptionnelle de plus de 650 m2<\/strong>, il peut accueillir plus de 450 couverts assis sous son Grand Chapiteau et plus de 150 couverts assis au sein de son Chapiteau d\u2019Honneur.<\/p>\n\n\n\n<h2 class=\"wp-block-heading\">Les fameuses guinguettes des bords de Marne<\/h2>\n\n\n\n<p>Apportez une <strong>pointe de nostalgie \u00e0 votre \u00e9v\u00e8nement professionnel<\/strong> avec un retour \u00e0 la belle \u00e9poque !  En organisant votre s\u00e9minaire dans l\u2019une des <strong>guinguettes des bords de Marne<\/strong>, vous aurez le choix entre la guinguette de l\u2019\u00eele du Martin-p\u00eacheur \u00e0 Champigny-sur-Marne ou bien Chez G\u00e9g\u00e8ne \u00e0 Nogent-sur-Marne. De nombreuses animations peuvent vous \u00eatre propos\u00e9es.<\/p>\n","protected":false},"excerpt":{"rendered":"<p>Apportez une pointe de festivit\u00e9 \u00e0 vos \u00e9v\u00e8nements professionnels. Nous avons s\u00e9lectionn\u00e9 pour vous les 3 lieux les plus festifs du d\u00e9partement. Vous y trouverez forc\u00e9ment le lieu qui correspond \u00e0 l\u2019esprit de votre organisation. Quai 38 \u2013 La lucha grande Situ\u00e9 dans la commune de Champigny-sur-Marne \u00e0 une dizaine de kilom\u00e8tres du centre de [&hellip;]<\/p>\n","protected":false},"author":1,"featured_media":2955,"parent":193,"menu_order":10,"comment_status":"closed","ping_status":"closed","template":"","meta":{"_relevanssi_hide_post":"","_relevanssi_hide_content":"","_relevanssi_pin_for_all":"","_relevanssi_pin_keywords":"","_relevanssi_unpin_keywords":"","_relevanssi_related_keywords":"","_relevanssi_related_include_ids":"","_relevanssi_related_exclude_ids":"","_relevanssi_related_no_append":"","_relevanssi_related_not_related":"","_relevanssi_related_posts":"2745,444,2749,2741,8104,446","_relevanssi_noindex_reason":"","footnotes":""},"vdmTagMarketing":[],"class_list":["post-247","page","type-page","status-publish","has-post-thumbnail","hentry"],"acf":[],"yoast_head":"<!-- This site is optimized with the Yoast SEO plugin v23.9 - https:\/\/yoast.com\/wordpress\/plugins\/seo\/ -->\n<title>Top 3 des lieux festifs en Val-de-Marne - Espace Pro<\/title>\n<meta name=\"description\" content=\"Apportez une pointe de festivit\u00e9 \u00e0 vos \u00e9v\u00e8nements professionnels. Nous avons s\u00e9lectionn\u00e9 pour vous les 3 lieux les plus festifs.\" \/>\n<meta name=\"robots\" content=\"index, follow, max-snippet:-1, max-image-preview:large, max-video-preview:-1\" \/>\n<link rel=\"canonical\" href=\"https:\/\/www.tourisme-valdemarne.com\/espace-pro\/seminaires-et-receptions-pro\/trouver-le-lieu-ideal-seminaire\/thematiques\/top-3-lieux-festifs\/\" \/>\n<meta property=\"og:locale\" content=\"fr_FR\" \/>\n<meta property=\"og:type\" content=\"article\" \/>\n<meta property=\"og:title\" content=\"Top 3 des lieux festifs en Val-de-Marne - Espace Pro\" \/>\n<meta property=\"og:description\" content=\"Apportez une pointe de festivit\u00e9 \u00e0 vos \u00e9v\u00e8nements professionnels. Nous avons s\u00e9lectionn\u00e9 pour vous les 3 lieux les plus festifs.\" \/>\n<meta property=\"og:url\" content=\"https:\/\/www.tourisme-valdemarne.com\/espace-pro\/seminaires-et-receptions-pro\/trouver-le-lieu-ideal-seminaire\/thematiques\/top-3-lieux-festifs\/\" \/>\n<meta property=\"og:site_name\" content=\"Espace Pro\" \/>\n<meta property=\"article:modified_time\" content=\"2024-02-12T09:50:29+00:00\" \/>\n<meta property=\"og:image\" content=\"https:\/\/www.tourisme-valdemarne.com\/espace-pro\/wp-content\/uploads\/sites\/3\/2019\/05\/guinguette-danse-chez-gegene-joinville.jpg\" \/>\n\t<meta property=\"og:image:width\" content=\"1600\" \/>\n\t<meta property=\"og:image:height\" content=\"1067\" \/>\n\t<meta property=\"og:image:type\" content=\"image\/jpeg\" \/>\n<meta name=\"twitter:card\" content=\"summary_large_image\" \/>\n<meta name=\"twitter:label1\" content=\"Dur\u00e9e de lecture estim\u00e9e\" \/>\n\t<meta name=\"twitter:data1\" content=\"2 minutes\" \/>\n<script type=\"application\/ld+json\" class=\"yoast-schema-graph\">{\"@context\":\"https:\/\/schema.org\",\"@graph\":[{\"@type\":\"WebPage\",\"@id\":\"https:\/\/www.tourisme-valdemarne.com\/espace-pro\/seminaires-et-receptions-pro\/trouver-le-lieu-ideal-seminaire\/thematiques\/top-3-lieux-festifs\/\",\"url\":\"https:\/\/www.tourisme-valdemarne.com\/espace-pro\/seminaires-et-receptions-pro\/trouver-le-lieu-ideal-seminaire\/thematiques\/top-3-lieux-festifs\/\",\"name\":\"Top 3 des lieux festifs en Val-de-Marne - Espace Pro\",\"isPartOf\":{\"@id\":\"https:\/\/www.tourisme-valdemarne.com\/espace-pro\/#website\"},\"primaryImageOfPage\":{\"@id\":\"https:\/\/www.tourisme-valdemarne.com\/espace-pro\/seminaires-et-receptions-pro\/trouver-le-lieu-ideal-seminaire\/thematiques\/top-3-lieux-festifs\/#primaryimage\"},\"image\":{\"@id\":\"https:\/\/www.tourisme-valdemarne.com\/espace-pro\/seminaires-et-receptions-pro\/trouver-le-lieu-ideal-seminaire\/thematiques\/top-3-lieux-festifs\/#primaryimage\"},\"thumbnailUrl\":\"https:\/\/www.tourisme-valdemarne.com\/espace-pro\/wp-content\/uploads\/sites\/3\/2019\/05\/guinguette-danse-chez-gegene-joinville.jpg\",\"datePublished\":\"2019-04-16T14:27:04+00:00\",\"dateModified\":\"2024-02-12T09:50:29+00:00\",\"description\":\"Apportez une pointe de festivit\u00e9 \u00e0 vos \u00e9v\u00e8nements professionnels. Nous avons s\u00e9lectionn\u00e9 pour vous les 3 lieux les plus festifs.\",\"breadcrumb\":{\"@id\":\"https:\/\/www.tourisme-valdemarne.com\/espace-pro\/seminaires-et-receptions-pro\/trouver-le-lieu-ideal-seminaire\/thematiques\/top-3-lieux-festifs\/#breadcrumb\"},\"inLanguage\":\"fr-FR\",\"potentialAction\":[{\"@type\":\"ReadAction\",\"target\":[\"https:\/\/www.tourisme-valdemarne.com\/espace-pro\/seminaires-et-receptions-pro\/trouver-le-lieu-ideal-seminaire\/thematiques\/top-3-lieux-festifs\/\"]}]},{\"@type\":\"ImageObject\",\"inLanguage\":\"fr-FR\",\"@id\":\"https:\/\/www.tourisme-valdemarne.com\/espace-pro\/seminaires-et-receptions-pro\/trouver-le-lieu-ideal-seminaire\/thematiques\/top-3-lieux-festifs\/#primaryimage\",\"url\":\"https:\/\/www.tourisme-valdemarne.com\/espace-pro\/wp-content\/uploads\/sites\/3\/2019\/05\/guinguette-danse-chez-gegene-joinville.jpg\",\"contentUrl\":\"https:\/\/www.tourisme-valdemarne.com\/espace-pro\/wp-content\/uploads\/sites\/3\/2019\/05\/guinguette-danse-chez-gegene-joinville.jpg\",\"width\":1600,\"height\":1067,\"caption\":\"Guinguette Chez G\u00e9g\u00e8ne \u00a9 CDT94\/D.Adam\"},{\"@type\":\"BreadcrumbList\",\"@id\":\"https:\/\/www.tourisme-valdemarne.com\/espace-pro\/seminaires-et-receptions-pro\/trouver-le-lieu-ideal-seminaire\/thematiques\/top-3-lieux-festifs\/#breadcrumb\",\"itemListElement\":[{\"@type\":\"ListItem\",\"position\":1,\"name\":\"Accueil\",\"item\":\"https:\/\/www.tourisme-valdemarne.com\/espace-pro\/\"},{\"@type\":\"ListItem\",\"position\":2,\"name\":\"S\u00e9minaires et r\u00e9ceptions Pro\",\"item\":\"https:\/\/www.tourisme-valdemarne.com\/espace-pro\/seminaires-et-receptions-pro\/\"},{\"@type\":\"ListItem\",\"position\":3,\"name\":\"Trouver le lieu id\u00e9al : 150 lieux de s\u00e9minaires dans le Val-de-Marne\",\"item\":\"https:\/\/www.tourisme-valdemarne.com\/espace-pro\/seminaires-et-receptions-pro\/trouver-le-lieu-ideal-seminaire\/\"},{\"@type\":\"ListItem\",\"position\":4,\"name\":\"Les lieux pour organiser un \u00e9v\u00e8nement profesionnel\",\"item\":\"https:\/\/www.tourisme-valdemarne.com\/espace-pro\/seminaires-et-receptions-pro\/trouver-le-lieu-ideal-seminaire\/thematiques\/\"},{\"@type\":\"ListItem\",\"position\":5,\"name\":\"Top 3 : lieux festifs en Val-de-Marne\"}]},{\"@type\":\"WebSite\",\"@id\":\"https:\/\/www.tourisme-valdemarne.com\/espace-pro\/#website\",\"url\":\"https:\/\/www.tourisme-valdemarne.com\/espace-pro\/\",\"name\":\"Espace Pro\",\"description\":\"Informations et outils pour les professionnels et la Presse\",\"potentialAction\":[{\"@type\":\"SearchAction\",\"target\":{\"@type\":\"EntryPoint\",\"urlTemplate\":\"https:\/\/www.tourisme-valdemarne.com\/espace-pro\/?s={search_term_string}\"},\"query-input\":{\"@type\":\"PropertyValueSpecification\",\"valueRequired\":true,\"valueName\":\"search_term_string\"}}],\"inLanguage\":\"fr-FR\"}]}<\/script>\n<!-- \/ Yoast SEO plugin. -->","yoast_head_json":{"title":"Top 3 des lieux festifs en Val-de-Marne - Espace Pro","description":"Apportez une pointe de festivit\u00e9 \u00e0 vos \u00e9v\u00e8nements professionnels. Nous avons s\u00e9lectionn\u00e9 pour vous les 3 lieux les plus festifs.","robots":{"index":"index","follow":"follow","max-snippet":"max-snippet:-1","max-image-preview":"max-image-preview:large","max-video-preview":"max-video-preview:-1"},"canonical":"https:\/\/www.tourisme-valdemarne.com\/espace-pro\/seminaires-et-receptions-pro\/trouver-le-lieu-ideal-seminaire\/thematiques\/top-3-lieux-festifs\/","og_locale":"fr_FR","og_type":"article","og_title":"Top 3 des lieux festifs en Val-de-Marne - Espace Pro","og_description":"Apportez une pointe de festivit\u00e9 \u00e0 vos \u00e9v\u00e8nements professionnels. Nous avons s\u00e9lectionn\u00e9 pour vous les 3 lieux les plus festifs.","og_url":"https:\/\/www.tourisme-valdemarne.com\/espace-pro\/seminaires-et-receptions-pro\/trouver-le-lieu-ideal-seminaire\/thematiques\/top-3-lieux-festifs\/","og_site_name":"Espace Pro","article_modified_time":"2024-02-12T09:50:29+00:00","og_image":[{"width":1600,"height":1067,"url":"https:\/\/www.tourisme-valdemarne.com\/espace-pro\/wp-content\/uploads\/sites\/3\/2019\/05\/guinguette-danse-chez-gegene-joinville.jpg","type":"image\/jpeg"}],"twitter_card":"summary_large_image","twitter_misc":{"Dur\u00e9e de lecture estim\u00e9e":"2 minutes"},"schema":{"@context":"https:\/\/schema.org","@graph":[{"@type":"WebPage","@id":"https:\/\/www.tourisme-valdemarne.com\/espace-pro\/seminaires-et-receptions-pro\/trouver-le-lieu-ideal-seminaire\/thematiques\/top-3-lieux-festifs\/","url":"https:\/\/www.tourisme-valdemarne.com\/espace-pro\/seminaires-et-receptions-pro\/trouver-le-lieu-ideal-seminaire\/thematiques\/top-3-lieux-festifs\/","name":"Top 3 des lieux festifs en Val-de-Marne - Espace Pro","isPartOf":{"@id":"https:\/\/www.tourisme-valdemarne.com\/espace-pro\/#website"},"primaryImageOfPage":{"@id":"https:\/\/www.tourisme-valdemarne.com\/espace-pro\/seminaires-et-receptions-pro\/trouver-le-lieu-ideal-seminaire\/thematiques\/top-3-lieux-festifs\/#primaryimage"},"image":{"@id":"https:\/\/www.tourisme-valdemarne.com\/espace-pro\/seminaires-et-receptions-pro\/trouver-le-lieu-ideal-seminaire\/thematiques\/top-3-lieux-festifs\/#primaryimage"},"thumbnailUrl":"https:\/\/www.tourisme-valdemarne.com\/espace-pro\/wp-content\/uploads\/sites\/3\/2019\/05\/guinguette-danse-chez-gegene-joinville.jpg","datePublished":"2019-04-16T14:27:04+00:00","dateModified":"2024-02-12T09:50:29+00:00","description":"Apportez une pointe de festivit\u00e9 \u00e0 vos \u00e9v\u00e8nements professionnels. Nous avons s\u00e9lectionn\u00e9 pour vous les 3 lieux les plus festifs.","breadcrumb":{"@id":"https:\/\/www.tourisme-valdemarne.com\/espace-pro\/seminaires-et-receptions-pro\/trouver-le-lieu-ideal-seminaire\/thematiques\/top-3-lieux-festifs\/#breadcrumb"},"inLanguage":"fr-FR","potentialAction":[{"@type":"ReadAction","target":["https:\/\/www.tourisme-valdemarne.com\/espace-pro\/seminaires-et-receptions-pro\/trouver-le-lieu-ideal-seminaire\/thematiques\/top-3-lieux-festifs\/"]}]},{"@type":"ImageObject","inLanguage":"fr-FR","@id":"https:\/\/www.tourisme-valdemarne.com\/espace-pro\/seminaires-et-receptions-pro\/trouver-le-lieu-ideal-seminaire\/thematiques\/top-3-lieux-festifs\/#primaryimage","url":"https:\/\/www.tourisme-valdemarne.com\/espace-pro\/wp-content\/uploads\/sites\/3\/2019\/05\/guinguette-danse-chez-gegene-joinville.jpg","contentUrl":"https:\/\/www.tourisme-valdemarne.com\/espace-pro\/wp-content\/uploads\/sites\/3\/2019\/05\/guinguette-danse-chez-gegene-joinville.jpg","width":1600,"height":1067,"caption":"Guinguette Chez G\u00e9g\u00e8ne \u00a9 CDT94\/D.Adam"},{"@type":"BreadcrumbList","@id":"https:\/\/www.tourisme-valdemarne.com\/espace-pro\/seminaires-et-receptions-pro\/trouver-le-lieu-ideal-seminaire\/thematiques\/top-3-lieux-festifs\/#breadcrumb","itemListElement":[{"@type":"ListItem","position":1,"name":"Accueil","item":"https:\/\/www.tourisme-valdemarne.com\/espace-pro\/"},{"@type":"ListItem","position":2,"name":"S\u00e9minaires et r\u00e9ceptions Pro","item":"https:\/\/www.tourisme-valdemarne.com\/espace-pro\/seminaires-et-receptions-pro\/"},{"@type":"ListItem","position":3,"name":"Trouver le lieu id\u00e9al : 150 lieux de s\u00e9minaires dans le Val-de-Marne","item":"https:\/\/www.tourisme-valdemarne.com\/espace-pro\/seminaires-et-receptions-pro\/trouver-le-lieu-ideal-seminaire\/"},{"@type":"ListItem","position":4,"name":"Les lieux pour organiser un \u00e9v\u00e8nement profesionnel","item":"https:\/\/www.tourisme-valdemarne.com\/espace-pro\/seminaires-et-receptions-pro\/trouver-le-lieu-ideal-seminaire\/thematiques\/"},{"@type":"ListItem","position":5,"name":"Top 3 : lieux festifs en Val-de-Marne"}]},{"@type":"WebSite","@id":"https:\/\/www.tourisme-valdemarne.com\/espace-pro\/#website","url":"https:\/\/www.tourisme-valdemarne.com\/espace-pro\/","name":"Espace Pro","description":"Informations et outils pour les professionnels et la Presse","potentialAction":[{"@type":"SearchAction","target":{"@type":"EntryPoint","urlTemplate":"https:\/\/www.tourisme-valdemarne.com\/espace-pro\/?s={search_term_string}"},"query-input":{"@type":"PropertyValueSpecification","valueRequired":true,"valueName":"search_term_string"}}],"inLanguage":"fr-FR"}]}},"_links":{"self":[{"href":"https:\/\/www.tourisme-valdemarne.com\/espace-pro\/wp-json\/wp\/v2\/pages\/247","targetHints":{"allow":["GET"]}}],"collection":[{"href":"https:\/\/www.tourisme-valdemarne.com\/espace-pro\/wp-json\/wp\/v2\/pages"}],"about":[{"href":"https:\/\/www.tourisme-valdemarne.com\/espace-pro\/wp-json\/wp\/v2\/types\/page"}],"author":[{"embeddable":true,"href":"https:\/\/www.tourisme-valdemarne.com\/espace-pro\/wp-json\/wp\/v2\/users\/1"}],"replies":[{"embeddable":true,"href":"https:\/\/www.tourisme-valdemarne.com\/espace-pro\/wp-json\/wp\/v2\/comments?post=247"}],"version-history":[{"count":12,"href":"https:\/\/www.tourisme-valdemarne.com\/espace-pro\/wp-json\/wp\/v2\/pages\/247\/revisions"}],"predecessor-version":[{"id":26302,"href":"https:\/\/www.tourisme-valdemarne.com\/espace-pro\/wp-json\/wp\/v2\/pages\/247\/revisions\/26302"}],"up":[{"embeddable":true,"href":"https:\/\/www.tourisme-valdemarne.com\/espace-pro\/wp-json\/wp\/v2\/pages\/193"}],"wp:featuredmedia":[{"embeddable":true,"href":"https:\/\/www.tourisme-valdemarne.com\/espace-pro\/wp-json\/wp\/v2\/media\/2955"}],"wp:attachment":[{"href":"https:\/\/www.tourisme-valdemarne.com\/espace-pro\/wp-json\/wp\/v2\/media?parent=247"}],"wp:term":[{"taxonomy":"vdmTagMarketing","embeddable":true,"href":"https:\/\/www.tourisme-valdemarne.com\/espace-pro\/wp-json\/wp\/v2\/vdmTagMarketing?post=247"}],"curies":[{"name":"wp","href":"https:\/\/api.w.org\/{rel}","templated":true}]}}