{"id":242,"date":"2019-04-16T16:26:27","date_gmt":"2019-04-16T14:26:27","guid":{"rendered":"https:\/\/www.tourisme-valdemarne.com\/espace-pro\/les-bords-de-marne"},"modified":"2023-02-20T13:28:00","modified_gmt":"2023-02-20T12:28:00","slug":"les-bords-de-marne","status":"publish","type":"page","link":"https:\/\/www.tourisme-valdemarne.com\/espace-pro\/seminaires-et-receptions-pro\/atouts-et-territoires-cles\/territoires-cles\/les-bords-de-marne\/","title":{"rendered":"Les bords de Marne"},"content":{"rendered":"\n<p class=\"is-style-excerpt\">La nature aux Portes de Paris.<\/p>\n\n\n\n<p>A la belle \u00e9poque, les bords de Marne \u00e9taient le lieu de rencontre et de <strong>vill\u00e9giature des parisiens<\/strong> qui venaient y passer du bon temps \u00e0 la campagne pour s\u2019y baigner et profiter du soleil. Encore aujourd\u2019hui, le lieu a su garder son <strong>charme d\u2019antan<\/strong> avec notamment les guinguettes et le canotage sur la Marne.<\/p>\n\n\n\n<p>On y trouve \u00e9galement un <strong>environnement pr\u00e9serv\u00e9<\/strong> avec la r\u00e9serve naturelle des \u00eeles de la Marne. Par la proximit\u00e9 avec Paris, les bords de Marne sont tr\u00e8s bien desservis par les transports en commun franciliens. Voici quelques-uns des lieux embl\u00e9matiques des bords de Marne.<\/p>\n\n\n\n<h2 class=\"wp-block-heading\">La guinguette de l\u2019\u00eele du Martin P\u00eacheur<\/h2>\n\n\n\n<div class=\"wp-block-image\"><figure class=\"aligncenter size-full is-resized\"><a href=\"https:\/\/www.tourisme-valdemarne.com\/espace-pro\/wp-content\/uploads\/sites\/3\/2023\/02\/accordeoniste-guinguette-martin-pecheur-champigny-sur-marne.jpg\"><img data-src=\"https:\/\/www.tourisme-valdemarne.com\/espace-pro\/wp-content\/uploads\/sites\/3\/2023\/02\/accordeoniste-guinguette-martin-pecheur-champigny-sur-marne.jpg\" alt=\"Deux hommes jouant de l'accord\u00e9on sur une terrasse\" class=\"wp-image-14332\" width=\"317\" height=\"476\" srcset=\"https:\/\/www.tourisme-valdemarne.com\/espace-pro\/wp-content\/uploads\/sites\/3\/2023\/02\/accordeoniste-guinguette-martin-pecheur-champigny-sur-marne.jpg 700w, https:\/\/www.tourisme-valdemarne.com\/espace-pro\/wp-content\/uploads\/sites\/3\/2023\/02\/accordeoniste-guinguette-martin-pecheur-champigny-sur-marne-400x600.jpg 400w, https:\/\/www.tourisme-valdemarne.com\/espace-pro\/wp-content\/uploads\/sites\/3\/2023\/02\/accordeoniste-guinguette-martin-pecheur-champigny-sur-marne-599x900.jpg 599w, https:\/\/www.tourisme-valdemarne.com\/espace-pro\/wp-content\/uploads\/sites\/3\/2023\/02\/accordeoniste-guinguette-martin-pecheur-champigny-sur-marne-380x571.jpg 380w, https:\/\/www.tourisme-valdemarne.com\/espace-pro\/wp-content\/uploads\/sites\/3\/2023\/02\/accordeoniste-guinguette-martin-pecheur-champigny-sur-marne-200x300.jpg 200w\" sizes=\"(max-width: 317px) 100vw, 317px\" \/><\/a><figcaption>La Guinguette de l&rsquo;\u00eele du Martin P\u00eacheur \u00a9 CDT94\/www.photoinfographe.com<\/figcaption><\/figure><\/div>\n\n\n\n<p>Une restauration et une programmation \u00ab\u00a0musette\u00a0\u00bb en font une <strong>vraie guinguette dans la tradition des bords de Marne<\/strong>. La <a href=\"https:\/\/www.tourisme-valdemarne.com\/espace-pro\/restaurant\/la-guinguette-de-lile-du-martin-pecheur\/\" target=\"_blank\" rel=\"noreferrer noopener\" aria-label=\"Guinguette de l'\u00eele du Martin P\u00eacheur (s\u2019ouvre dans un nouvel onglet)\">Guinguette de l&rsquo;\u00eele du Martin P\u00eacheur<\/a> a su conqu\u00e9rir sa place parmi les illustres restaurants qui bordent la rivi\u00e8re. Situ\u00e9e sur une \u00eele pr\u00e9serv\u00e9e de la Marne, dans un parc bois\u00e9 du c\u00f4t\u00e9 de Champigny sur Marne, les repas se font au son de l&rsquo;accord\u00e9on, bals et concerts.<\/p>\n\n\n\n<h2 class=\"wp-block-heading\">L\u2019\u00e9cu de France<\/h2>\n\n\n\n<p>A 20 Km de Notre-Dame de Paris, sur les <strong>plages du bord de Marne<\/strong>, au milieu d&rsquo;un parc naturel pr\u00e9serv\u00e9, cet <strong>ancien relais de poste de 1717 est un restaurant gastronomique<\/strong> actuel. Le site dispose d&rsquo;un jardin, d&rsquo;une terrasse, d&rsquo;une chemin\u00e9e, d&rsquo;une v\u00e9randa, de 2 salles \u00e0 manger et d&rsquo;un parking priv\u00e9. Il peut accueillir tous types de r\u00e9unions <strong>jusqu&rsquo;\u00e0 120 personnes<\/strong>.<\/p>\n\n\n\n<h2 class=\"wp-block-heading\">Aviron Marne et Joinville<\/h2>\n\n\n\n<figure class=\"wp-block-image size-full\"><a href=\"https:\/\/www.tourisme-valdemarne.com\/espace-pro\/wp-content\/uploads\/sites\/3\/2023\/02\/aviron-marne-joinville.jpg\"><img width=\"1100\" height=\"736\" data-src=\"https:\/\/www.tourisme-valdemarne.com\/espace-pro\/wp-content\/uploads\/sites\/3\/2023\/02\/aviron-marne-joinville.jpg\" alt=\"5 personnes font de l'aviron sur la marne\" class=\"wp-image-14334\" srcset=\"https:\/\/www.tourisme-valdemarne.com\/espace-pro\/wp-content\/uploads\/sites\/3\/2023\/02\/aviron-marne-joinville.jpg 1100w, https:\/\/www.tourisme-valdemarne.com\/espace-pro\/wp-content\/uploads\/sites\/3\/2023\/02\/aviron-marne-joinville-600x401.jpg 600w, https:\/\/www.tourisme-valdemarne.com\/espace-pro\/wp-content\/uploads\/sites\/3\/2023\/02\/aviron-marne-joinville-900x602.jpg 900w, https:\/\/www.tourisme-valdemarne.com\/espace-pro\/wp-content\/uploads\/sites\/3\/2023\/02\/aviron-marne-joinville-380x254.jpg 380w, https:\/\/www.tourisme-valdemarne.com\/espace-pro\/wp-content\/uploads\/sites\/3\/2023\/02\/aviron-marne-joinville-200x134.jpg 200w\" sizes=\"(max-width: 1100px) 100vw, 1100px\" \/><\/a><figcaption>Aviron sur la Marne \u00e0 Joinville \u00a9 CDT94\/D.Thierry<\/figcaption><\/figure>\n\n\n\n<p>Noy\u00e9 dans la verdure avec acc\u00e8s et vue sur la marne, le <strong><a href=\"https:\/\/www.tourisme-valdemarne.com\/espace-pro\/seminaire\/aviron-marne-et-joinville\/\" target=\"_blank\" rel=\"noreferrer noopener\" aria-label=\" (s\u2019ouvre dans un nouvel onglet)\">club d&rsquo;aviron Marne Joinville<\/a><\/strong> offre un environnement diff\u00e9rent pour vos \u00e9v\u00e8nements. Au 1er \u00e9tage, terrasse de 150 m\u00b2, 1 salle de 229 m\u00b2 modulable en 135 m\u00b2 et 94 m\u00b2 (avec bar). Toilettes, vestiaires, douches, acc\u00e8s handicap\u00e9s (ascenseur). Le club peut \u00e9galement vous proposer une <strong>initiation \u00e0 l&rsquo;aviron<\/strong> (activit\u00e9 nautique encadr\u00e9e par des entra\u00eeneurs dipl\u00f4m\u00e9s d&rsquo;\u00e9tat).<\/p>\n","protected":false},"excerpt":{"rendered":"<p>La nature aux Portes de Paris. A la belle \u00e9poque, les bords de Marne \u00e9taient le lieu de rencontre et de vill\u00e9giature des parisiens qui venaient y passer du bon temps \u00e0 la campagne pour s\u2019y baigner et profiter du soleil. Encore aujourd\u2019hui, le lieu a su garder son charme d\u2019antan avec notamment les guinguettes [&hellip;]<\/p>\n","protected":false},"author":1,"featured_media":2929,"parent":188,"menu_order":60,"comment_status":"closed","ping_status":"closed","template":"","meta":{"_relevanssi_hide_post":"","_relevanssi_hide_content":"","_relevanssi_pin_for_all":"","_relevanssi_pin_keywords":"","_relevanssi_unpin_keywords":"","_relevanssi_related_keywords":"","_relevanssi_related_include_ids":"","_relevanssi_related_exclude_ids":"","_relevanssi_related_no_append":"","_relevanssi_related_not_related":"","_relevanssi_related_posts":"444,2749,8084,2751,8105,8101","_relevanssi_noindex_reason":"","footnotes":""},"vdmTagMarketing":[],"class_list":["post-242","page","type-page","status-publish","has-post-thumbnail","hentry"],"acf":[],"yoast_head":"<!-- This site is optimized with the Yoast SEO plugin v23.9 - https:\/\/yoast.com\/wordpress\/plugins\/seo\/ -->\n<title>Les bords de Marne - Espace Pro<\/title>\n<meta name=\"description\" content=\"Val-de-Marne Tourisme vous pr\u00e9sente les bords de marne et les nombreux lieux qui constituent le patrimoine du d\u00e9partement.\" \/>\n<meta name=\"robots\" content=\"index, follow, max-snippet:-1, max-image-preview:large, max-video-preview:-1\" \/>\n<link rel=\"canonical\" href=\"https:\/\/www.tourisme-valdemarne.com\/espace-pro\/seminaires-et-receptions-pro\/atouts-et-territoires-cles\/territoires-cles\/les-bords-de-marne\/\" \/>\n<meta property=\"og:locale\" content=\"fr_FR\" \/>\n<meta property=\"og:type\" content=\"article\" \/>\n<meta property=\"og:title\" content=\"Les bords de Marne - Espace Pro\" \/>\n<meta property=\"og:description\" content=\"Val-de-Marne Tourisme vous pr\u00e9sente les bords de marne et les nombreux lieux qui constituent le patrimoine du d\u00e9partement.\" \/>\n<meta property=\"og:url\" content=\"https:\/\/www.tourisme-valdemarne.com\/espace-pro\/seminaires-et-receptions-pro\/atouts-et-territoires-cles\/territoires-cles\/les-bords-de-marne\/\" \/>\n<meta property=\"og:site_name\" content=\"Espace Pro\" \/>\n<meta property=\"article:modified_time\" content=\"2023-02-20T12:28:00+00:00\" \/>\n<meta property=\"og:image\" content=\"https:\/\/www.tourisme-valdemarne.com\/espace-pro\/wp-content\/uploads\/sites\/3\/2019\/05\/bords-de-marne-champigny.jpg\" \/>\n\t<meta property=\"og:image:width\" content=\"1600\" \/>\n\t<meta property=\"og:image:height\" content=\"1200\" \/>\n\t<meta property=\"og:image:type\" content=\"image\/jpeg\" \/>\n<meta name=\"twitter:card\" content=\"summary_large_image\" \/>\n<meta name=\"twitter:label1\" content=\"Dur\u00e9e de lecture estim\u00e9e\" \/>\n\t<meta name=\"twitter:data1\" content=\"3 minutes\" \/>\n<script type=\"application\/ld+json\" class=\"yoast-schema-graph\">{\"@context\":\"https:\/\/schema.org\",\"@graph\":[{\"@type\":\"WebPage\",\"@id\":\"https:\/\/www.tourisme-valdemarne.com\/espace-pro\/seminaires-et-receptions-pro\/atouts-et-territoires-cles\/territoires-cles\/les-bords-de-marne\/\",\"url\":\"https:\/\/www.tourisme-valdemarne.com\/espace-pro\/seminaires-et-receptions-pro\/atouts-et-territoires-cles\/territoires-cles\/les-bords-de-marne\/\",\"name\":\"Les bords de Marne - Espace Pro\",\"isPartOf\":{\"@id\":\"https:\/\/www.tourisme-valdemarne.com\/espace-pro\/#website\"},\"primaryImageOfPage\":{\"@id\":\"https:\/\/www.tourisme-valdemarne.com\/espace-pro\/seminaires-et-receptions-pro\/atouts-et-territoires-cles\/territoires-cles\/les-bords-de-marne\/#primaryimage\"},\"image\":{\"@id\":\"https:\/\/www.tourisme-valdemarne.com\/espace-pro\/seminaires-et-receptions-pro\/atouts-et-territoires-cles\/territoires-cles\/les-bords-de-marne\/#primaryimage\"},\"thumbnailUrl\":\"https:\/\/www.tourisme-valdemarne.com\/espace-pro\/wp-content\/uploads\/sites\/3\/2019\/05\/bords-de-marne-champigny.jpg\",\"datePublished\":\"2019-04-16T14:26:27+00:00\",\"dateModified\":\"2023-02-20T12:28:00+00:00\",\"description\":\"Val-de-Marne Tourisme vous pr\u00e9sente les bords de marne et les nombreux lieux qui constituent le patrimoine du d\u00e9partement.\",\"breadcrumb\":{\"@id\":\"https:\/\/www.tourisme-valdemarne.com\/espace-pro\/seminaires-et-receptions-pro\/atouts-et-territoires-cles\/territoires-cles\/les-bords-de-marne\/#breadcrumb\"},\"inLanguage\":\"fr-FR\",\"potentialAction\":[{\"@type\":\"ReadAction\",\"target\":[\"https:\/\/www.tourisme-valdemarne.com\/espace-pro\/seminaires-et-receptions-pro\/atouts-et-territoires-cles\/territoires-cles\/les-bords-de-marne\/\"]}]},{\"@type\":\"ImageObject\",\"inLanguage\":\"fr-FR\",\"@id\":\"https:\/\/www.tourisme-valdemarne.com\/espace-pro\/seminaires-et-receptions-pro\/atouts-et-territoires-cles\/territoires-cles\/les-bords-de-marne\/#primaryimage\",\"url\":\"https:\/\/www.tourisme-valdemarne.com\/espace-pro\/wp-content\/uploads\/sites\/3\/2019\/05\/bords-de-marne-champigny.jpg\",\"contentUrl\":\"https:\/\/www.tourisme-valdemarne.com\/espace-pro\/wp-content\/uploads\/sites\/3\/2019\/05\/bords-de-marne-champigny.jpg\",\"width\":1600,\"height\":1200,\"caption\":\"Bords de marne \u00a9 CDT94\"},{\"@type\":\"BreadcrumbList\",\"@id\":\"https:\/\/www.tourisme-valdemarne.com\/espace-pro\/seminaires-et-receptions-pro\/atouts-et-territoires-cles\/territoires-cles\/les-bords-de-marne\/#breadcrumb\",\"itemListElement\":[{\"@type\":\"ListItem\",\"position\":1,\"name\":\"Accueil\",\"item\":\"https:\/\/www.tourisme-valdemarne.com\/espace-pro\/\"},{\"@type\":\"ListItem\",\"position\":2,\"name\":\"S\u00e9minaires et r\u00e9ceptions Pro\",\"item\":\"https:\/\/www.tourisme-valdemarne.com\/espace-pro\/seminaires-et-receptions-pro\/\"},{\"@type\":\"ListItem\",\"position\":3,\"name\":\"Atouts et territoires cl\u00e9s du Val-de-Marne\",\"item\":\"https:\/\/www.tourisme-valdemarne.com\/espace-pro\/seminaires-et-receptions-pro\/atouts-et-territoires-cles\/\"},{\"@type\":\"ListItem\",\"position\":4,\"name\":\"Territoires cl\u00e9s\",\"item\":\"https:\/\/www.tourisme-valdemarne.com\/espace-pro\/seminaires-et-receptions-pro\/atouts-et-territoires-cles\/territoires-cles\/\"},{\"@type\":\"ListItem\",\"position\":5,\"name\":\"Les bords de Marne\"}]},{\"@type\":\"WebSite\",\"@id\":\"https:\/\/www.tourisme-valdemarne.com\/espace-pro\/#website\",\"url\":\"https:\/\/www.tourisme-valdemarne.com\/espace-pro\/\",\"name\":\"Espace Pro\",\"description\":\"Informations et outils pour les professionnels et la Presse\",\"potentialAction\":[{\"@type\":\"SearchAction\",\"target\":{\"@type\":\"EntryPoint\",\"urlTemplate\":\"https:\/\/www.tourisme-valdemarne.com\/espace-pro\/?s={search_term_string}\"},\"query-input\":{\"@type\":\"PropertyValueSpecification\",\"valueRequired\":true,\"valueName\":\"search_term_string\"}}],\"inLanguage\":\"fr-FR\"}]}<\/script>\n<!-- \/ Yoast SEO plugin. -->","yoast_head_json":{"title":"Les bords de Marne - Espace Pro","description":"Val-de-Marne Tourisme vous pr\u00e9sente les bords de marne et les nombreux lieux qui constituent le patrimoine du d\u00e9partement.","robots":{"index":"index","follow":"follow","max-snippet":"max-snippet:-1","max-image-preview":"max-image-preview:large","max-video-preview":"max-video-preview:-1"},"canonical":"https:\/\/www.tourisme-valdemarne.com\/espace-pro\/seminaires-et-receptions-pro\/atouts-et-territoires-cles\/territoires-cles\/les-bords-de-marne\/","og_locale":"fr_FR","og_type":"article","og_title":"Les bords de Marne - Espace Pro","og_description":"Val-de-Marne Tourisme vous pr\u00e9sente les bords de marne et les nombreux lieux qui constituent le patrimoine du d\u00e9partement.","og_url":"https:\/\/www.tourisme-valdemarne.com\/espace-pro\/seminaires-et-receptions-pro\/atouts-et-territoires-cles\/territoires-cles\/les-bords-de-marne\/","og_site_name":"Espace Pro","article_modified_time":"2023-02-20T12:28:00+00:00","og_image":[{"width":1600,"height":1200,"url":"https:\/\/www.tourisme-valdemarne.com\/espace-pro\/wp-content\/uploads\/sites\/3\/2019\/05\/bords-de-marne-champigny.jpg","type":"image\/jpeg"}],"twitter_card":"summary_large_image","twitter_misc":{"Dur\u00e9e de lecture estim\u00e9e":"3 minutes"},"schema":{"@context":"https:\/\/schema.org","@graph":[{"@type":"WebPage","@id":"https:\/\/www.tourisme-valdemarne.com\/espace-pro\/seminaires-et-receptions-pro\/atouts-et-territoires-cles\/territoires-cles\/les-bords-de-marne\/","url":"https:\/\/www.tourisme-valdemarne.com\/espace-pro\/seminaires-et-receptions-pro\/atouts-et-territoires-cles\/territoires-cles\/les-bords-de-marne\/","name":"Les bords de Marne - Espace Pro","isPartOf":{"@id":"https:\/\/www.tourisme-valdemarne.com\/espace-pro\/#website"},"primaryImageOfPage":{"@id":"https:\/\/www.tourisme-valdemarne.com\/espace-pro\/seminaires-et-receptions-pro\/atouts-et-territoires-cles\/territoires-cles\/les-bords-de-marne\/#primaryimage"},"image":{"@id":"https:\/\/www.tourisme-valdemarne.com\/espace-pro\/seminaires-et-receptions-pro\/atouts-et-territoires-cles\/territoires-cles\/les-bords-de-marne\/#primaryimage"},"thumbnailUrl":"https:\/\/www.tourisme-valdemarne.com\/espace-pro\/wp-content\/uploads\/sites\/3\/2019\/05\/bords-de-marne-champigny.jpg","datePublished":"2019-04-16T14:26:27+00:00","dateModified":"2023-02-20T12:28:00+00:00","description":"Val-de-Marne Tourisme vous pr\u00e9sente les bords de marne et les nombreux lieux qui constituent le patrimoine du d\u00e9partement.","breadcrumb":{"@id":"https:\/\/www.tourisme-valdemarne.com\/espace-pro\/seminaires-et-receptions-pro\/atouts-et-territoires-cles\/territoires-cles\/les-bords-de-marne\/#breadcrumb"},"inLanguage":"fr-FR","potentialAction":[{"@type":"ReadAction","target":["https:\/\/www.tourisme-valdemarne.com\/espace-pro\/seminaires-et-receptions-pro\/atouts-et-territoires-cles\/territoires-cles\/les-bords-de-marne\/"]}]},{"@type":"ImageObject","inLanguage":"fr-FR","@id":"https:\/\/www.tourisme-valdemarne.com\/espace-pro\/seminaires-et-receptions-pro\/atouts-et-territoires-cles\/territoires-cles\/les-bords-de-marne\/#primaryimage","url":"https:\/\/www.tourisme-valdemarne.com\/espace-pro\/wp-content\/uploads\/sites\/3\/2019\/05\/bords-de-marne-champigny.jpg","contentUrl":"https:\/\/www.tourisme-valdemarne.com\/espace-pro\/wp-content\/uploads\/sites\/3\/2019\/05\/bords-de-marne-champigny.jpg","width":1600,"height":1200,"caption":"Bords de marne \u00a9 CDT94"},{"@type":"BreadcrumbList","@id":"https:\/\/www.tourisme-valdemarne.com\/espace-pro\/seminaires-et-receptions-pro\/atouts-et-territoires-cles\/territoires-cles\/les-bords-de-marne\/#breadcrumb","itemListElement":[{"@type":"ListItem","position":1,"name":"Accueil","item":"https:\/\/www.tourisme-valdemarne.com\/espace-pro\/"},{"@type":"ListItem","position":2,"name":"S\u00e9minaires et r\u00e9ceptions Pro","item":"https:\/\/www.tourisme-valdemarne.com\/espace-pro\/seminaires-et-receptions-pro\/"},{"@type":"ListItem","position":3,"name":"Atouts et territoires cl\u00e9s du Val-de-Marne","item":"https:\/\/www.tourisme-valdemarne.com\/espace-pro\/seminaires-et-receptions-pro\/atouts-et-territoires-cles\/"},{"@type":"ListItem","position":4,"name":"Territoires cl\u00e9s","item":"https:\/\/www.tourisme-valdemarne.com\/espace-pro\/seminaires-et-receptions-pro\/atouts-et-territoires-cles\/territoires-cles\/"},{"@type":"ListItem","position":5,"name":"Les bords de Marne"}]},{"@type":"WebSite","@id":"https:\/\/www.tourisme-valdemarne.com\/espace-pro\/#website","url":"https:\/\/www.tourisme-valdemarne.com\/espace-pro\/","name":"Espace Pro","description":"Informations et outils pour les professionnels et la Presse","potentialAction":[{"@type":"SearchAction","target":{"@type":"EntryPoint","urlTemplate":"https:\/\/www.tourisme-valdemarne.com\/espace-pro\/?s={search_term_string}"},"query-input":{"@type":"PropertyValueSpecification","valueRequired":true,"valueName":"search_term_string"}}],"inLanguage":"fr-FR"}]}},"_links":{"self":[{"href":"https:\/\/www.tourisme-valdemarne.com\/espace-pro\/wp-json\/wp\/v2\/pages\/242","targetHints":{"allow":["GET"]}}],"collection":[{"href":"https:\/\/www.tourisme-valdemarne.com\/espace-pro\/wp-json\/wp\/v2\/pages"}],"about":[{"href":"https:\/\/www.tourisme-valdemarne.com\/espace-pro\/wp-json\/wp\/v2\/types\/page"}],"author":[{"embeddable":true,"href":"https:\/\/www.tourisme-valdemarne.com\/espace-pro\/wp-json\/wp\/v2\/users\/1"}],"replies":[{"embeddable":true,"href":"https:\/\/www.tourisme-valdemarne.com\/espace-pro\/wp-json\/wp\/v2\/comments?post=242"}],"version-history":[{"count":8,"href":"https:\/\/www.tourisme-valdemarne.com\/espace-pro\/wp-json\/wp\/v2\/pages\/242\/revisions"}],"predecessor-version":[{"id":14335,"href":"https:\/\/www.tourisme-valdemarne.com\/espace-pro\/wp-json\/wp\/v2\/pages\/242\/revisions\/14335"}],"up":[{"embeddable":true,"href":"https:\/\/www.tourisme-valdemarne.com\/espace-pro\/wp-json\/wp\/v2\/pages\/188"}],"wp:featuredmedia":[{"embeddable":true,"href":"https:\/\/www.tourisme-valdemarne.com\/espace-pro\/wp-json\/wp\/v2\/media\/2929"}],"wp:attachment":[{"href":"https:\/\/www.tourisme-valdemarne.com\/espace-pro\/wp-json\/wp\/v2\/media?parent=242"}],"wp:term":[{"taxonomy":"vdmTagMarketing","embeddable":true,"href":"https:\/\/www.tourisme-valdemarne.com\/espace-pro\/wp-json\/wp\/v2\/vdmTagMarketing?post=242"}],"curies":[{"name":"wp","href":"https:\/\/api.w.org\/{rel}","templated":true}]}}