{"id":229,"date":"2019-04-16T16:24:06","date_gmt":"2019-04-16T14:24:06","guid":{"rendered":"https:\/\/www.tourisme-valdemarne.com\/espace-pro\/bois-de-vincennes"},"modified":"2024-03-04T16:12:35","modified_gmt":"2024-03-04T15:12:35","slug":"bois-de-vincennes","status":"publish","type":"page","link":"https:\/\/www.tourisme-valdemarne.com\/espace-pro\/seminaires-et-receptions-pro\/atouts-et-territoires-cles\/territoires-cles\/bois-de-vincennes\/","title":{"rendered":"Bois de Vincennes"},"content":{"rendered":"\n<p class=\"is-style-excerpt\">Le Bois de Vincennes offre un cadre tr\u00e8s agr\u00e9able aux portes de Paris pour tous vos \u00e9v\u00e9nements affaires. C\u2019est un immense espace de verdure de pr\u00e8s de 1000 ha, porte d\u2019entr\u00e9e du Val-de-Marne (94).<\/p>\n\n\n\n<p>Il est constitu\u00e9 de quatre lacs et de plusieurs \u00eeles autour desquelles se concentrent des activit\u00e9s de loisirs. Le bois est parsem\u00e9 d&rsquo;\u00e9difices pittoresques : parcs, ponts, cascades artificielles, kiosques et restaurants.<\/p>\n\n\n\n<h2 class=\"wp-block-heading\">Le Chalet de la Porte Jaune \u00e0 Vincennes<\/h2>\n\n\n\n<figure class=\"wp-block-image alignwide\"><a href=\"https:\/\/www.tourisme-valdemarne.com\/espace-pro\/wp-content\/uploads\/sites\/3\/2019\/05\/chalet-porte-jaune-bois-vincennes-facade.jpg\"><img width=\"1200\" height=\"900\" data-src=\"https:\/\/www.tourisme-valdemarne.com\/espace-pro\/wp-content\/uploads\/sites\/3\/2019\/05\/chalet-porte-jaune-bois-vincennes-facade-1200x900.jpg\" alt=\"chalet porte jaune vincennes\" class=\"wp-image-2837\" srcset=\"https:\/\/www.tourisme-valdemarne.com\/espace-pro\/wp-content\/uploads\/sites\/3\/2019\/05\/chalet-porte-jaune-bois-vincennes-facade-1200x900.jpg 1200w, https:\/\/www.tourisme-valdemarne.com\/espace-pro\/wp-content\/uploads\/sites\/3\/2019\/05\/chalet-porte-jaune-bois-vincennes-facade-600x450.jpg 600w, https:\/\/www.tourisme-valdemarne.com\/espace-pro\/wp-content\/uploads\/sites\/3\/2019\/05\/chalet-porte-jaune-bois-vincennes-facade-900x675.jpg 900w, https:\/\/www.tourisme-valdemarne.com\/espace-pro\/wp-content\/uploads\/sites\/3\/2019\/05\/chalet-porte-jaune-bois-vincennes-facade-380x285.jpg 380w, https:\/\/www.tourisme-valdemarne.com\/espace-pro\/wp-content\/uploads\/sites\/3\/2019\/05\/chalet-porte-jaune-bois-vincennes-facade-200x150.jpg 200w, https:\/\/www.tourisme-valdemarne.com\/espace-pro\/wp-content\/uploads\/sites\/3\/2019\/05\/chalet-porte-jaune-bois-vincennes-facade.jpg 1600w\" sizes=\"(max-width: 1200px) 100vw, 1200px\" \/><\/a><figcaption>Fa\u00e7ade du Chalet de la Porte Jaune \u00e0 Vincennes \u00a9 CDT94\/M.Boisse<\/figcaption><\/figure>\n\n\n\n<p>Lieu de r\u00e9ception incontournable pour les s\u00e9minaires ou grandes manifestations, le Chalet de la Porte Jaune au c\u0153ur du <strong>Bois de Vincennes \u00e0 Paris<\/strong> vous propose d\u2019organiser votre \u00e9v\u00e8nement professionnel dans l\u2019esprit authentique du lieu et de la nature verdoyante qui vous permettra d\u2019allier l\u2019utile \u00e0 l\u2019agr\u00e9able. Le site est compos\u00e9 de <strong>trois structures<\/strong> ind\u00e9pendantes : Le Chalet class\u00e9 monument historique, le Belv\u00e9d\u00e8re moderne avec vue sur le jardin et la Fermette ouverte sur une superbe terrasse en bordure du Lac des Minimes, o\u00f9 des promenades en barque sont propos\u00e9es. L\u2019\u00e9tablissement dispose d\u2019une capacit\u00e9 allant de <strong>50 \u00e0 500 personnes<\/strong> selon le lieu et la configuration.<\/p>\n\n\n\n<h2 class=\"wp-block-heading\">L&rsquo;Hippodrome de Paris-Vincennes<\/h2>\n\n\n\n<figure class=\"wp-block-image alignwide\"><a href=\"https:\/\/www.tourisme-valdemarne.com\/espace-pro\/wp-content\/uploads\/sites\/3\/2019\/05\/hippodrome-de-vincennes-cp-jean-pierre-salle.jpg\"><img width=\"1200\" height=\"801\" data-src=\"https:\/\/www.tourisme-valdemarne.com\/espace-pro\/wp-content\/uploads\/sites\/3\/2019\/05\/hippodrome-de-vincennes-cp-jean-pierre-salle-1200x801.jpg\" alt=\"hippodrome vincennes\" class=\"wp-image-2839\" srcset=\"https:\/\/www.tourisme-valdemarne.com\/espace-pro\/wp-content\/uploads\/sites\/3\/2019\/05\/hippodrome-de-vincennes-cp-jean-pierre-salle-1200x801.jpg 1200w, https:\/\/www.tourisme-valdemarne.com\/espace-pro\/wp-content\/uploads\/sites\/3\/2019\/05\/hippodrome-de-vincennes-cp-jean-pierre-salle-600x401.jpg 600w, https:\/\/www.tourisme-valdemarne.com\/espace-pro\/wp-content\/uploads\/sites\/3\/2019\/05\/hippodrome-de-vincennes-cp-jean-pierre-salle-900x601.jpg 900w, https:\/\/www.tourisme-valdemarne.com\/espace-pro\/wp-content\/uploads\/sites\/3\/2019\/05\/hippodrome-de-vincennes-cp-jean-pierre-salle-380x254.jpg 380w, https:\/\/www.tourisme-valdemarne.com\/espace-pro\/wp-content\/uploads\/sites\/3\/2019\/05\/hippodrome-de-vincennes-cp-jean-pierre-salle-200x134.jpg 200w, https:\/\/www.tourisme-valdemarne.com\/espace-pro\/wp-content\/uploads\/sites\/3\/2019\/05\/hippodrome-de-vincennes-cp-jean-pierre-salle.jpg 1600w\" sizes=\"(max-width: 1200px) 100vw, 1200px\" \/><\/a><figcaption>Restaurant panoramique de l&rsquo;hippodrome de Vincennes \u00a9 Jean-Pierre Salle<\/figcaption><\/figure>\n\n\n\n<p>Les plus grands prix de courses au trot, dont le prestigieux Prix d&rsquo;Am\u00e9rique Marionnaud, se d\u00e9roulent sur l&rsquo;<strong>Hippodrome Paris-Vincennes<\/strong>. D&rsquo;une capacit\u00e9 de <strong>35 000 personnes<\/strong>, il accueille chaque ann\u00e9e pr\u00e8s de 1255 courses. <a href=\"https:\/\/www.tourisme-valdemarne.com\/espace-groupes\/visite-guidee-de-lhippodrome-de-vincennes\/\">Il est possible d\u2019y d\u00e9jeuner ou d\u00eener dans l\u2019un des <strong>restaurants panoramiques<\/strong><\/a> pour admirer les chevaux en plein effort et parier sur votre favori. Par jour de beau temps, vous pourrez \u00e9galement admirer le <strong>panorama sur Paris<\/strong> que vous offre le restaurant.<\/p>\n\n\n\n<h2 class=\"wp-block-heading\">Le Ch\u00e2teau de Vincennes<\/h2>\n\n\n\n<figure class=\"wp-block-image alignwide\"><a href=\"https:\/\/www.tourisme-valdemarne.com\/espace-pro\/wp-content\/uploads\/sites\/3\/2019\/05\/donjon-chateau-vincennes.jpg\"><img width=\"1200\" height=\"853\" data-src=\"https:\/\/www.tourisme-valdemarne.com\/espace-pro\/wp-content\/uploads\/sites\/3\/2019\/05\/donjon-chateau-vincennes-1200x853.jpg\" alt=\"donjon chateau vincennes\" class=\"wp-image-2846\" srcset=\"https:\/\/www.tourisme-valdemarne.com\/espace-pro\/wp-content\/uploads\/sites\/3\/2019\/05\/donjon-chateau-vincennes-1200x853.jpg 1200w, https:\/\/www.tourisme-valdemarne.com\/espace-pro\/wp-content\/uploads\/sites\/3\/2019\/05\/donjon-chateau-vincennes-600x426.jpg 600w, https:\/\/www.tourisme-valdemarne.com\/espace-pro\/wp-content\/uploads\/sites\/3\/2019\/05\/donjon-chateau-vincennes-900x640.jpg 900w, https:\/\/www.tourisme-valdemarne.com\/espace-pro\/wp-content\/uploads\/sites\/3\/2019\/05\/donjon-chateau-vincennes-380x270.jpg 380w, https:\/\/www.tourisme-valdemarne.com\/espace-pro\/wp-content\/uploads\/sites\/3\/2019\/05\/donjon-chateau-vincennes-200x142.jpg 200w, https:\/\/www.tourisme-valdemarne.com\/espace-pro\/wp-content\/uploads\/sites\/3\/2019\/05\/donjon-chateau-vincennes.jpg 1600w\" sizes=\"(max-width: 1200px) 100vw, 1200px\" \/><\/a><figcaption>Donjon du Ch\u00e2teau de Vincennes \u00a9 CDT94\/D.Thierry<\/figcaption><\/figure>\n\n\n\n<p>Celui-ci fut \u00e9rig\u00e9 du 14e au 17e si\u00e8cle. Il est le <strong>plus vaste ch\u00e2teau fort royal fran\u00e7ais<\/strong> subsistant et, par la hauteur de son donjon (52 m\u00e8tres), il est la plus haute forteresse de plaine d\u2019Europe. Le <a href=\"https:\/\/www.tourisme-valdemarne.com\/espace-pro\/seminaire\/chateau-de-vincennes\/\" target=\"_blank\" rel=\"noreferrer noopener\" aria-label=\" (s\u2019ouvre dans un nouvel onglet)\">ch\u00e2teau de Vincennes<\/a> a servit de <strong>r\u00e9sidence permanente ou secondaire \u00e0 de nombreux rois de France<\/strong> tels Charles V, Louis XI ou encore Fran\u00e7ois 1er. Pour accueillir votre \u00e9v\u00e8nement professionnel, le ch\u00e2teau dispose de la Sainte-Chapelle, du donjon et des casemates d\u2019une capacit\u00e9 de <strong>80 \u00e0 350 personnes<\/strong> selon la configuration.<\/p>\n","protected":false},"excerpt":{"rendered":"<p>Le Bois de Vincennes offre un cadre tr\u00e8s agr\u00e9able aux portes de Paris pour tous vos \u00e9v\u00e9nements affaires. C\u2019est un immense espace de verdure de pr\u00e8s de 1000 ha, porte d\u2019entr\u00e9e du Val-de-Marne (94). Il est constitu\u00e9 de quatre lacs et de plusieurs \u00eeles autour desquelles se concentrent des activit\u00e9s de loisirs. Le bois est [&hellip;]<\/p>\n","protected":false},"author":1,"featured_media":2833,"parent":188,"menu_order":0,"comment_status":"closed","ping_status":"closed","template":"","meta":{"_relevanssi_hide_post":"","_relevanssi_hide_content":"","_relevanssi_pin_for_all":"","_relevanssi_pin_keywords":"","_relevanssi_unpin_keywords":"","_relevanssi_related_keywords":"","_relevanssi_related_include_ids":"","_relevanssi_related_exclude_ids":"","_relevanssi_related_no_append":"","_relevanssi_related_not_related":"","_relevanssi_related_posts":"444,8090,8074,8090,446,8105","_relevanssi_noindex_reason":"","footnotes":""},"vdmTagMarketing":[],"class_list":["post-229","page","type-page","status-publish","has-post-thumbnail","hentry"],"acf":[],"yoast_head":"<!-- This site is optimized with the Yoast SEO plugin v23.9 - https:\/\/yoast.com\/wordpress\/plugins\/seo\/ -->\n<title>Bois de Vincennes - Espace Pro<\/title>\n<meta name=\"description\" content=\"Le Bois de Vincennes offre un cadre tr\u00e8s agr\u00e9able aux portes de Paris pour tous vos \u00e9v\u00e9nements \u00e0 destination des professionnels.\" \/>\n<meta name=\"robots\" content=\"index, follow, max-snippet:-1, max-image-preview:large, max-video-preview:-1\" \/>\n<link rel=\"canonical\" href=\"https:\/\/www.tourisme-valdemarne.com\/espace-pro\/seminaires-et-receptions-pro\/atouts-et-territoires-cles\/territoires-cles\/bois-de-vincennes\/\" \/>\n<meta property=\"og:locale\" content=\"fr_FR\" \/>\n<meta property=\"og:type\" content=\"article\" \/>\n<meta property=\"og:title\" content=\"Bois de Vincennes - Espace Pro\" \/>\n<meta property=\"og:description\" content=\"Le Bois de Vincennes offre un cadre tr\u00e8s agr\u00e9able aux portes de Paris pour tous vos \u00e9v\u00e9nements \u00e0 destination des professionnels.\" \/>\n<meta property=\"og:url\" content=\"https:\/\/www.tourisme-valdemarne.com\/espace-pro\/seminaires-et-receptions-pro\/atouts-et-territoires-cles\/territoires-cles\/bois-de-vincennes\/\" \/>\n<meta property=\"og:site_name\" content=\"Espace Pro\" \/>\n<meta property=\"article:modified_time\" content=\"2024-03-04T15:12:35+00:00\" \/>\n<meta property=\"og:image\" content=\"https:\/\/www.tourisme-valdemarne.com\/espace-pro\/wp-content\/uploads\/sites\/3\/2019\/05\/randonnee-bois-de-vincennes-cp-crt.jpg\" \/>\n\t<meta property=\"og:image:width\" content=\"1600\" \/>\n\t<meta property=\"og:image:height\" content=\"1068\" \/>\n\t<meta property=\"og:image:type\" content=\"image\/jpeg\" \/>\n<meta name=\"twitter:card\" content=\"summary_large_image\" \/>\n<meta name=\"twitter:label1\" content=\"Dur\u00e9e de lecture estim\u00e9e\" \/>\n\t<meta name=\"twitter:data1\" content=\"3 minutes\" \/>\n<script type=\"application\/ld+json\" class=\"yoast-schema-graph\">{\"@context\":\"https:\/\/schema.org\",\"@graph\":[{\"@type\":\"WebPage\",\"@id\":\"https:\/\/www.tourisme-valdemarne.com\/espace-pro\/seminaires-et-receptions-pro\/atouts-et-territoires-cles\/territoires-cles\/bois-de-vincennes\/\",\"url\":\"https:\/\/www.tourisme-valdemarne.com\/espace-pro\/seminaires-et-receptions-pro\/atouts-et-territoires-cles\/territoires-cles\/bois-de-vincennes\/\",\"name\":\"Bois de Vincennes - Espace Pro\",\"isPartOf\":{\"@id\":\"https:\/\/www.tourisme-valdemarne.com\/espace-pro\/#website\"},\"primaryImageOfPage\":{\"@id\":\"https:\/\/www.tourisme-valdemarne.com\/espace-pro\/seminaires-et-receptions-pro\/atouts-et-territoires-cles\/territoires-cles\/bois-de-vincennes\/#primaryimage\"},\"image\":{\"@id\":\"https:\/\/www.tourisme-valdemarne.com\/espace-pro\/seminaires-et-receptions-pro\/atouts-et-territoires-cles\/territoires-cles\/bois-de-vincennes\/#primaryimage\"},\"thumbnailUrl\":\"https:\/\/www.tourisme-valdemarne.com\/espace-pro\/wp-content\/uploads\/sites\/3\/2019\/05\/randonnee-bois-de-vincennes-cp-crt.jpg\",\"datePublished\":\"2019-04-16T14:24:06+00:00\",\"dateModified\":\"2024-03-04T15:12:35+00:00\",\"description\":\"Le Bois de Vincennes offre un cadre tr\u00e8s agr\u00e9able aux portes de Paris pour tous vos \u00e9v\u00e9nements \u00e0 destination des professionnels.\",\"breadcrumb\":{\"@id\":\"https:\/\/www.tourisme-valdemarne.com\/espace-pro\/seminaires-et-receptions-pro\/atouts-et-territoires-cles\/territoires-cles\/bois-de-vincennes\/#breadcrumb\"},\"inLanguage\":\"fr-FR\",\"potentialAction\":[{\"@type\":\"ReadAction\",\"target\":[\"https:\/\/www.tourisme-valdemarne.com\/espace-pro\/seminaires-et-receptions-pro\/atouts-et-territoires-cles\/territoires-cles\/bois-de-vincennes\/\"]}]},{\"@type\":\"ImageObject\",\"inLanguage\":\"fr-FR\",\"@id\":\"https:\/\/www.tourisme-valdemarne.com\/espace-pro\/seminaires-et-receptions-pro\/atouts-et-territoires-cles\/territoires-cles\/bois-de-vincennes\/#primaryimage\",\"url\":\"https:\/\/www.tourisme-valdemarne.com\/espace-pro\/wp-content\/uploads\/sites\/3\/2019\/05\/randonnee-bois-de-vincennes-cp-crt.jpg\",\"contentUrl\":\"https:\/\/www.tourisme-valdemarne.com\/espace-pro\/wp-content\/uploads\/sites\/3\/2019\/05\/randonnee-bois-de-vincennes-cp-crt.jpg\",\"width\":1600,\"height\":1068,\"caption\":\"Randonn\u00e9e \u00e0 pied dans le bois de Vincennes \u00a9 CRT Paris Ile-de-France\/Amelie Laurin\"},{\"@type\":\"BreadcrumbList\",\"@id\":\"https:\/\/www.tourisme-valdemarne.com\/espace-pro\/seminaires-et-receptions-pro\/atouts-et-territoires-cles\/territoires-cles\/bois-de-vincennes\/#breadcrumb\",\"itemListElement\":[{\"@type\":\"ListItem\",\"position\":1,\"name\":\"Accueil\",\"item\":\"https:\/\/www.tourisme-valdemarne.com\/espace-pro\/\"},{\"@type\":\"ListItem\",\"position\":2,\"name\":\"S\u00e9minaires et r\u00e9ceptions Pro\",\"item\":\"https:\/\/www.tourisme-valdemarne.com\/espace-pro\/seminaires-et-receptions-pro\/\"},{\"@type\":\"ListItem\",\"position\":3,\"name\":\"Atouts et territoires cl\u00e9s du Val-de-Marne\",\"item\":\"https:\/\/www.tourisme-valdemarne.com\/espace-pro\/seminaires-et-receptions-pro\/atouts-et-territoires-cles\/\"},{\"@type\":\"ListItem\",\"position\":4,\"name\":\"Territoires cl\u00e9s\",\"item\":\"https:\/\/www.tourisme-valdemarne.com\/espace-pro\/seminaires-et-receptions-pro\/atouts-et-territoires-cles\/territoires-cles\/\"},{\"@type\":\"ListItem\",\"position\":5,\"name\":\"Bois de Vincennes\"}]},{\"@type\":\"WebSite\",\"@id\":\"https:\/\/www.tourisme-valdemarne.com\/espace-pro\/#website\",\"url\":\"https:\/\/www.tourisme-valdemarne.com\/espace-pro\/\",\"name\":\"Espace Pro\",\"description\":\"Informations et outils pour les professionnels et la Presse\",\"potentialAction\":[{\"@type\":\"SearchAction\",\"target\":{\"@type\":\"EntryPoint\",\"urlTemplate\":\"https:\/\/www.tourisme-valdemarne.com\/espace-pro\/?s={search_term_string}\"},\"query-input\":{\"@type\":\"PropertyValueSpecification\",\"valueRequired\":true,\"valueName\":\"search_term_string\"}}],\"inLanguage\":\"fr-FR\"}]}<\/script>\n<!-- \/ Yoast SEO plugin. -->","yoast_head_json":{"title":"Bois de Vincennes - Espace Pro","description":"Le Bois de Vincennes offre un cadre tr\u00e8s agr\u00e9able aux portes de Paris pour tous vos \u00e9v\u00e9nements \u00e0 destination des professionnels.","robots":{"index":"index","follow":"follow","max-snippet":"max-snippet:-1","max-image-preview":"max-image-preview:large","max-video-preview":"max-video-preview:-1"},"canonical":"https:\/\/www.tourisme-valdemarne.com\/espace-pro\/seminaires-et-receptions-pro\/atouts-et-territoires-cles\/territoires-cles\/bois-de-vincennes\/","og_locale":"fr_FR","og_type":"article","og_title":"Bois de Vincennes - Espace Pro","og_description":"Le Bois de Vincennes offre un cadre tr\u00e8s agr\u00e9able aux portes de Paris pour tous vos \u00e9v\u00e9nements \u00e0 destination des professionnels.","og_url":"https:\/\/www.tourisme-valdemarne.com\/espace-pro\/seminaires-et-receptions-pro\/atouts-et-territoires-cles\/territoires-cles\/bois-de-vincennes\/","og_site_name":"Espace Pro","article_modified_time":"2024-03-04T15:12:35+00:00","og_image":[{"width":1600,"height":1068,"url":"https:\/\/www.tourisme-valdemarne.com\/espace-pro\/wp-content\/uploads\/sites\/3\/2019\/05\/randonnee-bois-de-vincennes-cp-crt.jpg","type":"image\/jpeg"}],"twitter_card":"summary_large_image","twitter_misc":{"Dur\u00e9e de lecture estim\u00e9e":"3 minutes"},"schema":{"@context":"https:\/\/schema.org","@graph":[{"@type":"WebPage","@id":"https:\/\/www.tourisme-valdemarne.com\/espace-pro\/seminaires-et-receptions-pro\/atouts-et-territoires-cles\/territoires-cles\/bois-de-vincennes\/","url":"https:\/\/www.tourisme-valdemarne.com\/espace-pro\/seminaires-et-receptions-pro\/atouts-et-territoires-cles\/territoires-cles\/bois-de-vincennes\/","name":"Bois de Vincennes - Espace Pro","isPartOf":{"@id":"https:\/\/www.tourisme-valdemarne.com\/espace-pro\/#website"},"primaryImageOfPage":{"@id":"https:\/\/www.tourisme-valdemarne.com\/espace-pro\/seminaires-et-receptions-pro\/atouts-et-territoires-cles\/territoires-cles\/bois-de-vincennes\/#primaryimage"},"image":{"@id":"https:\/\/www.tourisme-valdemarne.com\/espace-pro\/seminaires-et-receptions-pro\/atouts-et-territoires-cles\/territoires-cles\/bois-de-vincennes\/#primaryimage"},"thumbnailUrl":"https:\/\/www.tourisme-valdemarne.com\/espace-pro\/wp-content\/uploads\/sites\/3\/2019\/05\/randonnee-bois-de-vincennes-cp-crt.jpg","datePublished":"2019-04-16T14:24:06+00:00","dateModified":"2024-03-04T15:12:35+00:00","description":"Le Bois de Vincennes offre un cadre tr\u00e8s agr\u00e9able aux portes de Paris pour tous vos \u00e9v\u00e9nements \u00e0 destination des professionnels.","breadcrumb":{"@id":"https:\/\/www.tourisme-valdemarne.com\/espace-pro\/seminaires-et-receptions-pro\/atouts-et-territoires-cles\/territoires-cles\/bois-de-vincennes\/#breadcrumb"},"inLanguage":"fr-FR","potentialAction":[{"@type":"ReadAction","target":["https:\/\/www.tourisme-valdemarne.com\/espace-pro\/seminaires-et-receptions-pro\/atouts-et-territoires-cles\/territoires-cles\/bois-de-vincennes\/"]}]},{"@type":"ImageObject","inLanguage":"fr-FR","@id":"https:\/\/www.tourisme-valdemarne.com\/espace-pro\/seminaires-et-receptions-pro\/atouts-et-territoires-cles\/territoires-cles\/bois-de-vincennes\/#primaryimage","url":"https:\/\/www.tourisme-valdemarne.com\/espace-pro\/wp-content\/uploads\/sites\/3\/2019\/05\/randonnee-bois-de-vincennes-cp-crt.jpg","contentUrl":"https:\/\/www.tourisme-valdemarne.com\/espace-pro\/wp-content\/uploads\/sites\/3\/2019\/05\/randonnee-bois-de-vincennes-cp-crt.jpg","width":1600,"height":1068,"caption":"Randonn\u00e9e \u00e0 pied dans le bois de Vincennes \u00a9 CRT Paris Ile-de-France\/Amelie Laurin"},{"@type":"BreadcrumbList","@id":"https:\/\/www.tourisme-valdemarne.com\/espace-pro\/seminaires-et-receptions-pro\/atouts-et-territoires-cles\/territoires-cles\/bois-de-vincennes\/#breadcrumb","itemListElement":[{"@type":"ListItem","position":1,"name":"Accueil","item":"https:\/\/www.tourisme-valdemarne.com\/espace-pro\/"},{"@type":"ListItem","position":2,"name":"S\u00e9minaires et r\u00e9ceptions Pro","item":"https:\/\/www.tourisme-valdemarne.com\/espace-pro\/seminaires-et-receptions-pro\/"},{"@type":"ListItem","position":3,"name":"Atouts et territoires cl\u00e9s du Val-de-Marne","item":"https:\/\/www.tourisme-valdemarne.com\/espace-pro\/seminaires-et-receptions-pro\/atouts-et-territoires-cles\/"},{"@type":"ListItem","position":4,"name":"Territoires cl\u00e9s","item":"https:\/\/www.tourisme-valdemarne.com\/espace-pro\/seminaires-et-receptions-pro\/atouts-et-territoires-cles\/territoires-cles\/"},{"@type":"ListItem","position":5,"name":"Bois de Vincennes"}]},{"@type":"WebSite","@id":"https:\/\/www.tourisme-valdemarne.com\/espace-pro\/#website","url":"https:\/\/www.tourisme-valdemarne.com\/espace-pro\/","name":"Espace Pro","description":"Informations et outils pour les professionnels et la Presse","potentialAction":[{"@type":"SearchAction","target":{"@type":"EntryPoint","urlTemplate":"https:\/\/www.tourisme-valdemarne.com\/espace-pro\/?s={search_term_string}"},"query-input":{"@type":"PropertyValueSpecification","valueRequired":true,"valueName":"search_term_string"}}],"inLanguage":"fr-FR"}]}},"_links":{"self":[{"href":"https:\/\/www.tourisme-valdemarne.com\/espace-pro\/wp-json\/wp\/v2\/pages\/229","targetHints":{"allow":["GET"]}}],"collection":[{"href":"https:\/\/www.tourisme-valdemarne.com\/espace-pro\/wp-json\/wp\/v2\/pages"}],"about":[{"href":"https:\/\/www.tourisme-valdemarne.com\/espace-pro\/wp-json\/wp\/v2\/types\/page"}],"author":[{"embeddable":true,"href":"https:\/\/www.tourisme-valdemarne.com\/espace-pro\/wp-json\/wp\/v2\/users\/1"}],"replies":[{"embeddable":true,"href":"https:\/\/www.tourisme-valdemarne.com\/espace-pro\/wp-json\/wp\/v2\/comments?post=229"}],"version-history":[{"count":10,"href":"https:\/\/www.tourisme-valdemarne.com\/espace-pro\/wp-json\/wp\/v2\/pages\/229\/revisions"}],"predecessor-version":[{"id":26532,"href":"https:\/\/www.tourisme-valdemarne.com\/espace-pro\/wp-json\/wp\/v2\/pages\/229\/revisions\/26532"}],"up":[{"embeddable":true,"href":"https:\/\/www.tourisme-valdemarne.com\/espace-pro\/wp-json\/wp\/v2\/pages\/188"}],"wp:featuredmedia":[{"embeddable":true,"href":"https:\/\/www.tourisme-valdemarne.com\/espace-pro\/wp-json\/wp\/v2\/media\/2833"}],"wp:attachment":[{"href":"https:\/\/www.tourisme-valdemarne.com\/espace-pro\/wp-json\/wp\/v2\/media?parent=229"}],"wp:term":[{"taxonomy":"vdmTagMarketing","embeddable":true,"href":"https:\/\/www.tourisme-valdemarne.com\/espace-pro\/wp-json\/wp\/v2\/vdmTagMarketing?post=229"}],"curies":[{"name":"wp","href":"https:\/\/api.w.org\/{rel}","templated":true}]}}