{"id":207,"date":"2019-04-16T16:20:53","date_gmt":"2019-04-16T14:20:53","guid":{"rendered":"https:\/\/www.tourisme-valdemarne.com\/espace-pro\/loi-et-accompagnement-des-pros"},"modified":"2023-01-19T16:30:34","modified_gmt":"2023-01-19T15:30:34","slug":"loi-et-accompagnement-des-pros","status":"publish","type":"page","link":"https:\/\/www.tourisme-valdemarne.com\/espace-pro\/outils-a-votre-service\/accessibilite\/loi-et-accompagnement-des-pros\/","title":{"rendered":"Loi et accompagnement des pros"},"content":{"rendered":"\n<p class=\"is-style-excerpt\">La Loi de f\u00e9vrier 2005 sur l&rsquo;accessibilit\u00e9 impose de rendre accessible \u00e0 tous les types de handicaps les \u00e9tablissements recevant du public. Faites-vous accompagner dans vos d\u00e9marches.<\/p>\n\n\n\n<h2 class=\"wp-block-heading\">Loi de mise en conformit\u00e9 des \u00e9tablissements<\/h2>\n\n\n\n<p>La <a rel=\"noreferrer noopener\" aria-label=\"Loi de f\u00e9vrier 2005 sur l\u2019accessibilit\u00e9 (s\u2019ouvre dans un nouvel onglet)\" href=\"http:\/\/www.legifrance.gouv.fr\/affichTexte.do?cidTexte=JORFTEXT000000809647&amp;dateTexte=&amp;categorieLien=id\" target=\"_blank\">Loi de f\u00e9vrier 2005 sur l\u2019accessibilit\u00e9<\/a> impose de rendre accessible \u00e0 tous les types de handicaps (moteurs, visuels, auditifs et mentaux) les \u00e9tablissements recevant du public. L\u2019\u00e9ch\u00e9ance de mise en conformit\u00e9 avec cette loi est fix\u00e9e au 1er janvier 2015.<\/p>\n\n\n\n<p>Pour conna\u00eetre les grands principes en mati\u00e8re d\u2019accessibilit\u00e9 de la Loi de f\u00e9vrier 2005, vous pouvez consulter le <a href=\"http:\/\/pro.visitparisregion.com\/Optimisation-de-vos-prestations\/Accessibilite\" target=\"_blank\" rel=\"noreferrer noopener\" aria-label=\"site du CRT Paris-Ile-de-France (s\u2019ouvre dans un nouvel onglet)\">site du CRT Paris-Ile-de-France<\/a>.<\/p>\n\n\n\n<p>Le Comit\u00e9 R\u00e9gional du Tourisme (CRT) Paris-Ile-de-France accompagne les professionnels du tourisme dans leurs d\u00e9marches de mise en accessibilit\u00e9 de leur site. Il propose notamment pour cela :<\/p>\n\n\n\n<ul class=\"wp-block-list\"><li>Des formations sp\u00e9cifiques,<\/li><li>Des documents p\u00e9dagogiques,<\/li><li>Un accompagnement sur mesure des professionnels dans leurs projets,<\/li><li>Une base de donn\u00e9es qualifi\u00e9e (fournisseurs, architectes, etc.)<\/li><li>Un accompagnement financier dans le cadre du Fonds r\u00e9gional d\u2019investissement.<\/li><li>Une diffusion de l\u2019information sur les sites accessibles aupr\u00e8s du grand public.<\/li><\/ul>\n","protected":false},"excerpt":{"rendered":"<p>La Loi de f\u00e9vrier 2005 sur l&rsquo;accessibilit\u00e9 impose de rendre accessible \u00e0 tous les types de handicaps les \u00e9tablissements recevant du public. Faites-vous accompagner dans vos d\u00e9marches. Loi de mise en conformit\u00e9 des \u00e9tablissements La Loi de f\u00e9vrier 2005 sur l\u2019accessibilit\u00e9 impose de rendre accessible \u00e0 tous les types de handicaps (moteurs, visuels, auditifs et [&hellip;]<\/p>\n","protected":false},"author":1,"featured_media":2793,"parent":167,"menu_order":10,"comment_status":"closed","ping_status":"closed","template":"","meta":{"_relevanssi_hide_post":"","_relevanssi_hide_content":"","_relevanssi_pin_for_all":"","_relevanssi_pin_keywords":"","_relevanssi_unpin_keywords":"","_relevanssi_related_keywords":"","_relevanssi_related_include_ids":"","_relevanssi_related_exclude_ids":"","_relevanssi_related_no_append":"","_relevanssi_related_not_related":"","_relevanssi_related_posts":"8104,2747,442,2751,444,8084","_relevanssi_noindex_reason":"","footnotes":""},"vdmTagMarketing":[],"class_list":["post-207","page","type-page","status-publish","has-post-thumbnail","hentry"],"acf":[],"yoast_head":"<!-- This site is optimized with the Yoast SEO plugin v23.9 - https:\/\/yoast.com\/wordpress\/plugins\/seo\/ -->\n<title>Lois et accompagnement des pros | Val-de-Marne Tourisme<\/title>\n<meta name=\"description\" content=\"La Loi de f\u00e9vrier 2005 sur l\u2019accessibilit\u00e9 impose de rendre accessible \u00e0 tous les types de handicaps les \u00e9tablissements recevant du public.\" \/>\n<meta name=\"robots\" content=\"index, follow, max-snippet:-1, max-image-preview:large, max-video-preview:-1\" \/>\n<link rel=\"canonical\" href=\"https:\/\/www.tourisme-valdemarne.com\/espace-pro\/outils-a-votre-service\/accessibilite\/loi-et-accompagnement-des-pros\/\" \/>\n<meta property=\"og:locale\" content=\"fr_FR\" \/>\n<meta property=\"og:type\" content=\"article\" \/>\n<meta property=\"og:title\" content=\"Lois et accompagnement des pros | Val-de-Marne Tourisme\" \/>\n<meta property=\"og:description\" content=\"La Loi de f\u00e9vrier 2005 sur l\u2019accessibilit\u00e9 impose de rendre accessible \u00e0 tous les types de handicaps les \u00e9tablissements recevant du public.\" \/>\n<meta property=\"og:url\" content=\"https:\/\/www.tourisme-valdemarne.com\/espace-pro\/outils-a-votre-service\/accessibilite\/loi-et-accompagnement-des-pros\/\" \/>\n<meta property=\"og:site_name\" content=\"Espace Pro\" \/>\n<meta property=\"article:modified_time\" content=\"2023-01-19T15:30:34+00:00\" \/>\n<meta property=\"og:image\" content=\"https:\/\/www.tourisme-valdemarne.com\/espace-pro\/wp-content\/uploads\/sites\/3\/2019\/05\/marne_cp_cdt94_-www.photoinfographe.com_.jpg\" \/>\n\t<meta property=\"og:image:width\" content=\"2048\" \/>\n\t<meta property=\"og:image:height\" content=\"1365\" \/>\n\t<meta property=\"og:image:type\" content=\"image\/jpeg\" \/>\n<meta name=\"twitter:card\" content=\"summary_large_image\" \/>\n<meta name=\"twitter:label1\" content=\"Dur\u00e9e de lecture estim\u00e9e\" \/>\n\t<meta name=\"twitter:data1\" content=\"1 minute\" \/>\n<script type=\"application\/ld+json\" class=\"yoast-schema-graph\">{\"@context\":\"https:\/\/schema.org\",\"@graph\":[{\"@type\":\"WebPage\",\"@id\":\"https:\/\/www.tourisme-valdemarne.com\/espace-pro\/outils-a-votre-service\/accessibilite\/loi-et-accompagnement-des-pros\/\",\"url\":\"https:\/\/www.tourisme-valdemarne.com\/espace-pro\/outils-a-votre-service\/accessibilite\/loi-et-accompagnement-des-pros\/\",\"name\":\"Lois et accompagnement des pros | Val-de-Marne Tourisme\",\"isPartOf\":{\"@id\":\"https:\/\/www.tourisme-valdemarne.com\/espace-pro\/#website\"},\"primaryImageOfPage\":{\"@id\":\"https:\/\/www.tourisme-valdemarne.com\/espace-pro\/outils-a-votre-service\/accessibilite\/loi-et-accompagnement-des-pros\/#primaryimage\"},\"image\":{\"@id\":\"https:\/\/www.tourisme-valdemarne.com\/espace-pro\/outils-a-votre-service\/accessibilite\/loi-et-accompagnement-des-pros\/#primaryimage\"},\"thumbnailUrl\":\"https:\/\/www.tourisme-valdemarne.com\/espace-pro\/wp-content\/uploads\/sites\/3\/2019\/05\/marne_cp_cdt94_-www.photoinfographe.com_.jpg\",\"datePublished\":\"2019-04-16T14:20:53+00:00\",\"dateModified\":\"2023-01-19T15:30:34+00:00\",\"description\":\"La Loi de f\u00e9vrier 2005 sur l\u2019accessibilit\u00e9 impose de rendre accessible \u00e0 tous les types de handicaps les \u00e9tablissements recevant du public.\",\"breadcrumb\":{\"@id\":\"https:\/\/www.tourisme-valdemarne.com\/espace-pro\/outils-a-votre-service\/accessibilite\/loi-et-accompagnement-des-pros\/#breadcrumb\"},\"inLanguage\":\"fr-FR\",\"potentialAction\":[{\"@type\":\"ReadAction\",\"target\":[\"https:\/\/www.tourisme-valdemarne.com\/espace-pro\/outils-a-votre-service\/accessibilite\/loi-et-accompagnement-des-pros\/\"]}]},{\"@type\":\"ImageObject\",\"inLanguage\":\"fr-FR\",\"@id\":\"https:\/\/www.tourisme-valdemarne.com\/espace-pro\/outils-a-votre-service\/accessibilite\/loi-et-accompagnement-des-pros\/#primaryimage\",\"url\":\"https:\/\/www.tourisme-valdemarne.com\/espace-pro\/wp-content\/uploads\/sites\/3\/2019\/05\/marne_cp_cdt94_-www.photoinfographe.com_.jpg\",\"contentUrl\":\"https:\/\/www.tourisme-valdemarne.com\/espace-pro\/wp-content\/uploads\/sites\/3\/2019\/05\/marne_cp_cdt94_-www.photoinfographe.com_.jpg\",\"width\":2048,\"height\":1365,\"caption\":\"La Marne\"},{\"@type\":\"BreadcrumbList\",\"@id\":\"https:\/\/www.tourisme-valdemarne.com\/espace-pro\/outils-a-votre-service\/accessibilite\/loi-et-accompagnement-des-pros\/#breadcrumb\",\"itemListElement\":[{\"@type\":\"ListItem\",\"position\":1,\"name\":\"Accueil\",\"item\":\"https:\/\/www.tourisme-valdemarne.com\/espace-pro\/\"},{\"@type\":\"ListItem\",\"position\":2,\"name\":\"Outils \u00e0 votre service\",\"item\":\"https:\/\/www.tourisme-valdemarne.com\/espace-pro\/outils-a-votre-service\/\"},{\"@type\":\"ListItem\",\"position\":3,\"name\":\"Accessibilit\u00e9\",\"item\":\"https:\/\/www.tourisme-valdemarne.com\/espace-pro\/outils-a-votre-service\/accessibilite\/\"},{\"@type\":\"ListItem\",\"position\":4,\"name\":\"Loi et accompagnement des pros\"}]},{\"@type\":\"WebSite\",\"@id\":\"https:\/\/www.tourisme-valdemarne.com\/espace-pro\/#website\",\"url\":\"https:\/\/www.tourisme-valdemarne.com\/espace-pro\/\",\"name\":\"Espace Pro\",\"description\":\"Informations et outils pour les professionnels et la Presse\",\"potentialAction\":[{\"@type\":\"SearchAction\",\"target\":{\"@type\":\"EntryPoint\",\"urlTemplate\":\"https:\/\/www.tourisme-valdemarne.com\/espace-pro\/?s={search_term_string}\"},\"query-input\":{\"@type\":\"PropertyValueSpecification\",\"valueRequired\":true,\"valueName\":\"search_term_string\"}}],\"inLanguage\":\"fr-FR\"}]}<\/script>\n<!-- \/ Yoast SEO plugin. -->","yoast_head_json":{"title":"Lois et accompagnement des pros | Val-de-Marne Tourisme","description":"La Loi de f\u00e9vrier 2005 sur l\u2019accessibilit\u00e9 impose de rendre accessible \u00e0 tous les types de handicaps les \u00e9tablissements recevant du public.","robots":{"index":"index","follow":"follow","max-snippet":"max-snippet:-1","max-image-preview":"max-image-preview:large","max-video-preview":"max-video-preview:-1"},"canonical":"https:\/\/www.tourisme-valdemarne.com\/espace-pro\/outils-a-votre-service\/accessibilite\/loi-et-accompagnement-des-pros\/","og_locale":"fr_FR","og_type":"article","og_title":"Lois et accompagnement des pros | Val-de-Marne Tourisme","og_description":"La Loi de f\u00e9vrier 2005 sur l\u2019accessibilit\u00e9 impose de rendre accessible \u00e0 tous les types de handicaps les \u00e9tablissements recevant du public.","og_url":"https:\/\/www.tourisme-valdemarne.com\/espace-pro\/outils-a-votre-service\/accessibilite\/loi-et-accompagnement-des-pros\/","og_site_name":"Espace Pro","article_modified_time":"2023-01-19T15:30:34+00:00","og_image":[{"width":2048,"height":1365,"url":"https:\/\/www.tourisme-valdemarne.com\/espace-pro\/wp-content\/uploads\/sites\/3\/2019\/05\/marne_cp_cdt94_-www.photoinfographe.com_.jpg","type":"image\/jpeg"}],"twitter_card":"summary_large_image","twitter_misc":{"Dur\u00e9e de lecture estim\u00e9e":"1 minute"},"schema":{"@context":"https:\/\/schema.org","@graph":[{"@type":"WebPage","@id":"https:\/\/www.tourisme-valdemarne.com\/espace-pro\/outils-a-votre-service\/accessibilite\/loi-et-accompagnement-des-pros\/","url":"https:\/\/www.tourisme-valdemarne.com\/espace-pro\/outils-a-votre-service\/accessibilite\/loi-et-accompagnement-des-pros\/","name":"Lois et accompagnement des pros | Val-de-Marne Tourisme","isPartOf":{"@id":"https:\/\/www.tourisme-valdemarne.com\/espace-pro\/#website"},"primaryImageOfPage":{"@id":"https:\/\/www.tourisme-valdemarne.com\/espace-pro\/outils-a-votre-service\/accessibilite\/loi-et-accompagnement-des-pros\/#primaryimage"},"image":{"@id":"https:\/\/www.tourisme-valdemarne.com\/espace-pro\/outils-a-votre-service\/accessibilite\/loi-et-accompagnement-des-pros\/#primaryimage"},"thumbnailUrl":"https:\/\/www.tourisme-valdemarne.com\/espace-pro\/wp-content\/uploads\/sites\/3\/2019\/05\/marne_cp_cdt94_-www.photoinfographe.com_.jpg","datePublished":"2019-04-16T14:20:53+00:00","dateModified":"2023-01-19T15:30:34+00:00","description":"La Loi de f\u00e9vrier 2005 sur l\u2019accessibilit\u00e9 impose de rendre accessible \u00e0 tous les types de handicaps les \u00e9tablissements recevant du public.","breadcrumb":{"@id":"https:\/\/www.tourisme-valdemarne.com\/espace-pro\/outils-a-votre-service\/accessibilite\/loi-et-accompagnement-des-pros\/#breadcrumb"},"inLanguage":"fr-FR","potentialAction":[{"@type":"ReadAction","target":["https:\/\/www.tourisme-valdemarne.com\/espace-pro\/outils-a-votre-service\/accessibilite\/loi-et-accompagnement-des-pros\/"]}]},{"@type":"ImageObject","inLanguage":"fr-FR","@id":"https:\/\/www.tourisme-valdemarne.com\/espace-pro\/outils-a-votre-service\/accessibilite\/loi-et-accompagnement-des-pros\/#primaryimage","url":"https:\/\/www.tourisme-valdemarne.com\/espace-pro\/wp-content\/uploads\/sites\/3\/2019\/05\/marne_cp_cdt94_-www.photoinfographe.com_.jpg","contentUrl":"https:\/\/www.tourisme-valdemarne.com\/espace-pro\/wp-content\/uploads\/sites\/3\/2019\/05\/marne_cp_cdt94_-www.photoinfographe.com_.jpg","width":2048,"height":1365,"caption":"La Marne"},{"@type":"BreadcrumbList","@id":"https:\/\/www.tourisme-valdemarne.com\/espace-pro\/outils-a-votre-service\/accessibilite\/loi-et-accompagnement-des-pros\/#breadcrumb","itemListElement":[{"@type":"ListItem","position":1,"name":"Accueil","item":"https:\/\/www.tourisme-valdemarne.com\/espace-pro\/"},{"@type":"ListItem","position":2,"name":"Outils \u00e0 votre service","item":"https:\/\/www.tourisme-valdemarne.com\/espace-pro\/outils-a-votre-service\/"},{"@type":"ListItem","position":3,"name":"Accessibilit\u00e9","item":"https:\/\/www.tourisme-valdemarne.com\/espace-pro\/outils-a-votre-service\/accessibilite\/"},{"@type":"ListItem","position":4,"name":"Loi et accompagnement des pros"}]},{"@type":"WebSite","@id":"https:\/\/www.tourisme-valdemarne.com\/espace-pro\/#website","url":"https:\/\/www.tourisme-valdemarne.com\/espace-pro\/","name":"Espace Pro","description":"Informations et outils pour les professionnels et la Presse","potentialAction":[{"@type":"SearchAction","target":{"@type":"EntryPoint","urlTemplate":"https:\/\/www.tourisme-valdemarne.com\/espace-pro\/?s={search_term_string}"},"query-input":{"@type":"PropertyValueSpecification","valueRequired":true,"valueName":"search_term_string"}}],"inLanguage":"fr-FR"}]}},"_links":{"self":[{"href":"https:\/\/www.tourisme-valdemarne.com\/espace-pro\/wp-json\/wp\/v2\/pages\/207","targetHints":{"allow":["GET"]}}],"collection":[{"href":"https:\/\/www.tourisme-valdemarne.com\/espace-pro\/wp-json\/wp\/v2\/pages"}],"about":[{"href":"https:\/\/www.tourisme-valdemarne.com\/espace-pro\/wp-json\/wp\/v2\/types\/page"}],"author":[{"embeddable":true,"href":"https:\/\/www.tourisme-valdemarne.com\/espace-pro\/wp-json\/wp\/v2\/users\/1"}],"replies":[{"embeddable":true,"href":"https:\/\/www.tourisme-valdemarne.com\/espace-pro\/wp-json\/wp\/v2\/comments?post=207"}],"version-history":[{"count":3,"href":"https:\/\/www.tourisme-valdemarne.com\/espace-pro\/wp-json\/wp\/v2\/pages\/207\/revisions"}],"predecessor-version":[{"id":3126,"href":"https:\/\/www.tourisme-valdemarne.com\/espace-pro\/wp-json\/wp\/v2\/pages\/207\/revisions\/3126"}],"up":[{"embeddable":true,"href":"https:\/\/www.tourisme-valdemarne.com\/espace-pro\/wp-json\/wp\/v2\/pages\/167"}],"wp:featuredmedia":[{"embeddable":true,"href":"https:\/\/www.tourisme-valdemarne.com\/espace-pro\/wp-json\/wp\/v2\/media\/2793"}],"wp:attachment":[{"href":"https:\/\/www.tourisme-valdemarne.com\/espace-pro\/wp-json\/wp\/v2\/media?parent=207"}],"wp:term":[{"taxonomy":"vdmTagMarketing","embeddable":true,"href":"https:\/\/www.tourisme-valdemarne.com\/espace-pro\/wp-json\/wp\/v2\/vdmTagMarketing?post=207"}],"curies":[{"name":"wp","href":"https:\/\/api.w.org\/{rel}","templated":true}]}}