{"id":175,"date":"2019-04-16T16:15:38","date_gmt":"2019-04-16T14:15:38","guid":{"rendered":"https:\/\/www.tourisme-valdemarne.com\/espace-pro\/presentation-du-val-de-marne-et-chiffres-cles"},"modified":"2023-06-27T15:47:32","modified_gmt":"2023-06-27T13:47:32","slug":"presentation-du-val-de-marne-et-chiffres-cles","status":"publish","type":"page","link":"https:\/\/www.tourisme-valdemarne.com\/espace-pro\/presse\/presentation-du-val-de-marne-et-chiffres-cles\/","title":{"rendered":"Pr\u00e9sentation du Val-de-Marne et chiffres cl\u00e9s"},"content":{"rendered":"\n<p class=\"is-style-excerpt\">D\u00e9couvrez les diverses facettes du tourisme en Val-de-Marne et consultez les donn\u00e9es cl\u00e9s.<br><\/p>\n\n\n\n<h2 class=\"wp-block-heading\">Portrait du Val-de-Marne<\/h2>\n\n\n\n<p class=\"is-style-highlight\">88 % des habitants se d\u00e9clarent \u00ab\u00a0heureux de vivre en Val-de-Marne\u00a0\u00bb et 71 % trouvent qu&rsquo;\u00ab il y a beaucoup de choses \u00e0 faire en terme de loisirs \u00bb sur le territoire.<\/p>\n\n\n\n<h3 class=\"wp-block-heading\">Caract\u00e9ristiques du Val-de-Marne<\/h3>\n\n\n\n<p>Au c\u0153ur du Grand Paris, le Val-de-Marne est <strong>le plus vaste d\u00e9partement de la petite couronne<\/strong> (245 km\u00b2) et compte 47 communes. Sa population est de plus de 1,4 millions d\u2019habitants soit environ 11,3 % de la population francilienne. Le d\u00e9partement a f\u00eat\u00e9 ses 50 ans en 2014 (cr\u00e9\u00e9 par la loi du 10 juillet 1964).<br>Le territoire est desservi par de nombreux r\u00e9seaux de communication : 3 lignes de m\u00e9tro (1, 7, 8), 5 lignes de RER (Eole, A, B, C, D), le Trans Val-de-Marne (TVM), le Tramway T7, 66 km d&rsquo;autoroutes (A4, A6, A86) ainsi que l&rsquo;a\u00e9roport d&rsquo;Orly. Et bient\u00f4t Le Grand Paris Express !<\/p>\n\n\n\n<p>La qualit\u00e9 de son hydrographie conf\u00e8re au d\u00e9partement <strong>une image de \u00abd\u00e9partement de l\u2019eau\u00bb<\/strong>. 37 des 47 communes sont bord\u00e9es par un cours d\u2019eau gr\u00e2ce \u00e0 la pr\u00e9sence de la Seine sur 15 km, la Marne sur 24 km et de rivi\u00e8res secondaires (le Morbras, le R\u00e9veillon, l\u2019Yerres, le Ru de Rungis et la Bi\u00e8vre). La Marne compte notamment 25 \u00eeles dont 3 class\u00e9es en R\u00e9serve Naturelle D\u00e9partementale. La pr\u00e9sence de ce r\u00e9seau fluvial ajout\u00e9e \u00e0 celle de 2 550 hectares de for\u00eats offre au d\u00e9partement <strong>un patrimoine naturel exceptionnel<\/strong> propice \u00e0 l\u2019observation de la faune et de la flore, mais aussi aux balades et aux loisirs de plein air. A noter \u00e9galement, les 19 espaces naturels sensibles et les 20 parcs et espaces naturels d\u00e9partementaux.<\/p>\n\n\n\n<figure class=\"wp-block-image size-full\"><a href=\"https:\/\/www.tourisme-valdemarne.com\/espace-pro\/wp-content\/uploads\/sites\/3\/2023\/01\/marne-1.jpg\"><img width=\"1100\" height=\"733\" data-src=\"https:\/\/www.tourisme-valdemarne.com\/espace-pro\/wp-content\/uploads\/sites\/3\/2023\/01\/marne-1.jpg\" alt=\"Pont au-dessus de la Marne\" class=\"wp-image-14096\" srcset=\"https:\/\/www.tourisme-valdemarne.com\/espace-pro\/wp-content\/uploads\/sites\/3\/2023\/01\/marne-1.jpg 1100w, https:\/\/www.tourisme-valdemarne.com\/espace-pro\/wp-content\/uploads\/sites\/3\/2023\/01\/marne-1-600x400.jpg 600w, https:\/\/www.tourisme-valdemarne.com\/espace-pro\/wp-content\/uploads\/sites\/3\/2023\/01\/marne-1-900x600.jpg 900w, https:\/\/www.tourisme-valdemarne.com\/espace-pro\/wp-content\/uploads\/sites\/3\/2023\/01\/marne-1-380x253.jpg 380w, https:\/\/www.tourisme-valdemarne.com\/espace-pro\/wp-content\/uploads\/sites\/3\/2023\/01\/marne-1-200x133.jpg 200w\" sizes=\"(max-width: 1100px) 100vw, 1100px\" \/><\/a><figcaption>La Marne \u00a9 CDT94\/www.photoinfographe.com<\/figcaption><\/figure>\n\n\n\n<p>Le Val-de-Marne est aussi <strong>un territoire de cr\u00e9ativit\u00e9 artistique<\/strong> et dispose d\u2019<strong>un patrimoine culturel riche<\/strong>. Des mus\u00e9es historiques aux centres d\u2019art contemporain, de l\u2019architecture du 12e si\u00e8cle aux cit\u00e9s jardins pour arriver au d\u00e9veloppement du Street art qui orne les rues, toutes les formes d\u2019art et d\u2019architecture se c\u00f4toient sur le territoire.<\/p>\n\n\n\n<p><strong>La gastronomie<\/strong> tient \u00e9galement une place importante. Situ\u00e9e id\u00e9alement \u00e0 deux pas de l\u2019a\u00e9roport d\u2019Orly et install\u00e9e juste \u00e0 c\u00f4t\u00e9 du March\u00e9 international de Rungis, la Cit\u00e9 de la gastronomie \u00ab Paris-Rungis \u00bb, pr\u00e9vue pour 2027, incarnera la cr\u00e9ativit\u00e9 gastronomique de toute la m\u00e9tropole francilienne avec comme sp\u00e9cificit\u00e9 le d\u00e9veloppement et l\u2019animation des march\u00e9s. Le produit sera mis \u00e0 l\u2019honneur, de son approvisionnement \u00e0 sa transformation en passant par le MIN de Rungis, plus grand march\u00e9 de produits frais au monde.<\/p>\n\n\n\n<p>Ainsi, le Val-de-Marne offre aujourd\u2019hui une v\u00e9ritable mosa\u00efque touristique et culturelle, reflet de son identit\u00e9 propre.<\/p>\n\n\n\n<p class=\"is-style-highlight\">Consultez l&rsquo;article sur <a rel=\"noreferrer noopener\" aria-label=\"les incontournables du Val-de-Marne (s\u2019ouvre dans un nouvel onglet)\" href=\"https:\/\/www.tourisme-valdemarne.com\/incontournables\/\" target=\"_blank\">les sites incontournables du Val-de-Marne<\/a>. <\/p>\n\n\n\n<p>Pour mieux connaitre le Val-de-Marne, consultez la <a rel=\"noreferrer noopener\" aria-label=\"bibliographie sur le d\u00e9partement (s\u2019ouvre dans un nouvel onglet)\" href=\"https:\/\/www.tourisme-valdemarne.com\/espace-pro\/wp-content\/uploads\/sites\/3\/2019\/05\/bibliographie_departement_vdm.pdf\" target=\"_blank\">bibliographie sur le d\u00e9partement<\/a> et la <a href=\"https:\/\/www.tourisme-valdemarne.com\/espace-pro\/wp-content\/uploads\/sites\/3\/2019\/05\/bibliographie_villes_-vdm.pdf\" target=\"_blank\" rel=\"noreferrer noopener\" aria-label=\"bibliographie sur les villes (s\u2019ouvre dans un nouvel onglet)\">bibliographie sur les villes<\/a>.<\/p>\n\n\n\n<h3 class=\"wp-block-heading\">Donn\u00e9es cl\u00e9s du Val-de-Marne<\/h3>\n\n\n\n<p><strong>Le territoire<\/strong><\/p>\n\n\n\n<ul class=\"wp-block-list\"><li>1 des 8 d\u00e9partements de la R\u00e9gion Ile-de-France<\/li><li>3 territoires dans la M\u00e9tropole du Grand Paris : Grand-Orly Seine Bi\u00e8vre, Grand Paris Sud Est Avenir, Paris Est Marne et Bois<\/li><li>Pr\u00e9fecture : Cr\u00e9teil, 2 sous-pr\u00e9fectures : Nogent-sur-Marne, L&rsquo;Hay-les-Roses<\/li><\/ul>\n\n\n\n<p><strong>Caract\u00e9ristiques \u00e9conomiques<\/strong><\/p>\n\n\n\n<ul class=\"wp-block-list\"><li>March\u00e9 International de Rungis : 1er centre mondial de distribution de produits frais<\/li><li>Plateforme multimodale du port de Bonneuil-sur-Marne : 2e plus grand port fluvial d&rsquo;Ile-de-France<\/li><li>2 voies navigables : la Seine et la Marne<\/li><li>A\u00e9roport d&rsquo;Orly : 31,9 millions de passagers en 2019<\/li><li>Plus de 8 000 entreprises dont l&rsquo;activit\u00e9 principale est li\u00e9e au tourisme (restauration, transport, activit\u00e9s culturelles et de loisirs, h\u00e9bergement\u2026)<\/li><li>Dont pr\u00e8s de 2 000 entreprises cr\u00e9\u00e9es en 2015<\/li><li>Plus de 38 000 emplois li\u00e9s au tourisme<\/li><\/ul>\n\n\n\n<div class=\"wp-block-image\"><figure class=\"aligncenter size-full\"><a href=\"https:\/\/www.tourisme-valdemarne.com\/espace-pro\/wp-content\/uploads\/sites\/3\/2023\/01\/min_rungis.jpg\"><img width=\"1100\" height=\"825\" data-src=\"https:\/\/www.tourisme-valdemarne.com\/espace-pro\/wp-content\/uploads\/sites\/3\/2023\/01\/min_rungis.jpg\" alt=\"March\u00e9 d'Int\u00e9r\u00eat National de Rungis\" class=\"wp-image-14097\" srcset=\"https:\/\/www.tourisme-valdemarne.com\/espace-pro\/wp-content\/uploads\/sites\/3\/2023\/01\/min_rungis.jpg 1100w, https:\/\/www.tourisme-valdemarne.com\/espace-pro\/wp-content\/uploads\/sites\/3\/2023\/01\/min_rungis-600x450.jpg 600w, https:\/\/www.tourisme-valdemarne.com\/espace-pro\/wp-content\/uploads\/sites\/3\/2023\/01\/min_rungis-900x675.jpg 900w, https:\/\/www.tourisme-valdemarne.com\/espace-pro\/wp-content\/uploads\/sites\/3\/2023\/01\/min_rungis-380x285.jpg 380w, https:\/\/www.tourisme-valdemarne.com\/espace-pro\/wp-content\/uploads\/sites\/3\/2023\/01\/min_rungis-200x150.jpg 200w\" sizes=\"(max-width: 1100px) 100vw, 1100px\" \/><\/a><figcaption>March\u00e9 de Rungis<\/figcaption><\/figure><\/div>\n\n\n\n<p><strong>Organisation touristique<\/strong><\/p>\n\n\n\n<ul class=\"wp-block-list\"><li>1 Comit\u00e9 D\u00e9partemental du Tourisme<\/li><li>4 Offices de Tourisme<\/li><li>2 Espaces de Tourisme R\u00e9gionaux \u00e0 Orly Ouest et Orly Sud<\/li><\/ul>\n\n\n\n<p><strong>H\u00e9bergements <\/strong><\/p>\n\n\n\n<ul class=\"wp-block-list\"><li>110 h\u00f4tels<\/li><li>22 r\u00e9sidences de tourisme<\/li><li>1 auberge de jeunesse<\/li><li>1 h\u00e9bergement de groupes<\/li><li>1 camping<\/li><li>des chambres d&rsquo;h\u00f4tes et meubl\u00e9s de tourisme<\/li><\/ul>\n\n\n\n<p><strong>Tourisme d&rsquo;affaires<\/strong><\/p>\n\n\n\n<ul class=\"wp-block-list\"><li>Environ 168 espaces de r\u00e9union, de s\u00e9minaires ou congr\u00e8s li\u00e9s pour une bonne part \u00e0 l&rsquo;h\u00f4tellerie et \u00e0 la restauration<\/li><li>3 espaces de congr\u00e8s et d&rsquo;expositions (Pavillon Baltard, Espace Jean Monnet, les Esseli\u00e8res)<\/li><\/ul>\n\n\n\n<p><a href=\"https:\/\/www.tourisme-valdemarne.com\/espace-pro\/observatoire-du-tourisme\/\" target=\"_blank\" rel=\"noreferrer noopener\" aria-label=\"Consultez l'Observatoire du tourisme du Val-de-Marne (s\u2019ouvre dans un nouvel onglet)\">Consultez l&rsquo;Observatoire du tourisme du Val-de-Marne<\/a> : bilan de l&rsquo;activit\u00e9 touristique, conjoncture h\u00f4teli\u00e8re, r\u00e9sultats des \u00e9tudes et enqu\u00eates, bilan des \u00e9v\u00e8nements.<\/p>\n","protected":false},"excerpt":{"rendered":"<p>D\u00e9couvrez les diverses facettes du tourisme en Val-de-Marne et consultez les donn\u00e9es cl\u00e9s. Portrait du Val-de-Marne 88 % des habitants se d\u00e9clarent \u00ab\u00a0heureux de vivre en Val-de-Marne\u00a0\u00bb et 71 % trouvent qu&rsquo;\u00ab il y a beaucoup de choses \u00e0 faire en terme de loisirs \u00bb sur le territoire. Caract\u00e9ristiques du Val-de-Marne Au c\u0153ur du Grand [&hellip;]<\/p>\n","protected":false},"author":1,"featured_media":814,"parent":19,"menu_order":10,"comment_status":"closed","ping_status":"closed","template":"partials\/template-intermediaire.php","meta":{"_relevanssi_hide_post":"","_relevanssi_hide_content":"","_relevanssi_pin_for_all":"","_relevanssi_pin_keywords":"","_relevanssi_unpin_keywords":"","_relevanssi_related_keywords":"","_relevanssi_related_include_ids":"","_relevanssi_related_exclude_ids":"","_relevanssi_related_no_append":"","_relevanssi_related_not_related":"","_relevanssi_related_posts":"444,2749,8084,2751,8083,8108","_relevanssi_noindex_reason":"","footnotes":""},"vdmTagMarketing":[],"class_list":["post-175","page","type-page","status-publish","has-post-thumbnail","hentry"],"acf":[],"yoast_head":"<!-- This site is optimized with the Yoast SEO plugin v23.9 - https:\/\/yoast.com\/wordpress\/plugins\/seo\/ -->\n<title>Pr\u00e9sentation du Val-de-Marne et chiffres cl\u00e9s sur le d\u00e9partement<\/title>\n<meta name=\"description\" content=\"Retrouvez ici une pr\u00e9sentation du d\u00e9partement du Val-de-Marne avec une mise en avant de certains chiffres cl\u00e9s.\" \/>\n<meta name=\"robots\" content=\"index, follow, max-snippet:-1, max-image-preview:large, max-video-preview:-1\" \/>\n<link rel=\"canonical\" href=\"https:\/\/www.tourisme-valdemarne.com\/espace-pro\/presse\/presentation-du-val-de-marne-et-chiffres-cles\/\" \/>\n<meta property=\"og:locale\" content=\"fr_FR\" \/>\n<meta property=\"og:type\" content=\"article\" \/>\n<meta property=\"og:title\" content=\"Pr\u00e9sentation du Val-de-Marne et chiffres cl\u00e9s sur le d\u00e9partement\" \/>\n<meta property=\"og:description\" content=\"Retrouvez ici une pr\u00e9sentation du d\u00e9partement du Val-de-Marne avec une mise en avant de certains chiffres cl\u00e9s.\" \/>\n<meta property=\"og:url\" content=\"https:\/\/www.tourisme-valdemarne.com\/espace-pro\/presse\/presentation-du-val-de-marne-et-chiffres-cles\/\" \/>\n<meta property=\"og:site_name\" content=\"Espace Pro\" \/>\n<meta property=\"article:modified_time\" content=\"2023-06-27T13:47:32+00:00\" \/>\n<meta property=\"og:image\" content=\"https:\/\/www.tourisme-valdemarne.com\/espace-pro\/wp-content\/uploads\/sites\/3\/2019\/05\/chateaux-vincennes-cp-cdt94-t.guillot.jpg\" \/>\n\t<meta property=\"og:image:width\" content=\"1600\" \/>\n\t<meta property=\"og:image:height\" content=\"900\" \/>\n\t<meta property=\"og:image:type\" content=\"image\/jpeg\" \/>\n<meta name=\"twitter:card\" content=\"summary_large_image\" \/>\n<meta name=\"twitter:label1\" content=\"Dur\u00e9e de lecture estim\u00e9e\" \/>\n\t<meta name=\"twitter:data1\" content=\"4 minutes\" \/>\n<script type=\"application\/ld+json\" class=\"yoast-schema-graph\">{\"@context\":\"https:\/\/schema.org\",\"@graph\":[{\"@type\":\"WebPage\",\"@id\":\"https:\/\/www.tourisme-valdemarne.com\/espace-pro\/presse\/presentation-du-val-de-marne-et-chiffres-cles\/\",\"url\":\"https:\/\/www.tourisme-valdemarne.com\/espace-pro\/presse\/presentation-du-val-de-marne-et-chiffres-cles\/\",\"name\":\"Pr\u00e9sentation du Val-de-Marne et chiffres cl\u00e9s sur le d\u00e9partement\",\"isPartOf\":{\"@id\":\"https:\/\/www.tourisme-valdemarne.com\/espace-pro\/#website\"},\"primaryImageOfPage\":{\"@id\":\"https:\/\/www.tourisme-valdemarne.com\/espace-pro\/presse\/presentation-du-val-de-marne-et-chiffres-cles\/#primaryimage\"},\"image\":{\"@id\":\"https:\/\/www.tourisme-valdemarne.com\/espace-pro\/presse\/presentation-du-val-de-marne-et-chiffres-cles\/#primaryimage\"},\"thumbnailUrl\":\"https:\/\/www.tourisme-valdemarne.com\/espace-pro\/wp-content\/uploads\/sites\/3\/2019\/05\/chateaux-vincennes-cp-cdt94-t.guillot.jpg\",\"datePublished\":\"2019-04-16T14:15:38+00:00\",\"dateModified\":\"2023-06-27T13:47:32+00:00\",\"description\":\"Retrouvez ici une pr\u00e9sentation du d\u00e9partement du Val-de-Marne avec une mise en avant de certains chiffres cl\u00e9s.\",\"breadcrumb\":{\"@id\":\"https:\/\/www.tourisme-valdemarne.com\/espace-pro\/presse\/presentation-du-val-de-marne-et-chiffres-cles\/#breadcrumb\"},\"inLanguage\":\"fr-FR\",\"potentialAction\":[{\"@type\":\"ReadAction\",\"target\":[\"https:\/\/www.tourisme-valdemarne.com\/espace-pro\/presse\/presentation-du-val-de-marne-et-chiffres-cles\/\"]}]},{\"@type\":\"ImageObject\",\"inLanguage\":\"fr-FR\",\"@id\":\"https:\/\/www.tourisme-valdemarne.com\/espace-pro\/presse\/presentation-du-val-de-marne-et-chiffres-cles\/#primaryimage\",\"url\":\"https:\/\/www.tourisme-valdemarne.com\/espace-pro\/wp-content\/uploads\/sites\/3\/2019\/05\/chateaux-vincennes-cp-cdt94-t.guillot.jpg\",\"contentUrl\":\"https:\/\/www.tourisme-valdemarne.com\/espace-pro\/wp-content\/uploads\/sites\/3\/2019\/05\/chateaux-vincennes-cp-cdt94-t.guillot.jpg\",\"width\":1600,\"height\":900,\"caption\":\"Ch\u00e2teau de Vincennes\"},{\"@type\":\"BreadcrumbList\",\"@id\":\"https:\/\/www.tourisme-valdemarne.com\/espace-pro\/presse\/presentation-du-val-de-marne-et-chiffres-cles\/#breadcrumb\",\"itemListElement\":[{\"@type\":\"ListItem\",\"position\":1,\"name\":\"Accueil\",\"item\":\"https:\/\/www.tourisme-valdemarne.com\/espace-pro\/\"},{\"@type\":\"ListItem\",\"position\":2,\"name\":\"Presse\",\"item\":\"https:\/\/www.tourisme-valdemarne.com\/espace-pro\/presse\/\"},{\"@type\":\"ListItem\",\"position\":3,\"name\":\"Pr\u00e9sentation du Val-de-Marne et chiffres cl\u00e9s\"}]},{\"@type\":\"WebSite\",\"@id\":\"https:\/\/www.tourisme-valdemarne.com\/espace-pro\/#website\",\"url\":\"https:\/\/www.tourisme-valdemarne.com\/espace-pro\/\",\"name\":\"Espace Pro\",\"description\":\"Informations et outils pour les professionnels et la Presse\",\"potentialAction\":[{\"@type\":\"SearchAction\",\"target\":{\"@type\":\"EntryPoint\",\"urlTemplate\":\"https:\/\/www.tourisme-valdemarne.com\/espace-pro\/?s={search_term_string}\"},\"query-input\":{\"@type\":\"PropertyValueSpecification\",\"valueRequired\":true,\"valueName\":\"search_term_string\"}}],\"inLanguage\":\"fr-FR\"}]}<\/script>\n<!-- \/ Yoast SEO plugin. -->","yoast_head_json":{"title":"Pr\u00e9sentation du Val-de-Marne et chiffres cl\u00e9s sur le d\u00e9partement","description":"Retrouvez ici une pr\u00e9sentation du d\u00e9partement du Val-de-Marne avec une mise en avant de certains chiffres cl\u00e9s.","robots":{"index":"index","follow":"follow","max-snippet":"max-snippet:-1","max-image-preview":"max-image-preview:large","max-video-preview":"max-video-preview:-1"},"canonical":"https:\/\/www.tourisme-valdemarne.com\/espace-pro\/presse\/presentation-du-val-de-marne-et-chiffres-cles\/","og_locale":"fr_FR","og_type":"article","og_title":"Pr\u00e9sentation du Val-de-Marne et chiffres cl\u00e9s sur le d\u00e9partement","og_description":"Retrouvez ici une pr\u00e9sentation du d\u00e9partement du Val-de-Marne avec une mise en avant de certains chiffres cl\u00e9s.","og_url":"https:\/\/www.tourisme-valdemarne.com\/espace-pro\/presse\/presentation-du-val-de-marne-et-chiffres-cles\/","og_site_name":"Espace Pro","article_modified_time":"2023-06-27T13:47:32+00:00","og_image":[{"width":1600,"height":900,"url":"https:\/\/www.tourisme-valdemarne.com\/espace-pro\/wp-content\/uploads\/sites\/3\/2019\/05\/chateaux-vincennes-cp-cdt94-t.guillot.jpg","type":"image\/jpeg"}],"twitter_card":"summary_large_image","twitter_misc":{"Dur\u00e9e de lecture estim\u00e9e":"4 minutes"},"schema":{"@context":"https:\/\/schema.org","@graph":[{"@type":"WebPage","@id":"https:\/\/www.tourisme-valdemarne.com\/espace-pro\/presse\/presentation-du-val-de-marne-et-chiffres-cles\/","url":"https:\/\/www.tourisme-valdemarne.com\/espace-pro\/presse\/presentation-du-val-de-marne-et-chiffres-cles\/","name":"Pr\u00e9sentation du Val-de-Marne et chiffres cl\u00e9s sur le d\u00e9partement","isPartOf":{"@id":"https:\/\/www.tourisme-valdemarne.com\/espace-pro\/#website"},"primaryImageOfPage":{"@id":"https:\/\/www.tourisme-valdemarne.com\/espace-pro\/presse\/presentation-du-val-de-marne-et-chiffres-cles\/#primaryimage"},"image":{"@id":"https:\/\/www.tourisme-valdemarne.com\/espace-pro\/presse\/presentation-du-val-de-marne-et-chiffres-cles\/#primaryimage"},"thumbnailUrl":"https:\/\/www.tourisme-valdemarne.com\/espace-pro\/wp-content\/uploads\/sites\/3\/2019\/05\/chateaux-vincennes-cp-cdt94-t.guillot.jpg","datePublished":"2019-04-16T14:15:38+00:00","dateModified":"2023-06-27T13:47:32+00:00","description":"Retrouvez ici une pr\u00e9sentation du d\u00e9partement du Val-de-Marne avec une mise en avant de certains chiffres cl\u00e9s.","breadcrumb":{"@id":"https:\/\/www.tourisme-valdemarne.com\/espace-pro\/presse\/presentation-du-val-de-marne-et-chiffres-cles\/#breadcrumb"},"inLanguage":"fr-FR","potentialAction":[{"@type":"ReadAction","target":["https:\/\/www.tourisme-valdemarne.com\/espace-pro\/presse\/presentation-du-val-de-marne-et-chiffres-cles\/"]}]},{"@type":"ImageObject","inLanguage":"fr-FR","@id":"https:\/\/www.tourisme-valdemarne.com\/espace-pro\/presse\/presentation-du-val-de-marne-et-chiffres-cles\/#primaryimage","url":"https:\/\/www.tourisme-valdemarne.com\/espace-pro\/wp-content\/uploads\/sites\/3\/2019\/05\/chateaux-vincennes-cp-cdt94-t.guillot.jpg","contentUrl":"https:\/\/www.tourisme-valdemarne.com\/espace-pro\/wp-content\/uploads\/sites\/3\/2019\/05\/chateaux-vincennes-cp-cdt94-t.guillot.jpg","width":1600,"height":900,"caption":"Ch\u00e2teau de Vincennes"},{"@type":"BreadcrumbList","@id":"https:\/\/www.tourisme-valdemarne.com\/espace-pro\/presse\/presentation-du-val-de-marne-et-chiffres-cles\/#breadcrumb","itemListElement":[{"@type":"ListItem","position":1,"name":"Accueil","item":"https:\/\/www.tourisme-valdemarne.com\/espace-pro\/"},{"@type":"ListItem","position":2,"name":"Presse","item":"https:\/\/www.tourisme-valdemarne.com\/espace-pro\/presse\/"},{"@type":"ListItem","position":3,"name":"Pr\u00e9sentation du Val-de-Marne et chiffres cl\u00e9s"}]},{"@type":"WebSite","@id":"https:\/\/www.tourisme-valdemarne.com\/espace-pro\/#website","url":"https:\/\/www.tourisme-valdemarne.com\/espace-pro\/","name":"Espace Pro","description":"Informations et outils pour les professionnels et la Presse","potentialAction":[{"@type":"SearchAction","target":{"@type":"EntryPoint","urlTemplate":"https:\/\/www.tourisme-valdemarne.com\/espace-pro\/?s={search_term_string}"},"query-input":{"@type":"PropertyValueSpecification","valueRequired":true,"valueName":"search_term_string"}}],"inLanguage":"fr-FR"}]}},"_links":{"self":[{"href":"https:\/\/www.tourisme-valdemarne.com\/espace-pro\/wp-json\/wp\/v2\/pages\/175","targetHints":{"allow":["GET"]}}],"collection":[{"href":"https:\/\/www.tourisme-valdemarne.com\/espace-pro\/wp-json\/wp\/v2\/pages"}],"about":[{"href":"https:\/\/www.tourisme-valdemarne.com\/espace-pro\/wp-json\/wp\/v2\/types\/page"}],"author":[{"embeddable":true,"href":"https:\/\/www.tourisme-valdemarne.com\/espace-pro\/wp-json\/wp\/v2\/users\/1"}],"replies":[{"embeddable":true,"href":"https:\/\/www.tourisme-valdemarne.com\/espace-pro\/wp-json\/wp\/v2\/comments?post=175"}],"version-history":[{"count":20,"href":"https:\/\/www.tourisme-valdemarne.com\/espace-pro\/wp-json\/wp\/v2\/pages\/175\/revisions"}],"predecessor-version":[{"id":15314,"href":"https:\/\/www.tourisme-valdemarne.com\/espace-pro\/wp-json\/wp\/v2\/pages\/175\/revisions\/15314"}],"up":[{"embeddable":true,"href":"https:\/\/www.tourisme-valdemarne.com\/espace-pro\/wp-json\/wp\/v2\/pages\/19"}],"wp:featuredmedia":[{"embeddable":true,"href":"https:\/\/www.tourisme-valdemarne.com\/espace-pro\/wp-json\/wp\/v2\/media\/814"}],"wp:attachment":[{"href":"https:\/\/www.tourisme-valdemarne.com\/espace-pro\/wp-json\/wp\/v2\/media?parent=175"}],"wp:term":[{"taxonomy":"vdmTagMarketing","embeddable":true,"href":"https:\/\/www.tourisme-valdemarne.com\/espace-pro\/wp-json\/wp\/v2\/vdmTagMarketing?post=175"}],"curies":[{"name":"wp","href":"https:\/\/api.w.org\/{rel}","templated":true}]}}