{"id":16595,"date":"2023-12-14T15:03:52","date_gmt":"2023-12-14T14:03:52","guid":{"rendered":"https:\/\/www.tourisme-valdemarne.com\/espace-pro\/?page_id=16595"},"modified":"2024-02-29T15:13:27","modified_gmt":"2024-02-29T14:13:27","slug":"ambassadeurs-sportifs","status":"publish","type":"page","link":"https:\/\/www.tourisme-valdemarne.com\/espace-pro\/expertises-et-projets\/jeux-olympiques-et-paralympiques-paris-2024\/ambassadeurs-sportifs\/","title":{"rendered":"Ambassadeurs sportifs"},"content":{"rendered":"\n<figure class=\"wp-block-image size-full\"><img width=\"770\" height=\"329\" data-src=\"https:\/\/www.tourisme-valdemarne.com\/espace-pro\/wp-content\/uploads\/sites\/3\/2024\/02\/banniere-terre-de-champions-jop24-vdm.jpg\" alt=\"\" class=\"wp-image-26258\" srcset=\"https:\/\/www.tourisme-valdemarne.com\/espace-pro\/wp-content\/uploads\/sites\/3\/2024\/02\/banniere-terre-de-champions-jop24-vdm.jpg 770w, https:\/\/www.tourisme-valdemarne.com\/espace-pro\/wp-content\/uploads\/sites\/3\/2024\/02\/banniere-terre-de-champions-jop24-vdm-600x256.jpg 600w, https:\/\/www.tourisme-valdemarne.com\/espace-pro\/wp-content\/uploads\/sites\/3\/2024\/02\/banniere-terre-de-champions-jop24-vdm-380x162.jpg 380w, https:\/\/www.tourisme-valdemarne.com\/espace-pro\/wp-content\/uploads\/sites\/3\/2024\/02\/banniere-terre-de-champions-jop24-vdm-200x85.jpg 200w\" sizes=\"(max-width: 770px) 100vw, 770px\" \/><\/figure>\n\n\n\n<h2 class=\"wp-block-heading\">LES AMBASSADEURS SPORTIFS DU VAL-DE-MARNE<\/h2>\n\n\n\n<p>6 athl\u00e8tes repr\u00e9sentant le d\u00e9partement et participeront aux manifestations du Val-de-Marne :&nbsp;<\/p>\n\n\n\n<ul class=\"wp-block-list\"><li><strong>Clarisse Agbegnenou<\/strong>, judokate licenci\u00e9 \u00e0 Champigny-sur-Marne (6 titres de championne du monde, 5 titres europ\u00e9ens et 3 m\u00e9dailles olympiques) ;<\/li><li><strong>Romaine Cannone<\/strong>, escrimeur fran\u00e7ais licenci\u00e9 au club de Saint-Maur (1 m\u00e9daille d\u2019or olympique et 2 titres de champion du monde) ;<\/li><li><strong>Alexis Jandard<\/strong>, gymnaste de haut-niveau reconverti dans le plongeon, s&rsquo;entra\u00eene \u00e0 l&rsquo;INSEP depuis 2018 (m\u00e9daille d&rsquo;argent et m\u00e9daille de bronze aux championnats du monde) ;\u00a0<\/li><li><strong>N\u00e9lia Barbosa<\/strong>, kayakiste handisport licenci\u00e9e \u00e0 Champigny (m\u00e9daille d\u2019argent aux jeux paralympiques, m\u00e9dailles d\u2019argent aux championnats d\u2019europe et au championnat du monde) ;<\/li><li><strong>Marie-Divine Kouam\u00e9<\/strong>, coureuse cycliste (championne du monde juniors et \u00e9lites de cyclisme sur piste) ;\u00a0<\/li><li><strong>Ethan Cormont<\/strong>, champion de France de saut \u00e0 la perche licenci\u00e9 au club de Maisons-Alfort.<\/li><\/ul>\n","protected":false},"excerpt":{"rendered":"<p>LES AMBASSADEURS SPORTIFS DU VAL-DE-MARNE 6 athl\u00e8tes repr\u00e9sentant le d\u00e9partement et participeront aux manifestations du Val-de-Marne :&nbsp; Clarisse Agbegnenou, judokate licenci\u00e9 \u00e0 Champigny-sur-Marne (6 titres de championne du monde, 5 titres europ\u00e9ens et 3 m\u00e9dailles olympiques) ; Romaine Cannone, escrimeur fran\u00e7ais licenci\u00e9 au club de Saint-Maur (1 m\u00e9daille d\u2019or olympique et 2 titres de champion [&hellip;]<\/p>\n","protected":false},"author":19,"featured_media":26258,"parent":15443,"menu_order":0,"comment_status":"closed","ping_status":"closed","template":"","meta":{"_relevanssi_hide_post":"","_relevanssi_hide_content":"","_relevanssi_pin_for_all":"","_relevanssi_pin_keywords":"","_relevanssi_unpin_keywords":"","_relevanssi_related_keywords":"","_relevanssi_related_include_ids":"","_relevanssi_related_exclude_ids":"","_relevanssi_related_no_append":"","_relevanssi_related_not_related":"","_relevanssi_related_posts":"8077,8101,444,2749,8083,8090","_relevanssi_noindex_reason":"","footnotes":""},"vdmTagMarketing":[],"class_list":["post-16595","page","type-page","status-publish","has-post-thumbnail","hentry"],"acf":[],"yoast_head":"<!-- This site is optimized with the Yoast SEO plugin v23.9 - https:\/\/yoast.com\/wordpress\/plugins\/seo\/ -->\n<title>Ambassadeurs sportifs - Espace Pro<\/title>\n<meta name=\"robots\" content=\"index, follow, max-snippet:-1, max-image-preview:large, max-video-preview:-1\" \/>\n<link rel=\"canonical\" href=\"https:\/\/www.tourisme-valdemarne.com\/espace-pro\/expertises-et-projets\/jeux-olympiques-et-paralympiques-paris-2024\/ambassadeurs-sportifs\/\" \/>\n<meta property=\"og:locale\" content=\"fr_FR\" \/>\n<meta property=\"og:type\" content=\"article\" \/>\n<meta property=\"og:title\" content=\"Ambassadeurs sportifs - Espace Pro\" \/>\n<meta property=\"og:description\" content=\"LES AMBASSADEURS SPORTIFS DU VAL-DE-MARNE 6 athl\u00e8tes repr\u00e9sentant le d\u00e9partement et participeront aux manifestations du Val-de-Marne :&nbsp; Clarisse Agbegnenou, judokate licenci\u00e9 \u00e0 Champigny-sur-Marne (6 titres de championne du monde, 5 titres europ\u00e9ens et 3 m\u00e9dailles olympiques) ; Romaine Cannone, escrimeur fran\u00e7ais licenci\u00e9 au club de Saint-Maur (1 m\u00e9daille d\u2019or olympique et 2 titres de champion [&hellip;]\" \/>\n<meta property=\"og:url\" content=\"https:\/\/www.tourisme-valdemarne.com\/espace-pro\/expertises-et-projets\/jeux-olympiques-et-paralympiques-paris-2024\/ambassadeurs-sportifs\/\" \/>\n<meta property=\"og:site_name\" content=\"Espace Pro\" \/>\n<meta property=\"article:modified_time\" content=\"2024-02-29T14:13:27+00:00\" \/>\n<meta property=\"og:image\" content=\"https:\/\/www.tourisme-valdemarne.com\/espace-pro\/wp-content\/uploads\/sites\/3\/2024\/02\/banniere-terre-de-champions-jop24-vdm.jpg\" \/>\n\t<meta property=\"og:image:width\" content=\"770\" \/>\n\t<meta property=\"og:image:height\" content=\"329\" \/>\n\t<meta property=\"og:image:type\" content=\"image\/jpeg\" \/>\n<meta name=\"twitter:card\" content=\"summary_large_image\" \/>\n<meta name=\"twitter:label1\" content=\"Dur\u00e9e de lecture estim\u00e9e\" \/>\n\t<meta name=\"twitter:data1\" content=\"1 minute\" \/>\n<script type=\"application\/ld+json\" class=\"yoast-schema-graph\">{\"@context\":\"https:\/\/schema.org\",\"@graph\":[{\"@type\":\"WebPage\",\"@id\":\"https:\/\/www.tourisme-valdemarne.com\/espace-pro\/expertises-et-projets\/jeux-olympiques-et-paralympiques-paris-2024\/ambassadeurs-sportifs\/\",\"url\":\"https:\/\/www.tourisme-valdemarne.com\/espace-pro\/expertises-et-projets\/jeux-olympiques-et-paralympiques-paris-2024\/ambassadeurs-sportifs\/\",\"name\":\"Ambassadeurs sportifs - Espace Pro\",\"isPartOf\":{\"@id\":\"https:\/\/www.tourisme-valdemarne.com\/espace-pro\/#website\"},\"primaryImageOfPage\":{\"@id\":\"https:\/\/www.tourisme-valdemarne.com\/espace-pro\/expertises-et-projets\/jeux-olympiques-et-paralympiques-paris-2024\/ambassadeurs-sportifs\/#primaryimage\"},\"image\":{\"@id\":\"https:\/\/www.tourisme-valdemarne.com\/espace-pro\/expertises-et-projets\/jeux-olympiques-et-paralympiques-paris-2024\/ambassadeurs-sportifs\/#primaryimage\"},\"thumbnailUrl\":\"https:\/\/www.tourisme-valdemarne.com\/espace-pro\/wp-content\/uploads\/sites\/3\/2024\/02\/banniere-terre-de-champions-jop24-vdm.jpg\",\"datePublished\":\"2023-12-14T14:03:52+00:00\",\"dateModified\":\"2024-02-29T14:13:27+00:00\",\"breadcrumb\":{\"@id\":\"https:\/\/www.tourisme-valdemarne.com\/espace-pro\/expertises-et-projets\/jeux-olympiques-et-paralympiques-paris-2024\/ambassadeurs-sportifs\/#breadcrumb\"},\"inLanguage\":\"fr-FR\",\"potentialAction\":[{\"@type\":\"ReadAction\",\"target\":[\"https:\/\/www.tourisme-valdemarne.com\/espace-pro\/expertises-et-projets\/jeux-olympiques-et-paralympiques-paris-2024\/ambassadeurs-sportifs\/\"]}]},{\"@type\":\"ImageObject\",\"inLanguage\":\"fr-FR\",\"@id\":\"https:\/\/www.tourisme-valdemarne.com\/espace-pro\/expertises-et-projets\/jeux-olympiques-et-paralympiques-paris-2024\/ambassadeurs-sportifs\/#primaryimage\",\"url\":\"https:\/\/www.tourisme-valdemarne.com\/espace-pro\/wp-content\/uploads\/sites\/3\/2024\/02\/banniere-terre-de-champions-jop24-vdm.jpg\",\"contentUrl\":\"https:\/\/www.tourisme-valdemarne.com\/espace-pro\/wp-content\/uploads\/sites\/3\/2024\/02\/banniere-terre-de-champions-jop24-vdm.jpg\",\"width\":770,\"height\":329},{\"@type\":\"BreadcrumbList\",\"@id\":\"https:\/\/www.tourisme-valdemarne.com\/espace-pro\/expertises-et-projets\/jeux-olympiques-et-paralympiques-paris-2024\/ambassadeurs-sportifs\/#breadcrumb\",\"itemListElement\":[{\"@type\":\"ListItem\",\"position\":1,\"name\":\"Accueil\",\"item\":\"https:\/\/www.tourisme-valdemarne.com\/espace-pro\/\"},{\"@type\":\"ListItem\",\"position\":2,\"name\":\"Expertises et projets\",\"item\":\"https:\/\/www.tourisme-valdemarne.com\/espace-pro\/expertises-et-projets\/\"},{\"@type\":\"ListItem\",\"position\":3,\"name\":\"Jeux Olympiques et Paralympiques de Paris 2024\",\"item\":\"https:\/\/www.tourisme-valdemarne.com\/espace-pro\/expertises-et-projets\/jeux-olympiques-et-paralympiques-paris-2024\/\"},{\"@type\":\"ListItem\",\"position\":4,\"name\":\"Ambassadeurs sportifs\"}]},{\"@type\":\"WebSite\",\"@id\":\"https:\/\/www.tourisme-valdemarne.com\/espace-pro\/#website\",\"url\":\"https:\/\/www.tourisme-valdemarne.com\/espace-pro\/\",\"name\":\"Espace Pro\",\"description\":\"Informations et outils pour les professionnels et la Presse\",\"potentialAction\":[{\"@type\":\"SearchAction\",\"target\":{\"@type\":\"EntryPoint\",\"urlTemplate\":\"https:\/\/www.tourisme-valdemarne.com\/espace-pro\/?s={search_term_string}\"},\"query-input\":{\"@type\":\"PropertyValueSpecification\",\"valueRequired\":true,\"valueName\":\"search_term_string\"}}],\"inLanguage\":\"fr-FR\"}]}<\/script>\n<!-- \/ Yoast SEO plugin. -->","yoast_head_json":{"title":"Ambassadeurs sportifs - Espace Pro","robots":{"index":"index","follow":"follow","max-snippet":"max-snippet:-1","max-image-preview":"max-image-preview:large","max-video-preview":"max-video-preview:-1"},"canonical":"https:\/\/www.tourisme-valdemarne.com\/espace-pro\/expertises-et-projets\/jeux-olympiques-et-paralympiques-paris-2024\/ambassadeurs-sportifs\/","og_locale":"fr_FR","og_type":"article","og_title":"Ambassadeurs sportifs - Espace Pro","og_description":"LES AMBASSADEURS SPORTIFS DU VAL-DE-MARNE 6 athl\u00e8tes repr\u00e9sentant le d\u00e9partement et participeront aux manifestations du Val-de-Marne :&nbsp; Clarisse Agbegnenou, judokate licenci\u00e9 \u00e0 Champigny-sur-Marne (6 titres de championne du monde, 5 titres europ\u00e9ens et 3 m\u00e9dailles olympiques) ; Romaine Cannone, escrimeur fran\u00e7ais licenci\u00e9 au club de Saint-Maur (1 m\u00e9daille d\u2019or olympique et 2 titres de champion [&hellip;]","og_url":"https:\/\/www.tourisme-valdemarne.com\/espace-pro\/expertises-et-projets\/jeux-olympiques-et-paralympiques-paris-2024\/ambassadeurs-sportifs\/","og_site_name":"Espace Pro","article_modified_time":"2024-02-29T14:13:27+00:00","og_image":[{"width":770,"height":329,"url":"https:\/\/www.tourisme-valdemarne.com\/espace-pro\/wp-content\/uploads\/sites\/3\/2024\/02\/banniere-terre-de-champions-jop24-vdm.jpg","type":"image\/jpeg"}],"twitter_card":"summary_large_image","twitter_misc":{"Dur\u00e9e de lecture estim\u00e9e":"1 minute"},"schema":{"@context":"https:\/\/schema.org","@graph":[{"@type":"WebPage","@id":"https:\/\/www.tourisme-valdemarne.com\/espace-pro\/expertises-et-projets\/jeux-olympiques-et-paralympiques-paris-2024\/ambassadeurs-sportifs\/","url":"https:\/\/www.tourisme-valdemarne.com\/espace-pro\/expertises-et-projets\/jeux-olympiques-et-paralympiques-paris-2024\/ambassadeurs-sportifs\/","name":"Ambassadeurs sportifs - Espace Pro","isPartOf":{"@id":"https:\/\/www.tourisme-valdemarne.com\/espace-pro\/#website"},"primaryImageOfPage":{"@id":"https:\/\/www.tourisme-valdemarne.com\/espace-pro\/expertises-et-projets\/jeux-olympiques-et-paralympiques-paris-2024\/ambassadeurs-sportifs\/#primaryimage"},"image":{"@id":"https:\/\/www.tourisme-valdemarne.com\/espace-pro\/expertises-et-projets\/jeux-olympiques-et-paralympiques-paris-2024\/ambassadeurs-sportifs\/#primaryimage"},"thumbnailUrl":"https:\/\/www.tourisme-valdemarne.com\/espace-pro\/wp-content\/uploads\/sites\/3\/2024\/02\/banniere-terre-de-champions-jop24-vdm.jpg","datePublished":"2023-12-14T14:03:52+00:00","dateModified":"2024-02-29T14:13:27+00:00","breadcrumb":{"@id":"https:\/\/www.tourisme-valdemarne.com\/espace-pro\/expertises-et-projets\/jeux-olympiques-et-paralympiques-paris-2024\/ambassadeurs-sportifs\/#breadcrumb"},"inLanguage":"fr-FR","potentialAction":[{"@type":"ReadAction","target":["https:\/\/www.tourisme-valdemarne.com\/espace-pro\/expertises-et-projets\/jeux-olympiques-et-paralympiques-paris-2024\/ambassadeurs-sportifs\/"]}]},{"@type":"ImageObject","inLanguage":"fr-FR","@id":"https:\/\/www.tourisme-valdemarne.com\/espace-pro\/expertises-et-projets\/jeux-olympiques-et-paralympiques-paris-2024\/ambassadeurs-sportifs\/#primaryimage","url":"https:\/\/www.tourisme-valdemarne.com\/espace-pro\/wp-content\/uploads\/sites\/3\/2024\/02\/banniere-terre-de-champions-jop24-vdm.jpg","contentUrl":"https:\/\/www.tourisme-valdemarne.com\/espace-pro\/wp-content\/uploads\/sites\/3\/2024\/02\/banniere-terre-de-champions-jop24-vdm.jpg","width":770,"height":329},{"@type":"BreadcrumbList","@id":"https:\/\/www.tourisme-valdemarne.com\/espace-pro\/expertises-et-projets\/jeux-olympiques-et-paralympiques-paris-2024\/ambassadeurs-sportifs\/#breadcrumb","itemListElement":[{"@type":"ListItem","position":1,"name":"Accueil","item":"https:\/\/www.tourisme-valdemarne.com\/espace-pro\/"},{"@type":"ListItem","position":2,"name":"Expertises et projets","item":"https:\/\/www.tourisme-valdemarne.com\/espace-pro\/expertises-et-projets\/"},{"@type":"ListItem","position":3,"name":"Jeux Olympiques et Paralympiques de Paris 2024","item":"https:\/\/www.tourisme-valdemarne.com\/espace-pro\/expertises-et-projets\/jeux-olympiques-et-paralympiques-paris-2024\/"},{"@type":"ListItem","position":4,"name":"Ambassadeurs sportifs"}]},{"@type":"WebSite","@id":"https:\/\/www.tourisme-valdemarne.com\/espace-pro\/#website","url":"https:\/\/www.tourisme-valdemarne.com\/espace-pro\/","name":"Espace Pro","description":"Informations et outils pour les professionnels et la Presse","potentialAction":[{"@type":"SearchAction","target":{"@type":"EntryPoint","urlTemplate":"https:\/\/www.tourisme-valdemarne.com\/espace-pro\/?s={search_term_string}"},"query-input":{"@type":"PropertyValueSpecification","valueRequired":true,"valueName":"search_term_string"}}],"inLanguage":"fr-FR"}]}},"_links":{"self":[{"href":"https:\/\/www.tourisme-valdemarne.com\/espace-pro\/wp-json\/wp\/v2\/pages\/16595","targetHints":{"allow":["GET"]}}],"collection":[{"href":"https:\/\/www.tourisme-valdemarne.com\/espace-pro\/wp-json\/wp\/v2\/pages"}],"about":[{"href":"https:\/\/www.tourisme-valdemarne.com\/espace-pro\/wp-json\/wp\/v2\/types\/page"}],"author":[{"embeddable":true,"href":"https:\/\/www.tourisme-valdemarne.com\/espace-pro\/wp-json\/wp\/v2\/users\/19"}],"replies":[{"embeddable":true,"href":"https:\/\/www.tourisme-valdemarne.com\/espace-pro\/wp-json\/wp\/v2\/comments?post=16595"}],"version-history":[{"count":3,"href":"https:\/\/www.tourisme-valdemarne.com\/espace-pro\/wp-json\/wp\/v2\/pages\/16595\/revisions"}],"predecessor-version":[{"id":26519,"href":"https:\/\/www.tourisme-valdemarne.com\/espace-pro\/wp-json\/wp\/v2\/pages\/16595\/revisions\/26519"}],"up":[{"embeddable":true,"href":"https:\/\/www.tourisme-valdemarne.com\/espace-pro\/wp-json\/wp\/v2\/pages\/15443"}],"wp:featuredmedia":[{"embeddable":true,"href":"https:\/\/www.tourisme-valdemarne.com\/espace-pro\/wp-json\/wp\/v2\/media\/26258"}],"wp:attachment":[{"href":"https:\/\/www.tourisme-valdemarne.com\/espace-pro\/wp-json\/wp\/v2\/media?parent=16595"}],"wp:term":[{"taxonomy":"vdmTagMarketing","embeddable":true,"href":"https:\/\/www.tourisme-valdemarne.com\/espace-pro\/wp-json\/wp\/v2\/vdmTagMarketing?post=16595"}],"curies":[{"name":"wp","href":"https:\/\/api.w.org\/{rel}","templated":true}]}}