{"id":16464,"date":"2023-11-21T12:25:45","date_gmt":"2023-11-21T11:25:45","guid":{"rendered":"https:\/\/www.tourisme-valdemarne.com\/espace-pro\/?page_id=16464"},"modified":"2023-11-28T10:32:28","modified_gmt":"2023-11-28T09:32:28","slug":"plateforme-vite-un-emploi","status":"publish","type":"page","link":"https:\/\/www.tourisme-valdemarne.com\/espace-pro\/actualites\/plateforme-vite-un-emploi\/","title":{"rendered":"Nouvelle Plateforme \u00ab\u00a0Vite un emploi\u00a0\u00bb de la CCI Paris Ile-de-France : Simplifiez vos recrutements locaux"},"content":{"rendered":"\n<figure class=\"wp-block-image size-full\"><img width=\"700\" height=\"991\" data-src=\"https:\/\/www.tourisme-valdemarne.com\/espace-pro\/wp-content\/uploads\/sites\/3\/2023\/11\/viteunemploi-affiche.jpg\" alt=\"Affiche &quot;Vite un emploi&quot;\" class=\"wp-image-16465\" srcset=\"https:\/\/www.tourisme-valdemarne.com\/espace-pro\/wp-content\/uploads\/sites\/3\/2023\/11\/viteunemploi-affiche.jpg 700w, https:\/\/www.tourisme-valdemarne.com\/espace-pro\/wp-content\/uploads\/sites\/3\/2023\/11\/viteunemploi-affiche-424x600.jpg 424w, https:\/\/www.tourisme-valdemarne.com\/espace-pro\/wp-content\/uploads\/sites\/3\/2023\/11\/viteunemploi-affiche-636x900.jpg 636w, https:\/\/www.tourisme-valdemarne.com\/espace-pro\/wp-content\/uploads\/sites\/3\/2023\/11\/viteunemploi-affiche-380x538.jpg 380w, https:\/\/www.tourisme-valdemarne.com\/espace-pro\/wp-content\/uploads\/sites\/3\/2023\/11\/viteunemploi-affiche-200x283.jpg 200w\" sizes=\"(max-width: 700px) 100vw, 700px\" \/><figcaption>Affiche \u00ab\u00a0Vite un emploi\u00a0\u00bb <\/figcaption><\/figure>\n\n\n\n<p>La Chambre de Commerce et d&rsquo;Industrie Paris Ile-de-France lance \u00ab\u00a0Vite un emploi\u00a0\u00bb, une plateforme r\u00e9gionale d\u2019emploi incontournable pour les entreprises en Ile-de-France. Cette initiative vise \u00e0 faciliter le recrutement local. C&rsquo;est une opportunit\u00e9 pour les recruteurs de trouver le candidat id\u00e9al en Ile-de-France \u00e9tant donn\u00e9 que la plateforme est d\u00e9di\u00e9e aux entreprises franciliennes.<\/p>\n\n\n\n<p><strong>Le \u00ab\u00a0Matching\u00a0\u00bb ou \u00ab\u00a0Couplage\u00a0\u00bb permet de faciliter le recrutement<\/strong><\/p>\n\n\n\n<p>La plateforme utilise un outil de \u00ab\u00a0matching\u00a0\u00bb ou \u00ab\u00a0couplage\u00a0\u00bb qui assure une ad\u00e9quation parfaite entre les besoins des recruteurs et les comp\u00e9tences des candidats. Cela simplifie le processus de recrutement, m\u00eame pour les petites et moyennes structures, en d\u00e9nichant des profils cach\u00e9s sur le march\u00e9.<\/p>\n\n\n\n<p><strong>Accompagnement personnalis\u00e9 avec le programme Objectif Recrut\u2019<\/strong><\/p>\n\n\n\n<p>Le programme Objectif recrut&rsquo; de la CCI Paris Ile-de-France, cofinanc\u00e9 par l&rsquo;Union europ\u00e9enne, soutient les TPE et PME en surmontant les d\u00e9fis du recrutement. Avec 7 leviers, dont un diagnostic, un rendez-vous expert, un accompagnement sp\u00e9cifique, un Lab recrutement, un challenge emploi, un village TPE-PME, et la plateforme \u00ab\u00a0Vite un emploi\u00a0\u00bb, le programme offre un accompagnement complet pour identifier, attirer et fid\u00e9liser les talents n\u00e9cessaires \u00e0 votre d\u00e9veloppement.<\/p>\n\n\n\n<p><strong>Une plateforme d&#8217;emploi r\u00e9gionale pour le recrutement de proximit\u00e9<\/strong><\/p>\n\n\n\n<p>\u00ab\u00a0Vite un emploi\u00a0\u00bb couvre 8 d\u00e9partements d\u2019Ile-de-France, dont le Val-de-Marne. Cette approche r\u00e9gionale permet aux recruteurs de diffuser leurs offres localement et aux candidats d\u2019acc\u00e9der \u00e0 des opportunit\u00e9s proches de chez eux.<\/p>\n\n\n\n<p><strong>Boostez votre marque employeur<\/strong><\/p>\n\n\n\n<p>En mettant en avant l&rsquo;activit\u00e9 des entreprises gr\u00e2ce \u00e0 une page vitrine, la plateforme aide les entreprises \u00e0 renforcer leur marque employeur.<\/p>\n\n\n\n<p><strong>Vous \u00eates dirigeant d\u2019entreprise et cherchez les comp\u00e9tences n\u00e9cessaires \u00e0 votre activit\u00e9 ?<\/strong><\/p>\n\n\n\n<p>Restaurateurs et h\u00f4teliers du Val-de-Marne, \u00ab\u00a0Vite un emploi\u00a0\u00bb est l&rsquo;alli\u00e9 id\u00e9al pour dynamiser votre \u00e9quipe ! En tant qu&rsquo;acteurs majeurs du secteur de l&rsquo;hospitalit\u00e9, vous comprenez l&rsquo;importance d&rsquo;avoir des talents qualifi\u00e9s \u00e0 vos c\u00f4t\u00e9s. Cette plateforme r\u00e9gionale offre une solution sur mesure en mettant en lumi\u00e8re les comp\u00e9tences n\u00e9cessaires \u00e0 votre \u00e9tablissement. <\/p>\n\n\n\n<p>Ne manquez pas l&rsquo;opportunit\u00e9 de d\u00e9couvrir des profils adapt\u00e9s \u00e0 vos besoins sp\u00e9cifiques et de renforcer votre \u00e9quipe pour offrir une exp\u00e9rience exceptionnelle \u00e0 vos clients. <\/p>\n\n\n\n<p class=\"is-style-highlight\">Acc\u00e9dez d\u00e8s maintenant \u00e0 la plateforme <a href=\"https:\/\/www.viteunemploi.fr\/\" target=\"_blank\" rel=\"noreferrer noopener\">Vite un emploi<\/a>.<\/p>\n","protected":false},"excerpt":{"rendered":"<p>La Chambre de Commerce et d&rsquo;Industrie Paris Ile-de-France lance \u00ab\u00a0Vite un emploi\u00a0\u00bb, une plateforme r\u00e9gionale d\u2019emploi incontournable pour les entreprises en Ile-de-France. Cette initiative vise \u00e0 faciliter le recrutement local. C&rsquo;est une opportunit\u00e9 pour les recruteurs de trouver le candidat id\u00e9al en Ile-de-France \u00e9tant donn\u00e9 que la plateforme est d\u00e9di\u00e9e aux entreprises franciliennes. Le \u00ab\u00a0Matching\u00a0\u00bb [&hellip;]<\/p>\n","protected":false},"author":19,"featured_media":0,"parent":6164,"menu_order":0,"comment_status":"closed","ping_status":"closed","template":"","meta":{"_relevanssi_hide_post":"","_relevanssi_hide_content":"","_relevanssi_pin_for_all":"","_relevanssi_pin_keywords":"","_relevanssi_unpin_keywords":"","_relevanssi_related_keywords":"","_relevanssi_related_include_ids":"","_relevanssi_related_exclude_ids":"","_relevanssi_related_no_append":"","_relevanssi_related_not_related":"","_relevanssi_related_posts":"8090,8074,8084,8095,8105,2741","_relevanssi_noindex_reason":"","footnotes":""},"vdmTagMarketing":[],"class_list":["post-16464","page","type-page","status-publish","hentry"],"acf":[],"yoast_head":"<!-- This site is optimized with the Yoast SEO plugin v23.9 - https:\/\/yoast.com\/wordpress\/plugins\/seo\/ -->\n<title>Nouvelle plateforme de la CCI Paris Ile-de-France : Vite un emploi<\/title>\n<meta name=\"description\" content=\"D\u00e9couvrez &quot;Vite un emploi&quot;, la plateforme r\u00e9gionale de la CCI pour des recrutements sur mesure en Val-de-Marne.\" \/>\n<meta name=\"robots\" content=\"index, follow, max-snippet:-1, max-image-preview:large, max-video-preview:-1\" \/>\n<link rel=\"canonical\" href=\"https:\/\/www.tourisme-valdemarne.com\/espace-pro\/actualites\/plateforme-vite-un-emploi\/\" \/>\n<meta property=\"og:locale\" content=\"fr_FR\" \/>\n<meta property=\"og:type\" content=\"article\" \/>\n<meta property=\"og:title\" content=\"Nouvelle plateforme de la CCI Paris Ile-de-France : Vite un emploi\" \/>\n<meta property=\"og:description\" content=\"D\u00e9couvrez &quot;Vite un emploi&quot;, la plateforme r\u00e9gionale de la CCI pour des recrutements sur mesure en Val-de-Marne.\" \/>\n<meta property=\"og:url\" content=\"https:\/\/www.tourisme-valdemarne.com\/espace-pro\/actualites\/plateforme-vite-un-emploi\/\" \/>\n<meta property=\"og:site_name\" content=\"Espace Pro\" \/>\n<meta property=\"article:modified_time\" content=\"2023-11-28T09:32:28+00:00\" \/>\n<meta property=\"og:image\" content=\"https:\/\/www.tourisme-valdemarne.com\/espace-pro\/wp-content\/uploads\/sites\/3\/2023\/11\/viteunemploi-affiche.jpg\" \/>\n<meta name=\"twitter:card\" content=\"summary_large_image\" \/>\n<meta name=\"twitter:label1\" content=\"Dur\u00e9e de lecture estim\u00e9e\" \/>\n\t<meta name=\"twitter:data1\" content=\"2 minutes\" \/>\n<script type=\"application\/ld+json\" class=\"yoast-schema-graph\">{\"@context\":\"https:\/\/schema.org\",\"@graph\":[{\"@type\":\"WebPage\",\"@id\":\"https:\/\/www.tourisme-valdemarne.com\/espace-pro\/actualites\/plateforme-vite-un-emploi\/\",\"url\":\"https:\/\/www.tourisme-valdemarne.com\/espace-pro\/actualites\/plateforme-vite-un-emploi\/\",\"name\":\"Nouvelle plateforme de la CCI Paris Ile-de-France : Vite un emploi\",\"isPartOf\":{\"@id\":\"https:\/\/www.tourisme-valdemarne.com\/espace-pro\/#website\"},\"primaryImageOfPage\":{\"@id\":\"https:\/\/www.tourisme-valdemarne.com\/espace-pro\/actualites\/plateforme-vite-un-emploi\/#primaryimage\"},\"image\":{\"@id\":\"https:\/\/www.tourisme-valdemarne.com\/espace-pro\/actualites\/plateforme-vite-un-emploi\/#primaryimage\"},\"thumbnailUrl\":\"https:\/\/www.tourisme-valdemarne.com\/espace-pro\/wp-content\/uploads\/sites\/3\/2023\/11\/viteunemploi-affiche.jpg\",\"datePublished\":\"2023-11-21T11:25:45+00:00\",\"dateModified\":\"2023-11-28T09:32:28+00:00\",\"description\":\"D\u00e9couvrez \\\"Vite un emploi\\\", la plateforme r\u00e9gionale de la CCI pour des recrutements sur mesure en Val-de-Marne.\",\"breadcrumb\":{\"@id\":\"https:\/\/www.tourisme-valdemarne.com\/espace-pro\/actualites\/plateforme-vite-un-emploi\/#breadcrumb\"},\"inLanguage\":\"fr-FR\",\"potentialAction\":[{\"@type\":\"ReadAction\",\"target\":[\"https:\/\/www.tourisme-valdemarne.com\/espace-pro\/actualites\/plateforme-vite-un-emploi\/\"]}]},{\"@type\":\"ImageObject\",\"inLanguage\":\"fr-FR\",\"@id\":\"https:\/\/www.tourisme-valdemarne.com\/espace-pro\/actualites\/plateforme-vite-un-emploi\/#primaryimage\",\"url\":\"https:\/\/www.tourisme-valdemarne.com\/espace-pro\/wp-content\/uploads\/sites\/3\/2023\/11\/viteunemploi-affiche.jpg\",\"contentUrl\":\"https:\/\/www.tourisme-valdemarne.com\/espace-pro\/wp-content\/uploads\/sites\/3\/2023\/11\/viteunemploi-affiche.jpg\",\"width\":700,\"height\":991},{\"@type\":\"BreadcrumbList\",\"@id\":\"https:\/\/www.tourisme-valdemarne.com\/espace-pro\/actualites\/plateforme-vite-un-emploi\/#breadcrumb\",\"itemListElement\":[{\"@type\":\"ListItem\",\"position\":1,\"name\":\"Accueil\",\"item\":\"https:\/\/www.tourisme-valdemarne.com\/espace-pro\/\"},{\"@type\":\"ListItem\",\"position\":2,\"name\":\"Actualit\u00e9s de l&rsquo;espace pro\",\"item\":\"https:\/\/www.tourisme-valdemarne.com\/espace-pro\/actualites\/\"},{\"@type\":\"ListItem\",\"position\":3,\"name\":\"Nouvelle Plateforme \u00ab\u00a0Vite un emploi\u00a0\u00bb de la CCI Paris Ile-de-France : Simplifiez vos recrutements locaux\"}]},{\"@type\":\"WebSite\",\"@id\":\"https:\/\/www.tourisme-valdemarne.com\/espace-pro\/#website\",\"url\":\"https:\/\/www.tourisme-valdemarne.com\/espace-pro\/\",\"name\":\"Espace Pro\",\"description\":\"Informations et outils pour les professionnels et la Presse\",\"potentialAction\":[{\"@type\":\"SearchAction\",\"target\":{\"@type\":\"EntryPoint\",\"urlTemplate\":\"https:\/\/www.tourisme-valdemarne.com\/espace-pro\/?s={search_term_string}\"},\"query-input\":{\"@type\":\"PropertyValueSpecification\",\"valueRequired\":true,\"valueName\":\"search_term_string\"}}],\"inLanguage\":\"fr-FR\"}]}<\/script>\n<!-- \/ Yoast SEO plugin. -->","yoast_head_json":{"title":"Nouvelle plateforme de la CCI Paris Ile-de-France : Vite un emploi","description":"D\u00e9couvrez \"Vite un emploi\", la plateforme r\u00e9gionale de la CCI pour des recrutements sur mesure en Val-de-Marne.","robots":{"index":"index","follow":"follow","max-snippet":"max-snippet:-1","max-image-preview":"max-image-preview:large","max-video-preview":"max-video-preview:-1"},"canonical":"https:\/\/www.tourisme-valdemarne.com\/espace-pro\/actualites\/plateforme-vite-un-emploi\/","og_locale":"fr_FR","og_type":"article","og_title":"Nouvelle plateforme de la CCI Paris Ile-de-France : Vite un emploi","og_description":"D\u00e9couvrez \"Vite un emploi\", la plateforme r\u00e9gionale de la CCI pour des recrutements sur mesure en Val-de-Marne.","og_url":"https:\/\/www.tourisme-valdemarne.com\/espace-pro\/actualites\/plateforme-vite-un-emploi\/","og_site_name":"Espace Pro","article_modified_time":"2023-11-28T09:32:28+00:00","og_image":[{"url":"https:\/\/www.tourisme-valdemarne.com\/espace-pro\/wp-content\/uploads\/sites\/3\/2023\/11\/viteunemploi-affiche.jpg"}],"twitter_card":"summary_large_image","twitter_misc":{"Dur\u00e9e de lecture estim\u00e9e":"2 minutes"},"schema":{"@context":"https:\/\/schema.org","@graph":[{"@type":"WebPage","@id":"https:\/\/www.tourisme-valdemarne.com\/espace-pro\/actualites\/plateforme-vite-un-emploi\/","url":"https:\/\/www.tourisme-valdemarne.com\/espace-pro\/actualites\/plateforme-vite-un-emploi\/","name":"Nouvelle plateforme de la CCI Paris Ile-de-France : Vite un emploi","isPartOf":{"@id":"https:\/\/www.tourisme-valdemarne.com\/espace-pro\/#website"},"primaryImageOfPage":{"@id":"https:\/\/www.tourisme-valdemarne.com\/espace-pro\/actualites\/plateforme-vite-un-emploi\/#primaryimage"},"image":{"@id":"https:\/\/www.tourisme-valdemarne.com\/espace-pro\/actualites\/plateforme-vite-un-emploi\/#primaryimage"},"thumbnailUrl":"https:\/\/www.tourisme-valdemarne.com\/espace-pro\/wp-content\/uploads\/sites\/3\/2023\/11\/viteunemploi-affiche.jpg","datePublished":"2023-11-21T11:25:45+00:00","dateModified":"2023-11-28T09:32:28+00:00","description":"D\u00e9couvrez \"Vite un emploi\", la plateforme r\u00e9gionale de la CCI pour des recrutements sur mesure en Val-de-Marne.","breadcrumb":{"@id":"https:\/\/www.tourisme-valdemarne.com\/espace-pro\/actualites\/plateforme-vite-un-emploi\/#breadcrumb"},"inLanguage":"fr-FR","potentialAction":[{"@type":"ReadAction","target":["https:\/\/www.tourisme-valdemarne.com\/espace-pro\/actualites\/plateforme-vite-un-emploi\/"]}]},{"@type":"ImageObject","inLanguage":"fr-FR","@id":"https:\/\/www.tourisme-valdemarne.com\/espace-pro\/actualites\/plateforme-vite-un-emploi\/#primaryimage","url":"https:\/\/www.tourisme-valdemarne.com\/espace-pro\/wp-content\/uploads\/sites\/3\/2023\/11\/viteunemploi-affiche.jpg","contentUrl":"https:\/\/www.tourisme-valdemarne.com\/espace-pro\/wp-content\/uploads\/sites\/3\/2023\/11\/viteunemploi-affiche.jpg","width":700,"height":991},{"@type":"BreadcrumbList","@id":"https:\/\/www.tourisme-valdemarne.com\/espace-pro\/actualites\/plateforme-vite-un-emploi\/#breadcrumb","itemListElement":[{"@type":"ListItem","position":1,"name":"Accueil","item":"https:\/\/www.tourisme-valdemarne.com\/espace-pro\/"},{"@type":"ListItem","position":2,"name":"Actualit\u00e9s de l&rsquo;espace pro","item":"https:\/\/www.tourisme-valdemarne.com\/espace-pro\/actualites\/"},{"@type":"ListItem","position":3,"name":"Nouvelle Plateforme \u00ab\u00a0Vite un emploi\u00a0\u00bb de la CCI Paris Ile-de-France : Simplifiez vos recrutements locaux"}]},{"@type":"WebSite","@id":"https:\/\/www.tourisme-valdemarne.com\/espace-pro\/#website","url":"https:\/\/www.tourisme-valdemarne.com\/espace-pro\/","name":"Espace Pro","description":"Informations et outils pour les professionnels et la Presse","potentialAction":[{"@type":"SearchAction","target":{"@type":"EntryPoint","urlTemplate":"https:\/\/www.tourisme-valdemarne.com\/espace-pro\/?s={search_term_string}"},"query-input":{"@type":"PropertyValueSpecification","valueRequired":true,"valueName":"search_term_string"}}],"inLanguage":"fr-FR"}]}},"_links":{"self":[{"href":"https:\/\/www.tourisme-valdemarne.com\/espace-pro\/wp-json\/wp\/v2\/pages\/16464","targetHints":{"allow":["GET"]}}],"collection":[{"href":"https:\/\/www.tourisme-valdemarne.com\/espace-pro\/wp-json\/wp\/v2\/pages"}],"about":[{"href":"https:\/\/www.tourisme-valdemarne.com\/espace-pro\/wp-json\/wp\/v2\/types\/page"}],"author":[{"embeddable":true,"href":"https:\/\/www.tourisme-valdemarne.com\/espace-pro\/wp-json\/wp\/v2\/users\/19"}],"replies":[{"embeddable":true,"href":"https:\/\/www.tourisme-valdemarne.com\/espace-pro\/wp-json\/wp\/v2\/comments?post=16464"}],"version-history":[{"count":2,"href":"https:\/\/www.tourisme-valdemarne.com\/espace-pro\/wp-json\/wp\/v2\/pages\/16464\/revisions"}],"predecessor-version":[{"id":16473,"href":"https:\/\/www.tourisme-valdemarne.com\/espace-pro\/wp-json\/wp\/v2\/pages\/16464\/revisions\/16473"}],"up":[{"embeddable":true,"href":"https:\/\/www.tourisme-valdemarne.com\/espace-pro\/wp-json\/wp\/v2\/pages\/6164"}],"wp:attachment":[{"href":"https:\/\/www.tourisme-valdemarne.com\/espace-pro\/wp-json\/wp\/v2\/media?parent=16464"}],"wp:term":[{"taxonomy":"vdmTagMarketing","embeddable":true,"href":"https:\/\/www.tourisme-valdemarne.com\/espace-pro\/wp-json\/wp\/v2\/vdmTagMarketing?post=16464"}],"curies":[{"name":"wp","href":"https:\/\/api.w.org\/{rel}","templated":true}]}}