{"id":16281,"date":"2023-10-26T14:25:47","date_gmt":"2023-10-26T12:25:47","guid":{"rendered":"https:\/\/www.tourisme-valdemarne.com\/espace-pro\/?page_id=16281"},"modified":"2023-10-26T14:43:09","modified_gmt":"2023-10-26T12:43:09","slug":"enquete-attractivite-territoriale","status":"publish","type":"page","link":"https:\/\/www.tourisme-valdemarne.com\/espace-pro\/enquete-attractivite-territoriale\/","title":{"rendered":"Attractivit\u00e9 Territoriale : Participez \u00e0 la grande enqu\u00eate lanc\u00e9e par le D\u00e9partement du Val-de-Marne&nbsp;"},"content":{"rendered":"\n<figure class=\"wp-block-image size-large\"><img width=\"1200\" height=\"738\" data-src=\"https:\/\/www.tourisme-valdemarne.com\/espace-pro\/wp-content\/uploads\/sites\/3\/2023\/10\/linkedin_520x320px-002-1200x738.jpg\" alt=\"\" class=\"wp-image-16282\" srcset=\"https:\/\/www.tourisme-valdemarne.com\/espace-pro\/wp-content\/uploads\/sites\/3\/2023\/10\/linkedin_520x320px-002-1200x738.jpg 1200w, https:\/\/www.tourisme-valdemarne.com\/espace-pro\/wp-content\/uploads\/sites\/3\/2023\/10\/linkedin_520x320px-002-600x369.jpg 600w, https:\/\/www.tourisme-valdemarne.com\/espace-pro\/wp-content\/uploads\/sites\/3\/2023\/10\/linkedin_520x320px-002-900x554.jpg 900w, https:\/\/www.tourisme-valdemarne.com\/espace-pro\/wp-content\/uploads\/sites\/3\/2023\/10\/linkedin_520x320px-002-1536x945.jpg 1536w, https:\/\/www.tourisme-valdemarne.com\/espace-pro\/wp-content\/uploads\/sites\/3\/2023\/10\/linkedin_520x320px-002-380x234.jpg 380w, https:\/\/www.tourisme-valdemarne.com\/espace-pro\/wp-content\/uploads\/sites\/3\/2023\/10\/linkedin_520x320px-002-200x123.jpg 200w, https:\/\/www.tourisme-valdemarne.com\/espace-pro\/wp-content\/uploads\/sites\/3\/2023\/10\/linkedin_520x320px-002.jpg 2048w\" sizes=\"(max-width: 1200px) 100vw, 1200px\" \/><\/figure>\n\n\n\n<p>Le Val-de-Marne, c\u2019est vous qui en parlez le mieux ! Le D\u00e9partement du Val-de-Marne lance une d\u00e9marche d&rsquo;attractivit\u00e9 territoriale visant \u00e0 mettre en lumi\u00e8re les sp\u00e9cificit\u00e9s locales, les habitants, les acteurs publics et priv\u00e9s, et \u00e0 renforcer l&rsquo;attractivit\u00e9 et la vitalit\u00e9 de notre d\u00e9partement.<\/p>\n\n\n\n<h2 class=\"wp-block-heading\">Dans quel cadre s\u2019inscrit cette d\u00e9marche&nbsp;?<\/h2>\n\n\n\n<p>Cette mission repose sur une s\u00e9rie d&rsquo;actions, dont un sondage destin\u00e9 aux Val-de-Marnais, aux acteurs institutionnels, \u00e9conomiques, associatifs, et \u00e0 tous ceux qui contribuent \u00e0 fa\u00e7onner notre territoire.&nbsp;<\/p>\n\n\n\n<p>Ce sondage rev\u00eat une importance capitale, car il permettra d\u2019\u00e9tablir un diagnostic territorial pr\u00e9cis. Le d\u00e9partement croit en la co-construction de cette histoire avec vous, les Val-de-Marnais, car vous \u00eates les meilleurs connaisseurs de notre territoire. Vous avez une vision unique et pr\u00e9cieuse de ce qui fait du Val-de-Marne un endroit exceptionnel o\u00f9 vivre et travailler.<\/p>\n\n\n\n<h2 class=\"wp-block-heading\">Partagez votre vision<\/h2>\n\n\n\n<p>Le d\u00e9partement vous invite \u00e0 partager ici vos ressentis, vos perceptions et vos attentes. Ensemble, faisons \u00e9merger une vision partag\u00e9e et durable du Val-de-Marne. Vous \u00eates un maillon essentiel de notre d\u00e9marche d&rsquo;attractivit\u00e9 territoriale.<\/p>\n\n\n\n<h2 class=\"wp-block-heading\">Objectifs de la d\u00e9marche<\/h2>\n\n\n\n<ul class=\"wp-block-list\"><li><strong>Comprendre les attentes locales<\/strong> : Le sondage permettra de mieux cerner les attentes et les besoins des habitants du Val-de-Marne.<\/li><li><strong>Valoriser les sp\u00e9cificit\u00e9s locales<\/strong> : En partageant vos exp\u00e9riences et vos points de vue, nous pourrons mettre en avant les sp\u00e9cificit\u00e9s locales du d\u00e9partement et ses r\u00e9ussites.<\/li><li><strong>Renforcer l&rsquo;attractivit\u00e9 et le dynamisme<\/strong> : Votre participation contribuera \u00e0 rendre notre d\u00e9partement plus attractif et dynamique, tout en d\u00e9veloppant une identit\u00e9 territoriale forte.<\/li><\/ul>\n\n\n\n<h2 class=\"wp-block-heading\">Phases de la D\u00e9marche<\/h2>\n\n\n\n<ul class=\"wp-block-list\"><li>Automne 2023 &#8211; Qui sommes-nous ? Qu&rsquo;est-ce qui nous caract\u00e9rise ? Participez \u00e0 l&rsquo;enqu\u00eate et aidez-nous \u00e0 mieux comprendre notre identit\u00e9 collective.<\/li><li>Rentr\u00e9e 2024 &#8211; Comment le dire ? \u00c0 qui voulons-nous le dire ? Explorez les moyens de communiquer sur notre territoire et identifiez les publics cibles.<\/li><li>Printemps 2024 &#8211; Comment le cr\u00e9dibiliser dans nos offres et nos actions ? Contribuez \u00e0 la r\u00e9flexion sur la mani\u00e8re de renforcer notre identit\u00e9 territoriale dans nos actions futures.<\/li><\/ul>\n\n\n\n<h2 class=\"wp-block-heading\">Participez au Sondage<\/h2>\n\n\n\n<p>Votre voix compte ! <a href=\"https:\/\/demain.valdemarne.fr\/\">R\u00e9pondez \u00e0 l&rsquo;enqu\u00eate<\/a> et participez activement \u00e0 la construction de l&rsquo;avenir du Val-de-Marne.<\/p>\n\n\n\n<p>Le d\u00e9partement vous remercie pour votre pr\u00e9cieuse contribution \u00e0 cette d\u00e9marche d&rsquo;attractivit\u00e9 territoriale du Val-de-Marne. Votre participation est essentielle pour fa\u00e7onner notre avenir collectif.<\/p>\n","protected":false},"excerpt":{"rendered":"<p>Le Val-de-Marne, c\u2019est vous qui en parlez le mieux ! Le D\u00e9partement du Val-de-Marne lance une d\u00e9marche d&rsquo;attractivit\u00e9 territoriale visant \u00e0 mettre en lumi\u00e8re les sp\u00e9cificit\u00e9s locales, les habitants, les acteurs publics et priv\u00e9s, et \u00e0 renforcer l&rsquo;attractivit\u00e9 et la vitalit\u00e9 de notre d\u00e9partement. Dans quel cadre s\u2019inscrit cette d\u00e9marche&nbsp;? Cette mission repose sur une [&hellip;]<\/p>\n","protected":false},"author":19,"featured_media":16282,"parent":0,"menu_order":0,"comment_status":"closed","ping_status":"closed","template":"","meta":{"_relevanssi_hide_post":"","_relevanssi_hide_content":"","_relevanssi_pin_for_all":"","_relevanssi_pin_keywords":"","_relevanssi_unpin_keywords":"","_relevanssi_related_keywords":"","_relevanssi_related_include_ids":"","_relevanssi_related_exclude_ids":"","_relevanssi_related_no_append":"","_relevanssi_related_not_related":"","_relevanssi_related_posts":"8104,8108,8084,444,8105,2749","_relevanssi_noindex_reason":"","footnotes":""},"vdmTagMarketing":[],"class_list":["post-16281","page","type-page","status-publish","has-post-thumbnail","hentry"],"acf":[],"yoast_head":"<!-- This site is optimized with the Yoast SEO plugin v23.9 - https:\/\/yoast.com\/wordpress\/plugins\/seo\/ -->\n<title>La grande enqu\u00eate d&#039;attractivit\u00e9 territoriale du Val-de-Marne<\/title>\n<meta name=\"description\" content=\"Le d\u00e9partement du Val-de-Marne lance une grande enqu\u00eate pour mobiliser tous les acteurs \u00e0 d\u00e9finir l&#039;attractivit\u00e9 du d\u00e9partement.\" \/>\n<meta name=\"robots\" content=\"index, follow, max-snippet:-1, max-image-preview:large, max-video-preview:-1\" \/>\n<link rel=\"canonical\" href=\"https:\/\/www.tourisme-valdemarne.com\/espace-pro\/enquete-attractivite-territoriale\/\" \/>\n<meta property=\"og:locale\" content=\"fr_FR\" \/>\n<meta property=\"og:type\" content=\"article\" \/>\n<meta property=\"og:title\" content=\"La grande enqu\u00eate d&#039;attractivit\u00e9 territoriale du Val-de-Marne\" \/>\n<meta property=\"og:description\" content=\"Le d\u00e9partement du Val-de-Marne lance une grande enqu\u00eate pour mobiliser tous les acteurs \u00e0 d\u00e9finir l&#039;attractivit\u00e9 du d\u00e9partement.\" \/>\n<meta property=\"og:url\" content=\"https:\/\/www.tourisme-valdemarne.com\/espace-pro\/enquete-attractivite-territoriale\/\" \/>\n<meta property=\"og:site_name\" content=\"Espace Pro\" \/>\n<meta property=\"article:modified_time\" content=\"2023-10-26T12:43:09+00:00\" \/>\n<meta property=\"og:image\" content=\"https:\/\/www.tourisme-valdemarne.com\/espace-pro\/wp-content\/uploads\/sites\/3\/2023\/10\/linkedin_520x320px-002.jpg\" \/>\n\t<meta property=\"og:image:width\" content=\"2048\" \/>\n\t<meta property=\"og:image:height\" content=\"1260\" \/>\n\t<meta property=\"og:image:type\" content=\"image\/jpeg\" \/>\n<meta name=\"twitter:card\" content=\"summary_large_image\" \/>\n<meta name=\"twitter:label1\" content=\"Dur\u00e9e de lecture estim\u00e9e\" \/>\n\t<meta name=\"twitter:data1\" content=\"3 minutes\" \/>\n<script type=\"application\/ld+json\" class=\"yoast-schema-graph\">{\"@context\":\"https:\/\/schema.org\",\"@graph\":[{\"@type\":\"WebPage\",\"@id\":\"https:\/\/www.tourisme-valdemarne.com\/espace-pro\/enquete-attractivite-territoriale\/\",\"url\":\"https:\/\/www.tourisme-valdemarne.com\/espace-pro\/enquete-attractivite-territoriale\/\",\"name\":\"La grande enqu\u00eate d'attractivit\u00e9 territoriale du Val-de-Marne\",\"isPartOf\":{\"@id\":\"https:\/\/www.tourisme-valdemarne.com\/espace-pro\/#website\"},\"primaryImageOfPage\":{\"@id\":\"https:\/\/www.tourisme-valdemarne.com\/espace-pro\/enquete-attractivite-territoriale\/#primaryimage\"},\"image\":{\"@id\":\"https:\/\/www.tourisme-valdemarne.com\/espace-pro\/enquete-attractivite-territoriale\/#primaryimage\"},\"thumbnailUrl\":\"https:\/\/www.tourisme-valdemarne.com\/espace-pro\/wp-content\/uploads\/sites\/3\/2023\/10\/linkedin_520x320px-002.jpg\",\"datePublished\":\"2023-10-26T12:25:47+00:00\",\"dateModified\":\"2023-10-26T12:43:09+00:00\",\"description\":\"Le d\u00e9partement du Val-de-Marne lance une grande enqu\u00eate pour mobiliser tous les acteurs \u00e0 d\u00e9finir l'attractivit\u00e9 du d\u00e9partement.\",\"breadcrumb\":{\"@id\":\"https:\/\/www.tourisme-valdemarne.com\/espace-pro\/enquete-attractivite-territoriale\/#breadcrumb\"},\"inLanguage\":\"fr-FR\",\"potentialAction\":[{\"@type\":\"ReadAction\",\"target\":[\"https:\/\/www.tourisme-valdemarne.com\/espace-pro\/enquete-attractivite-territoriale\/\"]}]},{\"@type\":\"ImageObject\",\"inLanguage\":\"fr-FR\",\"@id\":\"https:\/\/www.tourisme-valdemarne.com\/espace-pro\/enquete-attractivite-territoriale\/#primaryimage\",\"url\":\"https:\/\/www.tourisme-valdemarne.com\/espace-pro\/wp-content\/uploads\/sites\/3\/2023\/10\/linkedin_520x320px-002.jpg\",\"contentUrl\":\"https:\/\/www.tourisme-valdemarne.com\/espace-pro\/wp-content\/uploads\/sites\/3\/2023\/10\/linkedin_520x320px-002.jpg\",\"width\":2048,\"height\":1260},{\"@type\":\"BreadcrumbList\",\"@id\":\"https:\/\/www.tourisme-valdemarne.com\/espace-pro\/enquete-attractivite-territoriale\/#breadcrumb\",\"itemListElement\":[{\"@type\":\"ListItem\",\"position\":1,\"name\":\"Accueil\",\"item\":\"https:\/\/www.tourisme-valdemarne.com\/espace-pro\/\"},{\"@type\":\"ListItem\",\"position\":2,\"name\":\"Attractivit\u00e9 Territoriale : Participez \u00e0 la grande enqu\u00eate lanc\u00e9e par le D\u00e9partement du Val-de-Marne&nbsp;\"}]},{\"@type\":\"WebSite\",\"@id\":\"https:\/\/www.tourisme-valdemarne.com\/espace-pro\/#website\",\"url\":\"https:\/\/www.tourisme-valdemarne.com\/espace-pro\/\",\"name\":\"Espace Pro\",\"description\":\"Informations et outils pour les professionnels et la Presse\",\"potentialAction\":[{\"@type\":\"SearchAction\",\"target\":{\"@type\":\"EntryPoint\",\"urlTemplate\":\"https:\/\/www.tourisme-valdemarne.com\/espace-pro\/?s={search_term_string}\"},\"query-input\":{\"@type\":\"PropertyValueSpecification\",\"valueRequired\":true,\"valueName\":\"search_term_string\"}}],\"inLanguage\":\"fr-FR\"}]}<\/script>\n<!-- \/ Yoast SEO plugin. -->","yoast_head_json":{"title":"La grande enqu\u00eate d'attractivit\u00e9 territoriale du Val-de-Marne","description":"Le d\u00e9partement du Val-de-Marne lance une grande enqu\u00eate pour mobiliser tous les acteurs \u00e0 d\u00e9finir l'attractivit\u00e9 du d\u00e9partement.","robots":{"index":"index","follow":"follow","max-snippet":"max-snippet:-1","max-image-preview":"max-image-preview:large","max-video-preview":"max-video-preview:-1"},"canonical":"https:\/\/www.tourisme-valdemarne.com\/espace-pro\/enquete-attractivite-territoriale\/","og_locale":"fr_FR","og_type":"article","og_title":"La grande enqu\u00eate d'attractivit\u00e9 territoriale du Val-de-Marne","og_description":"Le d\u00e9partement du Val-de-Marne lance une grande enqu\u00eate pour mobiliser tous les acteurs \u00e0 d\u00e9finir l'attractivit\u00e9 du d\u00e9partement.","og_url":"https:\/\/www.tourisme-valdemarne.com\/espace-pro\/enquete-attractivite-territoriale\/","og_site_name":"Espace Pro","article_modified_time":"2023-10-26T12:43:09+00:00","og_image":[{"width":2048,"height":1260,"url":"https:\/\/www.tourisme-valdemarne.com\/espace-pro\/wp-content\/uploads\/sites\/3\/2023\/10\/linkedin_520x320px-002.jpg","type":"image\/jpeg"}],"twitter_card":"summary_large_image","twitter_misc":{"Dur\u00e9e de lecture estim\u00e9e":"3 minutes"},"schema":{"@context":"https:\/\/schema.org","@graph":[{"@type":"WebPage","@id":"https:\/\/www.tourisme-valdemarne.com\/espace-pro\/enquete-attractivite-territoriale\/","url":"https:\/\/www.tourisme-valdemarne.com\/espace-pro\/enquete-attractivite-territoriale\/","name":"La grande enqu\u00eate d'attractivit\u00e9 territoriale du Val-de-Marne","isPartOf":{"@id":"https:\/\/www.tourisme-valdemarne.com\/espace-pro\/#website"},"primaryImageOfPage":{"@id":"https:\/\/www.tourisme-valdemarne.com\/espace-pro\/enquete-attractivite-territoriale\/#primaryimage"},"image":{"@id":"https:\/\/www.tourisme-valdemarne.com\/espace-pro\/enquete-attractivite-territoriale\/#primaryimage"},"thumbnailUrl":"https:\/\/www.tourisme-valdemarne.com\/espace-pro\/wp-content\/uploads\/sites\/3\/2023\/10\/linkedin_520x320px-002.jpg","datePublished":"2023-10-26T12:25:47+00:00","dateModified":"2023-10-26T12:43:09+00:00","description":"Le d\u00e9partement du Val-de-Marne lance une grande enqu\u00eate pour mobiliser tous les acteurs \u00e0 d\u00e9finir l'attractivit\u00e9 du d\u00e9partement.","breadcrumb":{"@id":"https:\/\/www.tourisme-valdemarne.com\/espace-pro\/enquete-attractivite-territoriale\/#breadcrumb"},"inLanguage":"fr-FR","potentialAction":[{"@type":"ReadAction","target":["https:\/\/www.tourisme-valdemarne.com\/espace-pro\/enquete-attractivite-territoriale\/"]}]},{"@type":"ImageObject","inLanguage":"fr-FR","@id":"https:\/\/www.tourisme-valdemarne.com\/espace-pro\/enquete-attractivite-territoriale\/#primaryimage","url":"https:\/\/www.tourisme-valdemarne.com\/espace-pro\/wp-content\/uploads\/sites\/3\/2023\/10\/linkedin_520x320px-002.jpg","contentUrl":"https:\/\/www.tourisme-valdemarne.com\/espace-pro\/wp-content\/uploads\/sites\/3\/2023\/10\/linkedin_520x320px-002.jpg","width":2048,"height":1260},{"@type":"BreadcrumbList","@id":"https:\/\/www.tourisme-valdemarne.com\/espace-pro\/enquete-attractivite-territoriale\/#breadcrumb","itemListElement":[{"@type":"ListItem","position":1,"name":"Accueil","item":"https:\/\/www.tourisme-valdemarne.com\/espace-pro\/"},{"@type":"ListItem","position":2,"name":"Attractivit\u00e9 Territoriale : Participez \u00e0 la grande enqu\u00eate lanc\u00e9e par le D\u00e9partement du Val-de-Marne&nbsp;"}]},{"@type":"WebSite","@id":"https:\/\/www.tourisme-valdemarne.com\/espace-pro\/#website","url":"https:\/\/www.tourisme-valdemarne.com\/espace-pro\/","name":"Espace Pro","description":"Informations et outils pour les professionnels et la Presse","potentialAction":[{"@type":"SearchAction","target":{"@type":"EntryPoint","urlTemplate":"https:\/\/www.tourisme-valdemarne.com\/espace-pro\/?s={search_term_string}"},"query-input":{"@type":"PropertyValueSpecification","valueRequired":true,"valueName":"search_term_string"}}],"inLanguage":"fr-FR"}]}},"_links":{"self":[{"href":"https:\/\/www.tourisme-valdemarne.com\/espace-pro\/wp-json\/wp\/v2\/pages\/16281","targetHints":{"allow":["GET"]}}],"collection":[{"href":"https:\/\/www.tourisme-valdemarne.com\/espace-pro\/wp-json\/wp\/v2\/pages"}],"about":[{"href":"https:\/\/www.tourisme-valdemarne.com\/espace-pro\/wp-json\/wp\/v2\/types\/page"}],"author":[{"embeddable":true,"href":"https:\/\/www.tourisme-valdemarne.com\/espace-pro\/wp-json\/wp\/v2\/users\/19"}],"replies":[{"embeddable":true,"href":"https:\/\/www.tourisme-valdemarne.com\/espace-pro\/wp-json\/wp\/v2\/comments?post=16281"}],"version-history":[{"count":2,"href":"https:\/\/www.tourisme-valdemarne.com\/espace-pro\/wp-json\/wp\/v2\/pages\/16281\/revisions"}],"predecessor-version":[{"id":16284,"href":"https:\/\/www.tourisme-valdemarne.com\/espace-pro\/wp-json\/wp\/v2\/pages\/16281\/revisions\/16284"}],"wp:featuredmedia":[{"embeddable":true,"href":"https:\/\/www.tourisme-valdemarne.com\/espace-pro\/wp-json\/wp\/v2\/media\/16282"}],"wp:attachment":[{"href":"https:\/\/www.tourisme-valdemarne.com\/espace-pro\/wp-json\/wp\/v2\/media?parent=16281"}],"wp:term":[{"taxonomy":"vdmTagMarketing","embeddable":true,"href":"https:\/\/www.tourisme-valdemarne.com\/espace-pro\/wp-json\/wp\/v2\/vdmTagMarketing?post=16281"}],"curies":[{"name":"wp","href":"https:\/\/api.w.org\/{rel}","templated":true}]}}