{"id":15542,"date":"2023-07-21T09:29:39","date_gmt":"2023-07-21T07:29:39","guid":{"rendered":"https:\/\/www.tourisme-valdemarne.com\/espace-pro\/?page_id=15542"},"modified":"2023-07-21T09:52:44","modified_gmt":"2023-07-21T07:52:44","slug":"appel-a-projet-pour-la-conception-et-animation-dune-visite-architecturale-a-creteil","status":"publish","type":"page","link":"https:\/\/www.tourisme-valdemarne.com\/espace-pro\/actualites\/appel-a-projet-pour-la-conception-et-animation-dune-visite-architecturale-a-creteil\/","title":{"rendered":"Appel \u00e0 projet pour la conception et animation d\u2019une visite architecturale \u00e0 Cr\u00e9teil"},"content":{"rendered":"\n<p class=\"is-style-excerpt\">Val-de-Marne Tourisme &amp; Loisirs souhaite soutenir les guides-conf\u00e9renciers et guides touristiques dans la relance de leur activit\u00e9 post-Covid, par le d\u00e9veloppement et l\u2019aide \u00e0 la commercialisation de nouvelles visites et balades en Val-de-Marne. Dans ce cadre, Val-de-Marne Tourisme &amp; Loisirs lance un appel \u00e0 projet pour la conception et l&rsquo;animation d&rsquo;une visite architecturale p\u00e9renne \u00e0 Cr\u00e9teil.<\/p>\n\n\n\n<p class=\"has-text-align-center\"><strong>Date limite de candidature : lundi 4 septembre 2023<\/strong><\/p>\n\n\n\n<p>Cette consultation vise \u00e0 s\u00e9lectionner un guide qui sera charg\u00e9 de cr\u00e9er puis d\u2019animer un parcours de balade sur l\u2019architecture aux abords du lac de Cr\u00e9teil.<\/p>\n\n\n\n<p>La mission inclut :<\/p>\n\n\n\n<ul class=\"wp-block-list\"><li>La d\u00e9finition du parcours, des points d\u2019int\u00e9r\u00eat et th\u00e9matiques abord\u00e9s, en lien avec le service<br>d\u00e9veloppement de Val-de-Marne Tourisme et Loisirs,<\/li><li>La prise de contact avec les acteurs locaux concern\u00e9s par le parcours,<\/li><li>L\u2019animation d\u2019une premi\u00e8re visite.<\/li><\/ul>\n\n\n\n<p>L\u2019objectif \u00e9tant de cr\u00e9er des parcours p\u00e9rennes, le guide retenu s\u2019engagera \u00e0 proposer ce parcours de fa\u00e7on r\u00e9guli\u00e8re dans le courant de l\u2019ann\u00e9e (au moins une fois tous les deux mois). \u00c0 partir de la 2e date, le guide sera r\u00e9mun\u00e9r\u00e9 par le reversement des r\u00e9servations enregistr\u00e9es sur la plateforme <a href=\"https:\/\/exploreparis.com\/fr\/\"><strong>Explore Paris<\/strong><\/a> et les autres moyens de r\u00e9servations qu\u2019il souhaite utiliser. Seule la 1e date est prise en charge dans le cadre de cette mission. Le guide fixera le tarif de la balade aupr\u00e8s du public avec le conseil de Val-de-Marne Tourisme &amp; Loisirs. <\/p>\n\n\n\n<p>Le service D\u00e9veloppement de Val-de-Marne Tourisme et Loisirs accompagnera le guide retenu : documentation, mise en contacts avec des partenaires locaux ou collectivit\u00e9s, conseil pour la commercialisation, communication sur le lancement du nouveau parcours, etc.<\/p>\n\n\n\n<div class=\"wp-block-buttons is-content-justification-center is-layout-flex wp-container-core-buttons-is-layout-1 wp-block-buttons-is-layout-flex\">\n<div class=\"wp-block-button\"><a class=\"wp-block-button__link\" href=\"https:\/\/www.tourisme-valdemarne.com\/espace-pro\/wp-content\/uploads\/sites\/3\/2023\/07\/consultation-pour-la-creation-dune-balade-a-creteil.pdf\" target=\"_blank\" rel=\"noreferrer noopener\">En savoir plus sur l&rsquo;appel \u00e0 projet<\/a><\/div>\n<\/div>\n","protected":false},"excerpt":{"rendered":"<p>Val-de-Marne Tourisme &amp; Loisirs souhaite soutenir les guides-conf\u00e9renciers et guides touristiques dans la relance de leur activit\u00e9 post-Covid, par le d\u00e9veloppement et l\u2019aide \u00e0 la commercialisation de nouvelles visites et balades en Val-de-Marne. Dans ce cadre, Val-de-Marne Tourisme &amp; Loisirs lance un appel \u00e0 projet pour la conception et l&rsquo;animation d&rsquo;une visite architecturale p\u00e9renne \u00e0 [&hellip;]<\/p>\n","protected":false},"author":16,"featured_media":15543,"parent":6164,"menu_order":0,"comment_status":"closed","ping_status":"closed","template":"","meta":{"_relevanssi_hide_post":"","_relevanssi_hide_content":"","_relevanssi_pin_for_all":"","_relevanssi_pin_keywords":"","_relevanssi_unpin_keywords":"","_relevanssi_related_keywords":"","_relevanssi_related_include_ids":"","_relevanssi_related_exclude_ids":"","_relevanssi_related_no_append":"","_relevanssi_related_not_related":"","_relevanssi_related_posts":"8104,8084,2741,8083,8090,2749","_relevanssi_noindex_reason":"","footnotes":""},"vdmTagMarketing":[],"class_list":["post-15542","page","type-page","status-publish","has-post-thumbnail","hentry"],"acf":[],"yoast_head":"<!-- This site is optimized with the Yoast SEO plugin v23.9 - https:\/\/yoast.com\/wordpress\/plugins\/seo\/ -->\n<title>Appel \u00e0 projet pour la conception et animation d\u2019une visite architecturale \u00e0 Cr\u00e9teil - Espace Pro<\/title>\n<meta name=\"robots\" content=\"index, follow, max-snippet:-1, max-image-preview:large, max-video-preview:-1\" \/>\n<link rel=\"canonical\" href=\"https:\/\/www.tourisme-valdemarne.com\/espace-pro\/actualites\/appel-a-projet-pour-la-conception-et-animation-dune-visite-architecturale-a-creteil\/\" \/>\n<meta property=\"og:locale\" content=\"fr_FR\" \/>\n<meta property=\"og:type\" content=\"article\" \/>\n<meta property=\"og:title\" content=\"Appel \u00e0 projet pour la conception et animation d\u2019une visite architecturale \u00e0 Cr\u00e9teil - Espace Pro\" \/>\n<meta property=\"og:description\" content=\"Val-de-Marne Tourisme &amp; Loisirs souhaite soutenir les guides-conf\u00e9renciers et guides touristiques dans la relance de leur activit\u00e9 post-Covid, par le d\u00e9veloppement et l\u2019aide \u00e0 la commercialisation de nouvelles visites et balades en Val-de-Marne. Dans ce cadre, Val-de-Marne Tourisme &amp; Loisirs lance un appel \u00e0 projet pour la conception et l&rsquo;animation d&rsquo;une visite architecturale p\u00e9renne \u00e0 [&hellip;]\" \/>\n<meta property=\"og:url\" content=\"https:\/\/www.tourisme-valdemarne.com\/espace-pro\/actualites\/appel-a-projet-pour-la-conception-et-animation-dune-visite-architecturale-a-creteil\/\" \/>\n<meta property=\"og:site_name\" content=\"Espace Pro\" \/>\n<meta property=\"article:modified_time\" content=\"2023-07-21T07:52:44+00:00\" \/>\n<meta property=\"og:image\" content=\"https:\/\/www.tourisme-valdemarne.com\/espace-pro\/wp-content\/uploads\/sites\/3\/2023\/07\/architecture-creteil-choux-immeuble-d-t-1600x900-1-1200x675-1.jpg\" \/>\n\t<meta property=\"og:image:width\" content=\"1200\" \/>\n\t<meta property=\"og:image:height\" content=\"675\" \/>\n\t<meta property=\"og:image:type\" content=\"image\/jpeg\" \/>\n<meta name=\"twitter:card\" content=\"summary_large_image\" \/>\n<meta name=\"twitter:label1\" content=\"Dur\u00e9e de lecture estim\u00e9e\" \/>\n\t<meta name=\"twitter:data1\" content=\"2 minutes\" \/>\n<script type=\"application\/ld+json\" class=\"yoast-schema-graph\">{\"@context\":\"https:\/\/schema.org\",\"@graph\":[{\"@type\":\"WebPage\",\"@id\":\"https:\/\/www.tourisme-valdemarne.com\/espace-pro\/actualites\/appel-a-projet-pour-la-conception-et-animation-dune-visite-architecturale-a-creteil\/\",\"url\":\"https:\/\/www.tourisme-valdemarne.com\/espace-pro\/actualites\/appel-a-projet-pour-la-conception-et-animation-dune-visite-architecturale-a-creteil\/\",\"name\":\"Appel \u00e0 projet pour la conception et animation d\u2019une visite architecturale \u00e0 Cr\u00e9teil - Espace Pro\",\"isPartOf\":{\"@id\":\"https:\/\/www.tourisme-valdemarne.com\/espace-pro\/#website\"},\"primaryImageOfPage\":{\"@id\":\"https:\/\/www.tourisme-valdemarne.com\/espace-pro\/actualites\/appel-a-projet-pour-la-conception-et-animation-dune-visite-architecturale-a-creteil\/#primaryimage\"},\"image\":{\"@id\":\"https:\/\/www.tourisme-valdemarne.com\/espace-pro\/actualites\/appel-a-projet-pour-la-conception-et-animation-dune-visite-architecturale-a-creteil\/#primaryimage\"},\"thumbnailUrl\":\"https:\/\/www.tourisme-valdemarne.com\/espace-pro\/wp-content\/uploads\/sites\/3\/2023\/07\/architecture-creteil-choux-immeuble-d-t-1600x900-1-1200x675-1.jpg\",\"datePublished\":\"2023-07-21T07:29:39+00:00\",\"dateModified\":\"2023-07-21T07:52:44+00:00\",\"breadcrumb\":{\"@id\":\"https:\/\/www.tourisme-valdemarne.com\/espace-pro\/actualites\/appel-a-projet-pour-la-conception-et-animation-dune-visite-architecturale-a-creteil\/#breadcrumb\"},\"inLanguage\":\"fr-FR\",\"potentialAction\":[{\"@type\":\"ReadAction\",\"target\":[\"https:\/\/www.tourisme-valdemarne.com\/espace-pro\/actualites\/appel-a-projet-pour-la-conception-et-animation-dune-visite-architecturale-a-creteil\/\"]}]},{\"@type\":\"ImageObject\",\"inLanguage\":\"fr-FR\",\"@id\":\"https:\/\/www.tourisme-valdemarne.com\/espace-pro\/actualites\/appel-a-projet-pour-la-conception-et-animation-dune-visite-architecturale-a-creteil\/#primaryimage\",\"url\":\"https:\/\/www.tourisme-valdemarne.com\/espace-pro\/wp-content\/uploads\/sites\/3\/2023\/07\/architecture-creteil-choux-immeuble-d-t-1600x900-1-1200x675-1.jpg\",\"contentUrl\":\"https:\/\/www.tourisme-valdemarne.com\/espace-pro\/wp-content\/uploads\/sites\/3\/2023\/07\/architecture-creteil-choux-immeuble-d-t-1600x900-1-1200x675-1.jpg\",\"width\":1200,\"height\":675,\"caption\":\"architecture choux creteil\"},{\"@type\":\"BreadcrumbList\",\"@id\":\"https:\/\/www.tourisme-valdemarne.com\/espace-pro\/actualites\/appel-a-projet-pour-la-conception-et-animation-dune-visite-architecturale-a-creteil\/#breadcrumb\",\"itemListElement\":[{\"@type\":\"ListItem\",\"position\":1,\"name\":\"Accueil\",\"item\":\"https:\/\/www.tourisme-valdemarne.com\/espace-pro\/\"},{\"@type\":\"ListItem\",\"position\":2,\"name\":\"Actualit\u00e9s de l&rsquo;espace pro\",\"item\":\"https:\/\/www.tourisme-valdemarne.com\/espace-pro\/actualites\/\"},{\"@type\":\"ListItem\",\"position\":3,\"name\":\"Appel \u00e0 projet pour la conception et animation d\u2019une visite architecturale \u00e0 Cr\u00e9teil\"}]},{\"@type\":\"WebSite\",\"@id\":\"https:\/\/www.tourisme-valdemarne.com\/espace-pro\/#website\",\"url\":\"https:\/\/www.tourisme-valdemarne.com\/espace-pro\/\",\"name\":\"Espace Pro\",\"description\":\"Informations et outils pour les professionnels et la Presse\",\"potentialAction\":[{\"@type\":\"SearchAction\",\"target\":{\"@type\":\"EntryPoint\",\"urlTemplate\":\"https:\/\/www.tourisme-valdemarne.com\/espace-pro\/?s={search_term_string}\"},\"query-input\":{\"@type\":\"PropertyValueSpecification\",\"valueRequired\":true,\"valueName\":\"search_term_string\"}}],\"inLanguage\":\"fr-FR\"}]}<\/script>\n<!-- \/ Yoast SEO plugin. -->","yoast_head_json":{"title":"Appel \u00e0 projet pour la conception et animation d\u2019une visite architecturale \u00e0 Cr\u00e9teil - Espace Pro","robots":{"index":"index","follow":"follow","max-snippet":"max-snippet:-1","max-image-preview":"max-image-preview:large","max-video-preview":"max-video-preview:-1"},"canonical":"https:\/\/www.tourisme-valdemarne.com\/espace-pro\/actualites\/appel-a-projet-pour-la-conception-et-animation-dune-visite-architecturale-a-creteil\/","og_locale":"fr_FR","og_type":"article","og_title":"Appel \u00e0 projet pour la conception et animation d\u2019une visite architecturale \u00e0 Cr\u00e9teil - Espace Pro","og_description":"Val-de-Marne Tourisme &amp; Loisirs souhaite soutenir les guides-conf\u00e9renciers et guides touristiques dans la relance de leur activit\u00e9 post-Covid, par le d\u00e9veloppement et l\u2019aide \u00e0 la commercialisation de nouvelles visites et balades en Val-de-Marne. Dans ce cadre, Val-de-Marne Tourisme &amp; Loisirs lance un appel \u00e0 projet pour la conception et l&rsquo;animation d&rsquo;une visite architecturale p\u00e9renne \u00e0 [&hellip;]","og_url":"https:\/\/www.tourisme-valdemarne.com\/espace-pro\/actualites\/appel-a-projet-pour-la-conception-et-animation-dune-visite-architecturale-a-creteil\/","og_site_name":"Espace Pro","article_modified_time":"2023-07-21T07:52:44+00:00","og_image":[{"width":1200,"height":675,"url":"https:\/\/www.tourisme-valdemarne.com\/espace-pro\/wp-content\/uploads\/sites\/3\/2023\/07\/architecture-creteil-choux-immeuble-d-t-1600x900-1-1200x675-1.jpg","type":"image\/jpeg"}],"twitter_card":"summary_large_image","twitter_misc":{"Dur\u00e9e de lecture estim\u00e9e":"2 minutes"},"schema":{"@context":"https:\/\/schema.org","@graph":[{"@type":"WebPage","@id":"https:\/\/www.tourisme-valdemarne.com\/espace-pro\/actualites\/appel-a-projet-pour-la-conception-et-animation-dune-visite-architecturale-a-creteil\/","url":"https:\/\/www.tourisme-valdemarne.com\/espace-pro\/actualites\/appel-a-projet-pour-la-conception-et-animation-dune-visite-architecturale-a-creteil\/","name":"Appel \u00e0 projet pour la conception et animation d\u2019une visite architecturale \u00e0 Cr\u00e9teil - Espace Pro","isPartOf":{"@id":"https:\/\/www.tourisme-valdemarne.com\/espace-pro\/#website"},"primaryImageOfPage":{"@id":"https:\/\/www.tourisme-valdemarne.com\/espace-pro\/actualites\/appel-a-projet-pour-la-conception-et-animation-dune-visite-architecturale-a-creteil\/#primaryimage"},"image":{"@id":"https:\/\/www.tourisme-valdemarne.com\/espace-pro\/actualites\/appel-a-projet-pour-la-conception-et-animation-dune-visite-architecturale-a-creteil\/#primaryimage"},"thumbnailUrl":"https:\/\/www.tourisme-valdemarne.com\/espace-pro\/wp-content\/uploads\/sites\/3\/2023\/07\/architecture-creteil-choux-immeuble-d-t-1600x900-1-1200x675-1.jpg","datePublished":"2023-07-21T07:29:39+00:00","dateModified":"2023-07-21T07:52:44+00:00","breadcrumb":{"@id":"https:\/\/www.tourisme-valdemarne.com\/espace-pro\/actualites\/appel-a-projet-pour-la-conception-et-animation-dune-visite-architecturale-a-creteil\/#breadcrumb"},"inLanguage":"fr-FR","potentialAction":[{"@type":"ReadAction","target":["https:\/\/www.tourisme-valdemarne.com\/espace-pro\/actualites\/appel-a-projet-pour-la-conception-et-animation-dune-visite-architecturale-a-creteil\/"]}]},{"@type":"ImageObject","inLanguage":"fr-FR","@id":"https:\/\/www.tourisme-valdemarne.com\/espace-pro\/actualites\/appel-a-projet-pour-la-conception-et-animation-dune-visite-architecturale-a-creteil\/#primaryimage","url":"https:\/\/www.tourisme-valdemarne.com\/espace-pro\/wp-content\/uploads\/sites\/3\/2023\/07\/architecture-creteil-choux-immeuble-d-t-1600x900-1-1200x675-1.jpg","contentUrl":"https:\/\/www.tourisme-valdemarne.com\/espace-pro\/wp-content\/uploads\/sites\/3\/2023\/07\/architecture-creteil-choux-immeuble-d-t-1600x900-1-1200x675-1.jpg","width":1200,"height":675,"caption":"architecture choux creteil"},{"@type":"BreadcrumbList","@id":"https:\/\/www.tourisme-valdemarne.com\/espace-pro\/actualites\/appel-a-projet-pour-la-conception-et-animation-dune-visite-architecturale-a-creteil\/#breadcrumb","itemListElement":[{"@type":"ListItem","position":1,"name":"Accueil","item":"https:\/\/www.tourisme-valdemarne.com\/espace-pro\/"},{"@type":"ListItem","position":2,"name":"Actualit\u00e9s de l&rsquo;espace pro","item":"https:\/\/www.tourisme-valdemarne.com\/espace-pro\/actualites\/"},{"@type":"ListItem","position":3,"name":"Appel \u00e0 projet pour la conception et animation d\u2019une visite architecturale \u00e0 Cr\u00e9teil"}]},{"@type":"WebSite","@id":"https:\/\/www.tourisme-valdemarne.com\/espace-pro\/#website","url":"https:\/\/www.tourisme-valdemarne.com\/espace-pro\/","name":"Espace Pro","description":"Informations et outils pour les professionnels et la Presse","potentialAction":[{"@type":"SearchAction","target":{"@type":"EntryPoint","urlTemplate":"https:\/\/www.tourisme-valdemarne.com\/espace-pro\/?s={search_term_string}"},"query-input":{"@type":"PropertyValueSpecification","valueRequired":true,"valueName":"search_term_string"}}],"inLanguage":"fr-FR"}]}},"_links":{"self":[{"href":"https:\/\/www.tourisme-valdemarne.com\/espace-pro\/wp-json\/wp\/v2\/pages\/15542","targetHints":{"allow":["GET"]}}],"collection":[{"href":"https:\/\/www.tourisme-valdemarne.com\/espace-pro\/wp-json\/wp\/v2\/pages"}],"about":[{"href":"https:\/\/www.tourisme-valdemarne.com\/espace-pro\/wp-json\/wp\/v2\/types\/page"}],"author":[{"embeddable":true,"href":"https:\/\/www.tourisme-valdemarne.com\/espace-pro\/wp-json\/wp\/v2\/users\/16"}],"replies":[{"embeddable":true,"href":"https:\/\/www.tourisme-valdemarne.com\/espace-pro\/wp-json\/wp\/v2\/comments?post=15542"}],"version-history":[{"count":5,"href":"https:\/\/www.tourisme-valdemarne.com\/espace-pro\/wp-json\/wp\/v2\/pages\/15542\/revisions"}],"predecessor-version":[{"id":15556,"href":"https:\/\/www.tourisme-valdemarne.com\/espace-pro\/wp-json\/wp\/v2\/pages\/15542\/revisions\/15556"}],"up":[{"embeddable":true,"href":"https:\/\/www.tourisme-valdemarne.com\/espace-pro\/wp-json\/wp\/v2\/pages\/6164"}],"wp:featuredmedia":[{"embeddable":true,"href":"https:\/\/www.tourisme-valdemarne.com\/espace-pro\/wp-json\/wp\/v2\/media\/15543"}],"wp:attachment":[{"href":"https:\/\/www.tourisme-valdemarne.com\/espace-pro\/wp-json\/wp\/v2\/media?parent=15542"}],"wp:term":[{"taxonomy":"vdmTagMarketing","embeddable":true,"href":"https:\/\/www.tourisme-valdemarne.com\/espace-pro\/wp-json\/wp\/v2\/vdmTagMarketing?post=15542"}],"curies":[{"name":"wp","href":"https:\/\/api.w.org\/{rel}","templated":true}]}}