{"id":146,"date":"2019-04-16T16:11:13","date_gmt":"2019-04-16T14:11:13","guid":{"rendered":"https:\/\/www.tourisme-valdemarne.com\/espace-pro\/le-service-affaires"},"modified":"2024-02-08T14:12:31","modified_gmt":"2024-02-08T13:12:31","slug":"le-service-affaires","status":"publish","type":"page","link":"https:\/\/www.tourisme-valdemarne.com\/espace-pro\/seminaires-et-receptions-pro\/le-service-affaires\/","title":{"rendered":"Le service affaires de Val-de-Marne Tourisme"},"content":{"rendered":"\n<p class=\"is-style-excerpt\"> Le p\u00f4le Affaires de Val-de-Marne Tourisme &amp; Loisirs est \u00e0 votre \u00e9coute pour vous apporter des solutions personnalis\u00e9es et vous proposer des offres correspondant \u00e0 vos besoins.  <\/p>\n\n\n\n<p>Nous vous assistons dans l&rsquo;<strong>organisation de vos \u00e9v\u00e9nements<\/strong> dans un <a href=\"https:\/\/www.tourisme-valdemarne.com\/espace-pro\/seminaires-et-receptions-pro\/trouver-le-lieu-ideal\/thematiques\/top-3-lieux-insolites\/\" target=\"_blank\" rel=\"noreferrer noopener\">lieu insolite<\/a>, un lieu de prestige, en ville, en pleine nature ou bien au bord de l\u2019eau et organisons r\u00e9guli\u00e8rement des <strong><a href=\"https:\/\/www.tourisme-valdemarne.com\/espace-pro\/seminaires-et-receptions-pro\/eductours-salons\/eductours\/\" target=\"_blank\" rel=\"noreferrer noopener\">\u00e9ductours<\/a><\/strong> afin de vous permettre de <strong>d\u00e9couvrir le territoire<\/strong>.<\/p>\n\n\n\n<p>Situ\u00e9 au sud-est de Paris, le <a href=\"https:\/\/www.tourisme-valdemarne.com\/espace-pro\/seminaires-et-receptions-pro\/atouts-et-territoires-cles\/atouts\/\" target=\"_blank\" rel=\"noreferrer noopener\">Val-de-Marne<\/a> est un territoire privil\u00e9gi\u00e9 pour organiser vos \u00e9v\u00e8nements ou s\u00e9minaires <strong>au c\u0153ur du Grand Paris<\/strong>. Le d\u00e9partement fait partie de la 1\u00e8re r\u00e9gion \u00e9conomique europ\u00e9enne. Vous trouverez aussi bien des lieux de prestiges charg\u00e9s d\u2019histoire que des complexes h\u00f4teliers moderne offrant tous les services. Il dispose \u00e9galement de <strong>multiples atouts<\/strong> comme une offre diversifi\u00e9e, un cadre agr\u00e9able ainsi qu\u2019un acc\u00e8s facile depuis la capitale.<\/p>\n\n\n\n<p>Organisez l\u2019<strong>\u00e9v\u00e8nement qui vous ressemble<\/strong> dans le <a href=\"https:\/\/www.tourisme-valdemarne.com\/espace-pro\/seminaires-et-receptions-pro\/trouver-le-lieu-ideal\/\" target=\"_blank\" rel=\"noreferrer noopener\">lieu id\u00e9al<\/a>. Nous nous ferons un plaisir de mettre \u00e0 votre disposition notre connaissance du territoire.<\/p>\n\n\n\n<p class=\"is-style-highlight\">Conseil et r\u00e9servation au 01 55 09 30 72 ou par <a href=\"mailto:&#97;ffai&#114;es&#64;&#116;ourisme-v&#97;&#108;demar&#110;&#101;.&#99;om\" target=\"_blank\" rel=\"noreferrer noopener\" aria-label=\"mail (s\u2019ouvre dans un nouvel onglet)\">mail<\/a>.<\/p>\n","protected":false},"excerpt":{"rendered":"<p>Le p\u00f4le Affaires de Val-de-Marne Tourisme &amp; Loisirs est \u00e0 votre \u00e9coute pour vous apporter des solutions personnalis\u00e9es et vous proposer des offres correspondant \u00e0 vos besoins. Nous vous assistons dans l&rsquo;organisation de vos \u00e9v\u00e9nements dans un lieu insolite, un lieu de prestige, en ville, en pleine nature ou bien au bord de l\u2019eau et [&hellip;]<\/p>\n","protected":false},"author":1,"featured_media":875,"parent":15,"menu_order":0,"comment_status":"closed","ping_status":"closed","template":"","meta":{"_relevanssi_hide_post":"","_relevanssi_hide_content":"","_relevanssi_pin_for_all":"","_relevanssi_pin_keywords":"","_relevanssi_unpin_keywords":"","_relevanssi_related_keywords":"","_relevanssi_related_include_ids":"","_relevanssi_related_exclude_ids":"","_relevanssi_related_no_append":"","_relevanssi_related_not_related":"","_relevanssi_related_posts":"2749,8104,2751,442,8101,8095","_relevanssi_noindex_reason":"","footnotes":""},"vdmTagMarketing":[],"class_list":["post-146","page","type-page","status-publish","has-post-thumbnail","hentry"],"acf":[],"yoast_head":"<!-- This site is optimized with the Yoast SEO plugin v23.9 - https:\/\/yoast.com\/wordpress\/plugins\/seo\/ -->\n<title>Le service Affaires de Val-de-Marne Tourisme &amp; Loisirs<\/title>\n<meta name=\"description\" content=\"Le p\u00f4le Affaires de Val-de-Marne Tourisme vous assiste dans l&#039;organisation de vos \u00e9v\u00e8nements professionnels dans le d\u00e9partement.\" \/>\n<meta name=\"robots\" content=\"index, follow, max-snippet:-1, max-image-preview:large, max-video-preview:-1\" \/>\n<link rel=\"canonical\" href=\"https:\/\/www.tourisme-valdemarne.com\/espace-pro\/seminaires-et-receptions-pro\/le-service-affaires\/\" \/>\n<meta property=\"og:locale\" content=\"fr_FR\" \/>\n<meta property=\"og:type\" content=\"article\" \/>\n<meta property=\"og:title\" content=\"Le service Affaires de Val-de-Marne Tourisme &amp; Loisirs\" \/>\n<meta property=\"og:description\" content=\"Le p\u00f4le Affaires de Val-de-Marne Tourisme vous assiste dans l&#039;organisation de vos \u00e9v\u00e8nements professionnels dans le d\u00e9partement.\" \/>\n<meta property=\"og:url\" content=\"https:\/\/www.tourisme-valdemarne.com\/espace-pro\/seminaires-et-receptions-pro\/le-service-affaires\/\" \/>\n<meta property=\"og:site_name\" content=\"Espace Pro\" \/>\n<meta property=\"article:modified_time\" content=\"2024-02-08T13:12:31+00:00\" \/>\n<meta property=\"og:image\" content=\"https:\/\/www.tourisme-valdemarne.com\/espace-pro\/wp-content\/uploads\/sites\/3\/2019\/05\/pavillon-baltard-cp-cdt94-d.thierry.jpg\" \/>\n\t<meta property=\"og:image:width\" content=\"1600\" \/>\n\t<meta property=\"og:image:height\" content=\"900\" \/>\n\t<meta property=\"og:image:type\" content=\"image\/jpeg\" \/>\n<meta name=\"twitter:card\" content=\"summary_large_image\" \/>\n<meta name=\"twitter:label1\" content=\"Dur\u00e9e de lecture estim\u00e9e\" \/>\n\t<meta name=\"twitter:data1\" content=\"1 minute\" \/>\n<script type=\"application\/ld+json\" class=\"yoast-schema-graph\">{\"@context\":\"https:\/\/schema.org\",\"@graph\":[{\"@type\":\"WebPage\",\"@id\":\"https:\/\/www.tourisme-valdemarne.com\/espace-pro\/seminaires-et-receptions-pro\/le-service-affaires\/\",\"url\":\"https:\/\/www.tourisme-valdemarne.com\/espace-pro\/seminaires-et-receptions-pro\/le-service-affaires\/\",\"name\":\"Le service Affaires de Val-de-Marne Tourisme & Loisirs\",\"isPartOf\":{\"@id\":\"https:\/\/www.tourisme-valdemarne.com\/espace-pro\/#website\"},\"primaryImageOfPage\":{\"@id\":\"https:\/\/www.tourisme-valdemarne.com\/espace-pro\/seminaires-et-receptions-pro\/le-service-affaires\/#primaryimage\"},\"image\":{\"@id\":\"https:\/\/www.tourisme-valdemarne.com\/espace-pro\/seminaires-et-receptions-pro\/le-service-affaires\/#primaryimage\"},\"thumbnailUrl\":\"https:\/\/www.tourisme-valdemarne.com\/espace-pro\/wp-content\/uploads\/sites\/3\/2019\/05\/pavillon-baltard-cp-cdt94-d.thierry.jpg\",\"datePublished\":\"2019-04-16T14:11:13+00:00\",\"dateModified\":\"2024-02-08T13:12:31+00:00\",\"description\":\"Le p\u00f4le Affaires de Val-de-Marne Tourisme vous assiste dans l'organisation de vos \u00e9v\u00e8nements professionnels dans le d\u00e9partement.\",\"breadcrumb\":{\"@id\":\"https:\/\/www.tourisme-valdemarne.com\/espace-pro\/seminaires-et-receptions-pro\/le-service-affaires\/#breadcrumb\"},\"inLanguage\":\"fr-FR\",\"potentialAction\":[{\"@type\":\"ReadAction\",\"target\":[\"https:\/\/www.tourisme-valdemarne.com\/espace-pro\/seminaires-et-receptions-pro\/le-service-affaires\/\"]}]},{\"@type\":\"ImageObject\",\"inLanguage\":\"fr-FR\",\"@id\":\"https:\/\/www.tourisme-valdemarne.com\/espace-pro\/seminaires-et-receptions-pro\/le-service-affaires\/#primaryimage\",\"url\":\"https:\/\/www.tourisme-valdemarne.com\/espace-pro\/wp-content\/uploads\/sites\/3\/2019\/05\/pavillon-baltard-cp-cdt94-d.thierry.jpg\",\"contentUrl\":\"https:\/\/www.tourisme-valdemarne.com\/espace-pro\/wp-content\/uploads\/sites\/3\/2019\/05\/pavillon-baltard-cp-cdt94-d.thierry.jpg\",\"width\":1600,\"height\":900,\"caption\":\"Pavillon Baltard\"},{\"@type\":\"BreadcrumbList\",\"@id\":\"https:\/\/www.tourisme-valdemarne.com\/espace-pro\/seminaires-et-receptions-pro\/le-service-affaires\/#breadcrumb\",\"itemListElement\":[{\"@type\":\"ListItem\",\"position\":1,\"name\":\"Accueil\",\"item\":\"https:\/\/www.tourisme-valdemarne.com\/espace-pro\/\"},{\"@type\":\"ListItem\",\"position\":2,\"name\":\"S\u00e9minaires et r\u00e9ceptions Pro\",\"item\":\"https:\/\/www.tourisme-valdemarne.com\/espace-pro\/seminaires-et-receptions-pro\/\"},{\"@type\":\"ListItem\",\"position\":3,\"name\":\"Le service affaires de Val-de-Marne Tourisme\"}]},{\"@type\":\"WebSite\",\"@id\":\"https:\/\/www.tourisme-valdemarne.com\/espace-pro\/#website\",\"url\":\"https:\/\/www.tourisme-valdemarne.com\/espace-pro\/\",\"name\":\"Espace Pro\",\"description\":\"Informations et outils pour les professionnels et la Presse\",\"potentialAction\":[{\"@type\":\"SearchAction\",\"target\":{\"@type\":\"EntryPoint\",\"urlTemplate\":\"https:\/\/www.tourisme-valdemarne.com\/espace-pro\/?s={search_term_string}\"},\"query-input\":{\"@type\":\"PropertyValueSpecification\",\"valueRequired\":true,\"valueName\":\"search_term_string\"}}],\"inLanguage\":\"fr-FR\"}]}<\/script>\n<!-- \/ Yoast SEO plugin. -->","yoast_head_json":{"title":"Le service Affaires de Val-de-Marne Tourisme & Loisirs","description":"Le p\u00f4le Affaires de Val-de-Marne Tourisme vous assiste dans l'organisation de vos \u00e9v\u00e8nements professionnels dans le d\u00e9partement.","robots":{"index":"index","follow":"follow","max-snippet":"max-snippet:-1","max-image-preview":"max-image-preview:large","max-video-preview":"max-video-preview:-1"},"canonical":"https:\/\/www.tourisme-valdemarne.com\/espace-pro\/seminaires-et-receptions-pro\/le-service-affaires\/","og_locale":"fr_FR","og_type":"article","og_title":"Le service Affaires de Val-de-Marne Tourisme & Loisirs","og_description":"Le p\u00f4le Affaires de Val-de-Marne Tourisme vous assiste dans l'organisation de vos \u00e9v\u00e8nements professionnels dans le d\u00e9partement.","og_url":"https:\/\/www.tourisme-valdemarne.com\/espace-pro\/seminaires-et-receptions-pro\/le-service-affaires\/","og_site_name":"Espace Pro","article_modified_time":"2024-02-08T13:12:31+00:00","og_image":[{"width":1600,"height":900,"url":"https:\/\/www.tourisme-valdemarne.com\/espace-pro\/wp-content\/uploads\/sites\/3\/2019\/05\/pavillon-baltard-cp-cdt94-d.thierry.jpg","type":"image\/jpeg"}],"twitter_card":"summary_large_image","twitter_misc":{"Dur\u00e9e de lecture estim\u00e9e":"1 minute"},"schema":{"@context":"https:\/\/schema.org","@graph":[{"@type":"WebPage","@id":"https:\/\/www.tourisme-valdemarne.com\/espace-pro\/seminaires-et-receptions-pro\/le-service-affaires\/","url":"https:\/\/www.tourisme-valdemarne.com\/espace-pro\/seminaires-et-receptions-pro\/le-service-affaires\/","name":"Le service Affaires de Val-de-Marne Tourisme & Loisirs","isPartOf":{"@id":"https:\/\/www.tourisme-valdemarne.com\/espace-pro\/#website"},"primaryImageOfPage":{"@id":"https:\/\/www.tourisme-valdemarne.com\/espace-pro\/seminaires-et-receptions-pro\/le-service-affaires\/#primaryimage"},"image":{"@id":"https:\/\/www.tourisme-valdemarne.com\/espace-pro\/seminaires-et-receptions-pro\/le-service-affaires\/#primaryimage"},"thumbnailUrl":"https:\/\/www.tourisme-valdemarne.com\/espace-pro\/wp-content\/uploads\/sites\/3\/2019\/05\/pavillon-baltard-cp-cdt94-d.thierry.jpg","datePublished":"2019-04-16T14:11:13+00:00","dateModified":"2024-02-08T13:12:31+00:00","description":"Le p\u00f4le Affaires de Val-de-Marne Tourisme vous assiste dans l'organisation de vos \u00e9v\u00e8nements professionnels dans le d\u00e9partement.","breadcrumb":{"@id":"https:\/\/www.tourisme-valdemarne.com\/espace-pro\/seminaires-et-receptions-pro\/le-service-affaires\/#breadcrumb"},"inLanguage":"fr-FR","potentialAction":[{"@type":"ReadAction","target":["https:\/\/www.tourisme-valdemarne.com\/espace-pro\/seminaires-et-receptions-pro\/le-service-affaires\/"]}]},{"@type":"ImageObject","inLanguage":"fr-FR","@id":"https:\/\/www.tourisme-valdemarne.com\/espace-pro\/seminaires-et-receptions-pro\/le-service-affaires\/#primaryimage","url":"https:\/\/www.tourisme-valdemarne.com\/espace-pro\/wp-content\/uploads\/sites\/3\/2019\/05\/pavillon-baltard-cp-cdt94-d.thierry.jpg","contentUrl":"https:\/\/www.tourisme-valdemarne.com\/espace-pro\/wp-content\/uploads\/sites\/3\/2019\/05\/pavillon-baltard-cp-cdt94-d.thierry.jpg","width":1600,"height":900,"caption":"Pavillon Baltard"},{"@type":"BreadcrumbList","@id":"https:\/\/www.tourisme-valdemarne.com\/espace-pro\/seminaires-et-receptions-pro\/le-service-affaires\/#breadcrumb","itemListElement":[{"@type":"ListItem","position":1,"name":"Accueil","item":"https:\/\/www.tourisme-valdemarne.com\/espace-pro\/"},{"@type":"ListItem","position":2,"name":"S\u00e9minaires et r\u00e9ceptions Pro","item":"https:\/\/www.tourisme-valdemarne.com\/espace-pro\/seminaires-et-receptions-pro\/"},{"@type":"ListItem","position":3,"name":"Le service affaires de Val-de-Marne Tourisme"}]},{"@type":"WebSite","@id":"https:\/\/www.tourisme-valdemarne.com\/espace-pro\/#website","url":"https:\/\/www.tourisme-valdemarne.com\/espace-pro\/","name":"Espace Pro","description":"Informations et outils pour les professionnels et la Presse","potentialAction":[{"@type":"SearchAction","target":{"@type":"EntryPoint","urlTemplate":"https:\/\/www.tourisme-valdemarne.com\/espace-pro\/?s={search_term_string}"},"query-input":{"@type":"PropertyValueSpecification","valueRequired":true,"valueName":"search_term_string"}}],"inLanguage":"fr-FR"}]}},"_links":{"self":[{"href":"https:\/\/www.tourisme-valdemarne.com\/espace-pro\/wp-json\/wp\/v2\/pages\/146","targetHints":{"allow":["GET"]}}],"collection":[{"href":"https:\/\/www.tourisme-valdemarne.com\/espace-pro\/wp-json\/wp\/v2\/pages"}],"about":[{"href":"https:\/\/www.tourisme-valdemarne.com\/espace-pro\/wp-json\/wp\/v2\/types\/page"}],"author":[{"embeddable":true,"href":"https:\/\/www.tourisme-valdemarne.com\/espace-pro\/wp-json\/wp\/v2\/users\/1"}],"replies":[{"embeddable":true,"href":"https:\/\/www.tourisme-valdemarne.com\/espace-pro\/wp-json\/wp\/v2\/comments?post=146"}],"version-history":[{"count":11,"href":"https:\/\/www.tourisme-valdemarne.com\/espace-pro\/wp-json\/wp\/v2\/pages\/146\/revisions"}],"predecessor-version":[{"id":26251,"href":"https:\/\/www.tourisme-valdemarne.com\/espace-pro\/wp-json\/wp\/v2\/pages\/146\/revisions\/26251"}],"up":[{"embeddable":true,"href":"https:\/\/www.tourisme-valdemarne.com\/espace-pro\/wp-json\/wp\/v2\/pages\/15"}],"wp:featuredmedia":[{"embeddable":true,"href":"https:\/\/www.tourisme-valdemarne.com\/espace-pro\/wp-json\/wp\/v2\/media\/875"}],"wp:attachment":[{"href":"https:\/\/www.tourisme-valdemarne.com\/espace-pro\/wp-json\/wp\/v2\/media?parent=146"}],"wp:term":[{"taxonomy":"vdmTagMarketing","embeddable":true,"href":"https:\/\/www.tourisme-valdemarne.com\/espace-pro\/wp-json\/wp\/v2\/vdmTagMarketing?post=146"}],"curies":[{"name":"wp","href":"https:\/\/api.w.org\/{rel}","templated":true}]}}