{"id":12669,"date":"2022-05-23T14:12:11","date_gmt":"2022-05-23T12:12:11","guid":{"rendered":"https:\/\/www.tourisme-valdemarne.com\/espace-pro\/?page_id=12669"},"modified":"2023-06-27T16:23:42","modified_gmt":"2023-06-27T14:23:42","slug":"festival-exploreparis-decouvrez-le-grand-paris-a-pied-a-velo-ou-sur-leau","status":"publish","type":"page","link":"https:\/\/www.tourisme-valdemarne.com\/espace-pro\/presse\/actualites-et-communiques-de-presse\/communiques-de-presse-precedents\/festival-exploreparis-decouvrez-le-grand-paris-a-pied-a-velo-ou-sur-leau\/","title":{"rendered":"Festival #ExploreParis : d\u00e9couvrez le Grand Paris \u00e0 pied, \u00e0 v\u00e9lo, ou sur l&rsquo;eau"},"content":{"rendered":"\n<p class=\"is-style-excerpt\"><em>Tout l\u2019\u00e9t\u00e9, les visites insolites \u00e0 pied, \u00e0 v\u00e9lo et en bateau sont \u00e0 l\u2019honneur dans le Grand Paris.<\/em> <em>L\u2019Office du Tourisme et des Congr\u00e8s de Paris, le D\u00e9partement des Hauts-de-Seine 92, Seine-Saint-Denis Tourisme et Val-de-Marne Tourisme et Loisirs se mobilisent du 1<sup>er<\/sup> juin au 30 septembre avec la mise en place d\u2019un festival de balades \u00e0 pied et \u00e0 v\u00e9lo et de croisi\u00e8res, pour red\u00e9couvrir le territoire du Grand Paris, sa diversit\u00e9, sa nature et ses richesses culturelles. Plus de 1500 visites sont propos\u00e9es sur tout le territoire.<\/em><\/p>\n\n\n\n<div class=\"wp-block-columns is-layout-flex wp-container-core-columns-is-layout-1 wp-block-columns-is-layout-flex\">\n<div class=\"wp-block-column is-layout-flow wp-block-column-is-layout-flow\">\n<figure class=\"wp-block-image size-full\"><img width=\"842\" height=\"1191\" data-src=\"https:\/\/www.tourisme-valdemarne.com\/espace-pro\/wp-content\/uploads\/sites\/3\/2022\/05\/affiches_festival_ep_a-pied-1.jpg\" alt=\"\" class=\"wp-image-12674\" srcset=\"https:\/\/www.tourisme-valdemarne.com\/espace-pro\/wp-content\/uploads\/sites\/3\/2022\/05\/affiches_festival_ep_a-pied-1.jpg 842w, https:\/\/www.tourisme-valdemarne.com\/espace-pro\/wp-content\/uploads\/sites\/3\/2022\/05\/affiches_festival_ep_a-pied-1-424x600.jpg 424w, https:\/\/www.tourisme-valdemarne.com\/espace-pro\/wp-content\/uploads\/sites\/3\/2022\/05\/affiches_festival_ep_a-pied-1-636x900.jpg 636w, https:\/\/www.tourisme-valdemarne.com\/espace-pro\/wp-content\/uploads\/sites\/3\/2022\/05\/affiches_festival_ep_a-pied-1-380x538.jpg 380w, https:\/\/www.tourisme-valdemarne.com\/espace-pro\/wp-content\/uploads\/sites\/3\/2022\/05\/affiches_festival_ep_a-pied-1-200x283.jpg 200w\" sizes=\"(max-width: 842px) 100vw, 842px\" \/><\/figure>\n<\/div>\n\n\n\n<div class=\"wp-block-column is-layout-flow wp-block-column-is-layout-flow\">\n<figure class=\"wp-block-image size-full\"><img width=\"842\" height=\"1191\" data-src=\"https:\/\/www.tourisme-valdemarne.com\/espace-pro\/wp-content\/uploads\/sites\/3\/2022\/05\/affiches_festival_ep_a-velo-1.jpg\" alt=\"\" class=\"wp-image-12675\" srcset=\"https:\/\/www.tourisme-valdemarne.com\/espace-pro\/wp-content\/uploads\/sites\/3\/2022\/05\/affiches_festival_ep_a-velo-1.jpg 842w, https:\/\/www.tourisme-valdemarne.com\/espace-pro\/wp-content\/uploads\/sites\/3\/2022\/05\/affiches_festival_ep_a-velo-1-424x600.jpg 424w, https:\/\/www.tourisme-valdemarne.com\/espace-pro\/wp-content\/uploads\/sites\/3\/2022\/05\/affiches_festival_ep_a-velo-1-636x900.jpg 636w, https:\/\/www.tourisme-valdemarne.com\/espace-pro\/wp-content\/uploads\/sites\/3\/2022\/05\/affiches_festival_ep_a-velo-1-380x538.jpg 380w, https:\/\/www.tourisme-valdemarne.com\/espace-pro\/wp-content\/uploads\/sites\/3\/2022\/05\/affiches_festival_ep_a-velo-1-200x283.jpg 200w\" sizes=\"(max-width: 842px) 100vw, 842px\" \/><\/figure>\n<\/div>\n\n\n\n<div class=\"wp-block-column is-layout-flow wp-block-column-is-layout-flow\">\n<figure class=\"wp-block-image size-full\"><img width=\"842\" height=\"1191\" data-src=\"https:\/\/www.tourisme-valdemarne.com\/espace-pro\/wp-content\/uploads\/sites\/3\/2022\/05\/affiches_festival_ep_en-bateau-1.jpg\" alt=\"\" class=\"wp-image-12676\" srcset=\"https:\/\/www.tourisme-valdemarne.com\/espace-pro\/wp-content\/uploads\/sites\/3\/2022\/05\/affiches_festival_ep_en-bateau-1.jpg 842w, https:\/\/www.tourisme-valdemarne.com\/espace-pro\/wp-content\/uploads\/sites\/3\/2022\/05\/affiches_festival_ep_en-bateau-1-424x600.jpg 424w, https:\/\/www.tourisme-valdemarne.com\/espace-pro\/wp-content\/uploads\/sites\/3\/2022\/05\/affiches_festival_ep_en-bateau-1-636x900.jpg 636w, https:\/\/www.tourisme-valdemarne.com\/espace-pro\/wp-content\/uploads\/sites\/3\/2022\/05\/affiches_festival_ep_en-bateau-1-380x538.jpg 380w, https:\/\/www.tourisme-valdemarne.com\/espace-pro\/wp-content\/uploads\/sites\/3\/2022\/05\/affiches_festival_ep_en-bateau-1-200x283.jpg 200w\" sizes=\"(max-width: 842px) 100vw, 842px\" \/><\/figure>\n<\/div>\n<\/div>\n\n\n\n<p>Le <strong>Festival #ExploreParis<\/strong> est n\u00e9 d\u2019une impulsion commune des signataires du Contrat de Destination \u00ab&nbsp;#ExploreParis, la ville augment\u00e9e&nbsp;\u00bb ayant pour ambition l\u2019\u00e9largissement de la destination Paris aux trois d\u00e9partements de la Petite Couronne, la diversification de l\u2019offre touristique et la promotion du slow tourisme.<\/p>\n\n\n\n<p>\u00ab <strong>Laissez-vous guider<\/strong> <strong>!<\/strong> \u00bb : voyage de la Chine \u00e0 Belleville ou de l\u2019Inde \u00e0 La Courneuve, d\u00e9gustation des bi\u00e8res artisanales du Grand Paris, exp\u00e9rience exclusive dans les coulisses du Stade de France, d\u00e9couverte des savoir-faire parisiens, cin\u00e9 balades au bord du canal de l\u2019Ourcq, Stand Up Paddle sur la Marne ou encore d\u00e9couverte d\u2019un \u00e9levage d\u2019\u00e2nesses laiti\u00e8res aux portes de Paris\u2026 Retrouvez toutes les visites <a href=\"https:\/\/exploreparis.com\/fr\/\" target=\"_blank\" rel=\"noreferrer noopener\">ici.<\/a><\/p>\n\n\n\n<p>\u00ab <strong>Tous en selle<\/strong> ! \u00bb pour une vir\u00e9e \u00e0 v\u00e9lo\u00a0: profitez de magnifiques escapades pour d\u00e9couvrir les paysages et les secrets du Grand Paris, voyagez sur deux roues au c\u0153ur de l\u2019art contemporain et des cultures urbaines\u2026 Toutes les balades \u00e0 v\u00e9lo sont r\u00e9pertori\u00e9es <a href=\"https:\/\/exploreparis.com\/fr\/recherche?tag=v%C3%A9lo\">ici.<\/a><\/p>\n\n\n\n<p>Enfin, \u00ab <strong>Larguez les amarres<\/strong> ! \u00bb et prenez le large lors de croisi\u00e8res \u00e9tonnantes \u00e0 travers le Grand Paris. Naviguez jusqu\u2019\u00e0 S\u00e8vres et faites escale au Parc de l\u2019\u00eele Saint Germain, arpentez les Bords de Marne et leurs mythiques guinguettes, ou empruntez le Canal de Saint Denis pour d\u00e9couvrir un patrimoine culturel exceptionnel et les transformations du territoire en vue des Jeux Olympiques en 2024. L\u2019op\u00e9ration \u00ab Larguez les amarres \u00bb est r\u00e9alis\u00e9e en partenariat avec les <strong>op\u00e9rateurs croisi\u00e8re Canauxrama et Paris Canal<\/strong>. Retrouvez toutes les croisi\u00e8res <a href=\"https:\/\/exploreparis.com\/fr\/760_larguez-les-amarres\">ici.<\/a><\/p>\n\n\n\n<p>Des visites et croisi\u00e8res sont \u00e0 gagner sur les r\u00e9seaux sociaux Paris je t\u2019aime (Facebook, Instagram) et des partenaires lors de jeux concours&nbsp;#exploreparis2022&nbsp;<\/p>\n\n\n\n<p>Sur la plateforme Explore Paris, les internautes pourront b\u00e9n\u00e9ficier d\u2019une <strong>r\u00e9duction de 25%<\/strong> sur les visites propos\u00e9es gr\u00e2ce au code EXPLOREPARIS25 (dans la limite des places disponibles, hors croisi\u00e8res) et d\u00e9couvrir ainsi une offre in\u00e9dite dans la capitale et dans le Grand Paris.<\/p>\n\n\n\n<div class=\"wp-block-buttons is-content-justification-center is-layout-flex wp-container-core-buttons-is-layout-1 wp-block-buttons-is-layout-flex\">\n<div class=\"wp-block-button\"><a class=\"wp-block-button__link\" href=\"https:\/\/www.tourisme-valdemarne.com\/espace-pro\/wp-content\/uploads\/sites\/3\/2022\/05\/cp-festival-exploreparis-23052022.pdf\" target=\"_blank\" rel=\"noreferrer noopener\">Lire le communiqu\u00e9 de presse<\/a><\/div>\n<\/div>\n","protected":false},"excerpt":{"rendered":"<p>Tout l\u2019\u00e9t\u00e9, les visites insolites \u00e0 pied, \u00e0 v\u00e9lo et en bateau sont \u00e0 l\u2019honneur dans le Grand Paris. L\u2019Office du Tourisme et des Congr\u00e8s de Paris, le D\u00e9partement des Hauts-de-Seine 92, Seine-Saint-Denis Tourisme et Val-de-Marne Tourisme et Loisirs se mobilisent du 1er juin au 30 septembre avec la mise en place d\u2019un festival de [&hellip;]<\/p>\n","protected":false},"author":16,"featured_media":12673,"parent":2883,"menu_order":171,"comment_status":"closed","ping_status":"closed","template":"","meta":{"_relevanssi_hide_post":"","_relevanssi_hide_content":"","_relevanssi_pin_for_all":"","_relevanssi_pin_keywords":"","_relevanssi_unpin_keywords":"","_relevanssi_related_keywords":"","_relevanssi_related_include_ids":"","_relevanssi_related_exclude_ids":"","_relevanssi_related_no_append":"","_relevanssi_related_not_related":"","_relevanssi_related_posts":"442,2751,8084,8108,2745,2741","_relevanssi_noindex_reason":"","footnotes":""},"vdmTagMarketing":[],"class_list":["post-12669","page","type-page","status-publish","has-post-thumbnail","hentry"],"acf":[],"yoast_head":"<!-- This site is optimized with the Yoast SEO plugin v23.9 - https:\/\/yoast.com\/wordpress\/plugins\/seo\/ -->\n<title>Festival #ExploreParis : d\u00e9couvrez le Grand Paris \u00e0 pied, \u00e0 v\u00e9lo, ou sur l&#039;eau - Espace Pro<\/title>\n<meta name=\"robots\" content=\"index, follow, max-snippet:-1, max-image-preview:large, max-video-preview:-1\" \/>\n<link rel=\"canonical\" href=\"https:\/\/www.tourisme-valdemarne.com\/espace-pro\/presse\/actualites-et-communiques-de-presse\/communiques-de-presse-precedents\/festival-exploreparis-decouvrez-le-grand-paris-a-pied-a-velo-ou-sur-leau\/\" \/>\n<meta property=\"og:locale\" content=\"fr_FR\" \/>\n<meta property=\"og:type\" content=\"article\" \/>\n<meta property=\"og:title\" content=\"Festival #ExploreParis : d\u00e9couvrez le Grand Paris \u00e0 pied, \u00e0 v\u00e9lo, ou sur l&#039;eau - Espace Pro\" \/>\n<meta property=\"og:description\" content=\"Tout l\u2019\u00e9t\u00e9, les visites insolites \u00e0 pied, \u00e0 v\u00e9lo et en bateau sont \u00e0 l\u2019honneur dans le Grand Paris. L\u2019Office du Tourisme et des Congr\u00e8s de Paris, le D\u00e9partement des Hauts-de-Seine 92, Seine-Saint-Denis Tourisme et Val-de-Marne Tourisme et Loisirs se mobilisent du 1er juin au 30 septembre avec la mise en place d\u2019un festival de [&hellip;]\" \/>\n<meta property=\"og:url\" content=\"https:\/\/www.tourisme-valdemarne.com\/espace-pro\/presse\/actualites-et-communiques-de-presse\/communiques-de-presse-precedents\/festival-exploreparis-decouvrez-le-grand-paris-a-pied-a-velo-ou-sur-leau\/\" \/>\n<meta property=\"og:site_name\" content=\"Espace Pro\" \/>\n<meta property=\"article:modified_time\" content=\"2023-06-27T14:23:42+00:00\" \/>\n<meta property=\"og:image\" content=\"https:\/\/www.tourisme-valdemarne.com\/espace-pro\/wp-content\/uploads\/sites\/3\/2022\/05\/affiches_festival_ep_en-bateau.jpg\" \/>\n\t<meta property=\"og:image:width\" content=\"842\" \/>\n\t<meta property=\"og:image:height\" content=\"1191\" \/>\n\t<meta property=\"og:image:type\" content=\"image\/jpeg\" \/>\n<meta name=\"twitter:card\" content=\"summary_large_image\" \/>\n<meta name=\"twitter:label1\" content=\"Dur\u00e9e de lecture estim\u00e9e\" \/>\n\t<meta name=\"twitter:data1\" content=\"3 minutes\" \/>\n<script type=\"application\/ld+json\" class=\"yoast-schema-graph\">{\"@context\":\"https:\/\/schema.org\",\"@graph\":[{\"@type\":\"WebPage\",\"@id\":\"https:\/\/www.tourisme-valdemarne.com\/espace-pro\/presse\/actualites-et-communiques-de-presse\/communiques-de-presse-precedents\/festival-exploreparis-decouvrez-le-grand-paris-a-pied-a-velo-ou-sur-leau\/\",\"url\":\"https:\/\/www.tourisme-valdemarne.com\/espace-pro\/presse\/actualites-et-communiques-de-presse\/communiques-de-presse-precedents\/festival-exploreparis-decouvrez-le-grand-paris-a-pied-a-velo-ou-sur-leau\/\",\"name\":\"Festival #ExploreParis : d\u00e9couvrez le Grand Paris \u00e0 pied, \u00e0 v\u00e9lo, ou sur l'eau - Espace Pro\",\"isPartOf\":{\"@id\":\"https:\/\/www.tourisme-valdemarne.com\/espace-pro\/#website\"},\"primaryImageOfPage\":{\"@id\":\"https:\/\/www.tourisme-valdemarne.com\/espace-pro\/presse\/actualites-et-communiques-de-presse\/communiques-de-presse-precedents\/festival-exploreparis-decouvrez-le-grand-paris-a-pied-a-velo-ou-sur-leau\/#primaryimage\"},\"image\":{\"@id\":\"https:\/\/www.tourisme-valdemarne.com\/espace-pro\/presse\/actualites-et-communiques-de-presse\/communiques-de-presse-precedents\/festival-exploreparis-decouvrez-le-grand-paris-a-pied-a-velo-ou-sur-leau\/#primaryimage\"},\"thumbnailUrl\":\"https:\/\/www.tourisme-valdemarne.com\/espace-pro\/wp-content\/uploads\/sites\/3\/2022\/05\/affiches_festival_ep_en-bateau.jpg\",\"datePublished\":\"2022-05-23T12:12:11+00:00\",\"dateModified\":\"2023-06-27T14:23:42+00:00\",\"breadcrumb\":{\"@id\":\"https:\/\/www.tourisme-valdemarne.com\/espace-pro\/presse\/actualites-et-communiques-de-presse\/communiques-de-presse-precedents\/festival-exploreparis-decouvrez-le-grand-paris-a-pied-a-velo-ou-sur-leau\/#breadcrumb\"},\"inLanguage\":\"fr-FR\",\"potentialAction\":[{\"@type\":\"ReadAction\",\"target\":[\"https:\/\/www.tourisme-valdemarne.com\/espace-pro\/presse\/actualites-et-communiques-de-presse\/communiques-de-presse-precedents\/festival-exploreparis-decouvrez-le-grand-paris-a-pied-a-velo-ou-sur-leau\/\"]}]},{\"@type\":\"ImageObject\",\"inLanguage\":\"fr-FR\",\"@id\":\"https:\/\/www.tourisme-valdemarne.com\/espace-pro\/presse\/actualites-et-communiques-de-presse\/communiques-de-presse-precedents\/festival-exploreparis-decouvrez-le-grand-paris-a-pied-a-velo-ou-sur-leau\/#primaryimage\",\"url\":\"https:\/\/www.tourisme-valdemarne.com\/espace-pro\/wp-content\/uploads\/sites\/3\/2022\/05\/affiches_festival_ep_en-bateau.jpg\",\"contentUrl\":\"https:\/\/www.tourisme-valdemarne.com\/espace-pro\/wp-content\/uploads\/sites\/3\/2022\/05\/affiches_festival_ep_en-bateau.jpg\",\"width\":842,\"height\":1191,\"caption\":\"Affiche Festival Explore Paris en bateau\"},{\"@type\":\"BreadcrumbList\",\"@id\":\"https:\/\/www.tourisme-valdemarne.com\/espace-pro\/presse\/actualites-et-communiques-de-presse\/communiques-de-presse-precedents\/festival-exploreparis-decouvrez-le-grand-paris-a-pied-a-velo-ou-sur-leau\/#breadcrumb\",\"itemListElement\":[{\"@type\":\"ListItem\",\"position\":1,\"name\":\"Accueil\",\"item\":\"https:\/\/www.tourisme-valdemarne.com\/espace-pro\/\"},{\"@type\":\"ListItem\",\"position\":2,\"name\":\"Presse\",\"item\":\"https:\/\/www.tourisme-valdemarne.com\/espace-pro\/presse\/\"},{\"@type\":\"ListItem\",\"position\":3,\"name\":\"Actualit\u00e9s et communiqu\u00e9s de presse\",\"item\":\"https:\/\/www.tourisme-valdemarne.com\/espace-pro\/presse\/actualites-et-communiques-de-presse\/\"},{\"@type\":\"ListItem\",\"position\":4,\"name\":\"Communiqu\u00e9s de presse pr\u00e9c\u00e9dents\",\"item\":\"https:\/\/www.tourisme-valdemarne.com\/espace-pro\/presse\/actualites-et-communiques-de-presse\/communiques-de-presse-precedents\/\"},{\"@type\":\"ListItem\",\"position\":5,\"name\":\"Festival #ExploreParis : d\u00e9couvrez le Grand Paris \u00e0 pied, \u00e0 v\u00e9lo, ou sur l&rsquo;eau\"}]},{\"@type\":\"WebSite\",\"@id\":\"https:\/\/www.tourisme-valdemarne.com\/espace-pro\/#website\",\"url\":\"https:\/\/www.tourisme-valdemarne.com\/espace-pro\/\",\"name\":\"Espace Pro\",\"description\":\"Informations et outils pour les professionnels et la Presse\",\"potentialAction\":[{\"@type\":\"SearchAction\",\"target\":{\"@type\":\"EntryPoint\",\"urlTemplate\":\"https:\/\/www.tourisme-valdemarne.com\/espace-pro\/?s={search_term_string}\"},\"query-input\":{\"@type\":\"PropertyValueSpecification\",\"valueRequired\":true,\"valueName\":\"search_term_string\"}}],\"inLanguage\":\"fr-FR\"}]}<\/script>\n<!-- \/ Yoast SEO plugin. -->","yoast_head_json":{"title":"Festival #ExploreParis : d\u00e9couvrez le Grand Paris \u00e0 pied, \u00e0 v\u00e9lo, ou sur l'eau - Espace Pro","robots":{"index":"index","follow":"follow","max-snippet":"max-snippet:-1","max-image-preview":"max-image-preview:large","max-video-preview":"max-video-preview:-1"},"canonical":"https:\/\/www.tourisme-valdemarne.com\/espace-pro\/presse\/actualites-et-communiques-de-presse\/communiques-de-presse-precedents\/festival-exploreparis-decouvrez-le-grand-paris-a-pied-a-velo-ou-sur-leau\/","og_locale":"fr_FR","og_type":"article","og_title":"Festival #ExploreParis : d\u00e9couvrez le Grand Paris \u00e0 pied, \u00e0 v\u00e9lo, ou sur l'eau - Espace Pro","og_description":"Tout l\u2019\u00e9t\u00e9, les visites insolites \u00e0 pied, \u00e0 v\u00e9lo et en bateau sont \u00e0 l\u2019honneur dans le Grand Paris. L\u2019Office du Tourisme et des Congr\u00e8s de Paris, le D\u00e9partement des Hauts-de-Seine 92, Seine-Saint-Denis Tourisme et Val-de-Marne Tourisme et Loisirs se mobilisent du 1er juin au 30 septembre avec la mise en place d\u2019un festival de [&hellip;]","og_url":"https:\/\/www.tourisme-valdemarne.com\/espace-pro\/presse\/actualites-et-communiques-de-presse\/communiques-de-presse-precedents\/festival-exploreparis-decouvrez-le-grand-paris-a-pied-a-velo-ou-sur-leau\/","og_site_name":"Espace Pro","article_modified_time":"2023-06-27T14:23:42+00:00","og_image":[{"width":842,"height":1191,"url":"https:\/\/www.tourisme-valdemarne.com\/espace-pro\/wp-content\/uploads\/sites\/3\/2022\/05\/affiches_festival_ep_en-bateau.jpg","type":"image\/jpeg"}],"twitter_card":"summary_large_image","twitter_misc":{"Dur\u00e9e de lecture estim\u00e9e":"3 minutes"},"schema":{"@context":"https:\/\/schema.org","@graph":[{"@type":"WebPage","@id":"https:\/\/www.tourisme-valdemarne.com\/espace-pro\/presse\/actualites-et-communiques-de-presse\/communiques-de-presse-precedents\/festival-exploreparis-decouvrez-le-grand-paris-a-pied-a-velo-ou-sur-leau\/","url":"https:\/\/www.tourisme-valdemarne.com\/espace-pro\/presse\/actualites-et-communiques-de-presse\/communiques-de-presse-precedents\/festival-exploreparis-decouvrez-le-grand-paris-a-pied-a-velo-ou-sur-leau\/","name":"Festival #ExploreParis : d\u00e9couvrez le Grand Paris \u00e0 pied, \u00e0 v\u00e9lo, ou sur l'eau - Espace Pro","isPartOf":{"@id":"https:\/\/www.tourisme-valdemarne.com\/espace-pro\/#website"},"primaryImageOfPage":{"@id":"https:\/\/www.tourisme-valdemarne.com\/espace-pro\/presse\/actualites-et-communiques-de-presse\/communiques-de-presse-precedents\/festival-exploreparis-decouvrez-le-grand-paris-a-pied-a-velo-ou-sur-leau\/#primaryimage"},"image":{"@id":"https:\/\/www.tourisme-valdemarne.com\/espace-pro\/presse\/actualites-et-communiques-de-presse\/communiques-de-presse-precedents\/festival-exploreparis-decouvrez-le-grand-paris-a-pied-a-velo-ou-sur-leau\/#primaryimage"},"thumbnailUrl":"https:\/\/www.tourisme-valdemarne.com\/espace-pro\/wp-content\/uploads\/sites\/3\/2022\/05\/affiches_festival_ep_en-bateau.jpg","datePublished":"2022-05-23T12:12:11+00:00","dateModified":"2023-06-27T14:23:42+00:00","breadcrumb":{"@id":"https:\/\/www.tourisme-valdemarne.com\/espace-pro\/presse\/actualites-et-communiques-de-presse\/communiques-de-presse-precedents\/festival-exploreparis-decouvrez-le-grand-paris-a-pied-a-velo-ou-sur-leau\/#breadcrumb"},"inLanguage":"fr-FR","potentialAction":[{"@type":"ReadAction","target":["https:\/\/www.tourisme-valdemarne.com\/espace-pro\/presse\/actualites-et-communiques-de-presse\/communiques-de-presse-precedents\/festival-exploreparis-decouvrez-le-grand-paris-a-pied-a-velo-ou-sur-leau\/"]}]},{"@type":"ImageObject","inLanguage":"fr-FR","@id":"https:\/\/www.tourisme-valdemarne.com\/espace-pro\/presse\/actualites-et-communiques-de-presse\/communiques-de-presse-precedents\/festival-exploreparis-decouvrez-le-grand-paris-a-pied-a-velo-ou-sur-leau\/#primaryimage","url":"https:\/\/www.tourisme-valdemarne.com\/espace-pro\/wp-content\/uploads\/sites\/3\/2022\/05\/affiches_festival_ep_en-bateau.jpg","contentUrl":"https:\/\/www.tourisme-valdemarne.com\/espace-pro\/wp-content\/uploads\/sites\/3\/2022\/05\/affiches_festival_ep_en-bateau.jpg","width":842,"height":1191,"caption":"Affiche Festival Explore Paris en bateau"},{"@type":"BreadcrumbList","@id":"https:\/\/www.tourisme-valdemarne.com\/espace-pro\/presse\/actualites-et-communiques-de-presse\/communiques-de-presse-precedents\/festival-exploreparis-decouvrez-le-grand-paris-a-pied-a-velo-ou-sur-leau\/#breadcrumb","itemListElement":[{"@type":"ListItem","position":1,"name":"Accueil","item":"https:\/\/www.tourisme-valdemarne.com\/espace-pro\/"},{"@type":"ListItem","position":2,"name":"Presse","item":"https:\/\/www.tourisme-valdemarne.com\/espace-pro\/presse\/"},{"@type":"ListItem","position":3,"name":"Actualit\u00e9s et communiqu\u00e9s de presse","item":"https:\/\/www.tourisme-valdemarne.com\/espace-pro\/presse\/actualites-et-communiques-de-presse\/"},{"@type":"ListItem","position":4,"name":"Communiqu\u00e9s de presse pr\u00e9c\u00e9dents","item":"https:\/\/www.tourisme-valdemarne.com\/espace-pro\/presse\/actualites-et-communiques-de-presse\/communiques-de-presse-precedents\/"},{"@type":"ListItem","position":5,"name":"Festival #ExploreParis : d\u00e9couvrez le Grand Paris \u00e0 pied, \u00e0 v\u00e9lo, ou sur l&rsquo;eau"}]},{"@type":"WebSite","@id":"https:\/\/www.tourisme-valdemarne.com\/espace-pro\/#website","url":"https:\/\/www.tourisme-valdemarne.com\/espace-pro\/","name":"Espace Pro","description":"Informations et outils pour les professionnels et la Presse","potentialAction":[{"@type":"SearchAction","target":{"@type":"EntryPoint","urlTemplate":"https:\/\/www.tourisme-valdemarne.com\/espace-pro\/?s={search_term_string}"},"query-input":{"@type":"PropertyValueSpecification","valueRequired":true,"valueName":"search_term_string"}}],"inLanguage":"fr-FR"}]}},"_links":{"self":[{"href":"https:\/\/www.tourisme-valdemarne.com\/espace-pro\/wp-json\/wp\/v2\/pages\/12669","targetHints":{"allow":["GET"]}}],"collection":[{"href":"https:\/\/www.tourisme-valdemarne.com\/espace-pro\/wp-json\/wp\/v2\/pages"}],"about":[{"href":"https:\/\/www.tourisme-valdemarne.com\/espace-pro\/wp-json\/wp\/v2\/types\/page"}],"author":[{"embeddable":true,"href":"https:\/\/www.tourisme-valdemarne.com\/espace-pro\/wp-json\/wp\/v2\/users\/16"}],"replies":[{"embeddable":true,"href":"https:\/\/www.tourisme-valdemarne.com\/espace-pro\/wp-json\/wp\/v2\/comments?post=12669"}],"version-history":[{"count":1,"href":"https:\/\/www.tourisme-valdemarne.com\/espace-pro\/wp-json\/wp\/v2\/pages\/12669\/revisions"}],"predecessor-version":[{"id":12677,"href":"https:\/\/www.tourisme-valdemarne.com\/espace-pro\/wp-json\/wp\/v2\/pages\/12669\/revisions\/12677"}],"up":[{"embeddable":true,"href":"https:\/\/www.tourisme-valdemarne.com\/espace-pro\/wp-json\/wp\/v2\/pages\/2883"}],"wp:featuredmedia":[{"embeddable":true,"href":"https:\/\/www.tourisme-valdemarne.com\/espace-pro\/wp-json\/wp\/v2\/media\/12673"}],"wp:attachment":[{"href":"https:\/\/www.tourisme-valdemarne.com\/espace-pro\/wp-json\/wp\/v2\/media?parent=12669"}],"wp:term":[{"taxonomy":"vdmTagMarketing","embeddable":true,"href":"https:\/\/www.tourisme-valdemarne.com\/espace-pro\/wp-json\/wp\/v2\/vdmTagMarketing?post=12669"}],"curies":[{"name":"wp","href":"https:\/\/api.w.org\/{rel}","templated":true}]}}