{"id":12356,"date":"2022-04-11T12:30:04","date_gmt":"2022-04-11T10:30:04","guid":{"rendered":"https:\/\/www.tourisme-valdemarne.com\/espace-pro\/?page_id=12356"},"modified":"2024-02-20T14:54:48","modified_gmt":"2024-02-20T13:54:48","slug":"bilan-2021-et-tendances-2022-du-tourisme-en-val-de-marne","status":"publish","type":"page","link":"https:\/\/www.tourisme-valdemarne.com\/espace-pro\/presse\/actualites-et-communiques-de-presse\/communiques-de-presse-precedents\/bilan-2021-et-tendances-2022-du-tourisme-en-val-de-marne\/","title":{"rendered":"Bilan 2021 et tendances 2022 du tourisme en Val-de-Marne"},"content":{"rendered":"\n<p class=\"is-style-excerpt\"><strong>Communiqu\u00e9 de presse<\/strong><\/p>\n\n\n\n<p class=\"has-text-align-center is-style-normal\"><strong>Apr\u00e8s un premier semestre morose pour le secteur du tourisme, la fin d\u2019ann\u00e9e 2021 a montr\u00e9 des signes encourageants. La reprise de la fr\u00e9quentation se poursuit au d\u00e9but de l\u2019ann\u00e9e 2022. Cependant, le contexte \u00e9conomique et g\u00e9opolitique europ\u00e9en risquent de ternir les perspectives de reprise.<\/strong><\/p>\n\n\n\n<p>En 2021, le secteur du tourisme \u00e0 l\u2019\u00e9chelle mondiale continue de subir les retomb\u00e9es de la crise sanitaire. En effet, entre les vagues successives de contaminations, les limitations de d\u00e9placement ou encore les restrictions appliqu\u00e9es, notamment dans le domaine de la culture et des loisirs, le retour \u00e0 la normale n\u2019\u00e9tait pas encore \u00e0 l\u2019ordre du jour. Toutefois, une tendance positive est observ\u00e9e sur le deuxi\u00e8me semestre, en lien avec la lev\u00e9e de certaines mesures de restrictions en France.<\/p>\n\n\n\n<p>Cette tendance positive tend \u00e0 se poursuivre au vu des premiers chiffres de l\u2019ann\u00e9e 2022.<\/p>\n\n\n\n<h2 class=\"wp-block-heading\">Reprise du trafic de passagers \u00e0 l\u2019a\u00e9roport d\u2019Orly<\/h2>\n\n\n\n<p>Avec 15,7 millions de passagers en 2021, soit la moiti\u00e9 du trafic de 2019, l\u2019A\u00e9roport d\u2019Orly retrouve des couleurs apr\u00e8s une ann\u00e9e 2020 marqu\u00e9e par l\u2019arr\u00eat des vols commerciaux sur plusieurs mois.<\/p>\n\n\n\n<p>En augmentation de 46% par rapport \u00e0 2020, le trafic repart notamment \u00e0 la hausse au second semestre 2021, en parall\u00e8le de l\u2019all\u00e8gement des mesures de restrictions li\u00e9es \u00e0 la pand\u00e9mie.<\/p>\n\n\n\n<p>De juillet \u00e0 d\u00e9cembre 2021, le nombre de passagers \u00e0 l\u2019A\u00e9roport d\u2019Orly atteint ainsi 75% du trafic de 2019, t\u00e9moignant du retour progressif des touristes en \u00cele-de-France.<\/p>\n\n\n\n<p>Au mois de f\u00e9vrier 2022, l\u2019A\u00e9roport d\u2019Orly enregistre pr\u00e8s de 3 millions de passagers, soit une hausse de plus de 100% par rapport \u00e0 f\u00e9vrier 2021. Le trafic reste toutefois inf\u00e9rieur de 36% aux chiffres de f\u00e9vrier 2019.<\/p>\n\n\n\n<h2 class=\"wp-block-heading\">Le secteur h\u00f4telier encore tr\u00e8s impact\u00e9 par la crise sanitaire<\/h2>\n\n\n\n<p>En 2021, l\u2019h\u00f4tellerie continue de subir l\u2019impact de la crise sanitaire sur le tourisme d\u2019agr\u00e9ment, ainsi que sur le segment affaires en raison de la pr\u00e9dominance du t\u00e9l\u00e9travail et des r\u00e9unions en visio-conf\u00e9rence (impact sur l\u2019h\u00e9bergement, la restauration, la location de salles et les s\u00e9minaires).<\/p>\n\n\n\n<p>Ainsi, dans le Val-de-Marne, le taux d\u2019occupation est inf\u00e9rieur de 35 points au niveau d\u2019avant crise, atteignant 39%, tandis que le prix moyen s\u2019\u00e9l\u00e8ve \u00e0 65 \u20ac (-11%).<\/p>\n\n\n\n<p>L\u2019h\u00f4tellerie milieu de gamme est notamment la plus impact\u00e9e avec un RevPAR<sup> [1] <\/sup>en baisse de 64% par rapport \u00e0 2019, tandis que le march\u00e9 des r\u00e9sidences de tourisme s\u2019en sort le mieux, du fait de l\u2019accueil de client\u00e8les long-s\u00e9jours.<\/p>\n\n\n\n<p>Au mois de f\u00e9vrier 2022, le taux d\u2019occupation remonte \u00e0 46%, contre 25% en f\u00e9vrier 2021, tandis que le prix moyen remonte \u00e9galement de 8%, atteignant 65\u20ac. Ainsi, le RevPAR s\u2019\u00e9tablit \u00e0 30\u20ac, confirmant le d\u00e9but de reprise observ\u00e9 au deuxi\u00e8me semestre 2021.<\/p>\n\n\n\n<p>Les performances restent disparates selon la localisation des h\u00f4tels. Le p\u00f4le h\u00f4telier de l\u2019A\u00e9roport d\u2019Orly, b\u00e9n\u00e9ficiant notamment du retour \u00e0 la hausse du trafic a\u00e9rien, enregistre un taux d\u2019occupation de 52% en f\u00e9vrier 2022, en hausse de 25 points par rapport \u00e0 f\u00e9vrier 2021.<\/p>\n\n\n\n<p>L\u2019indicateur augmente de mani\u00e8re plus mod\u00e9r\u00e9e pour les h\u00f4tels du p\u00f4le \u00ab&nbsp;Boucle de la Marne&nbsp;\u00bb (+ 18 points).<\/p>\n\n\n\n<h2 class=\"wp-block-heading\">Des retomb\u00e9es sur le tourisme international<\/h2>\n\n\n\n<p>Les visiteurs \u00e9trangers sont bien moins pr\u00e9sents qu\u2019avant la pand\u00e9mie&nbsp;: la proportion de nuit\u00e9es \u00e9trang\u00e8re a en effet baiss\u00e9 de plus de la moiti\u00e9 entre 2019 et 2021 en Val-de-Marne.<\/p>\n\n\n\n<p>En 2019, la part de nuit\u00e9es \u00e9trang\u00e8res \u00e9tait de 36%. Elle atteint difficilement 16% en 2021 (de mai \u00e0 novembre, seules donn\u00e9es disponibles).<\/p>\n\n\n\n<p>La fin de l\u2019ann\u00e9e marque n\u00e9anmoins un retour progressif des visiteurs internationaux dans le Val-de-Marne, avec 20% de nuit\u00e9es \u00e9trang\u00e8res en octobre et d\u00e9cembre, contre 8% en mai.<\/p>\n\n\n\n<h2 class=\"wp-block-heading\">Les sites touristiques et de loisirs r\u00e9sistent malgr\u00e9 plusieurs mois de fermeture<\/h2>\n\n\n\n<p>En termes de fr\u00e9quentation, les principaux sites touristiques et de loisirs du Val-de-Marne sont le Golf du Parc du Tremblay (218\u00a0400 visiteurs), Playmobil\u00ae Funpark (135\u00a0000 visiteurs), le Ch\u00e2teau de Vincennes (58\u00a0324 visiteurs), et <a href=\"https:\/\/www.tourisme-valdemarne.com\/incontournables\/roseraie-du-val-de-marne\/\">la Roseraie du Val-de-Marne<\/a> (35\u00a0000 visiteurs). \u00c0 Vitry-sur-Seine, l\u2019Explorad\u00f4me, le MAC VAL et la Briqueterie totalisent \u00e0 eux trois pr\u00e8s de 60 000 visiteurs en 2021.<\/p>\n\n\n\n<p>Ces sites enregistrent pour la grande majorit\u00e9 une baisse de fr\u00e9quentation par rapport \u00e0 2019, mais cela s\u2019explique principalement par de longues p\u00e9riodes de fermeture&nbsp;au public. Le Playmobil\u00ae Funpark fermait en effet ses portes durant sept mois en 2021, le Ch\u00e2teau de Vincennes durant quatre mois et demi, le MAC VAL durant quatre mois.<\/p>\n\n\n\n<p>Les sites interrog\u00e9s d\u00e9clarent avoir accueillis 52% de Val-de-Marnais, 41% de visiteurs provenant des autres d\u00e9partements d\u2019\u00cele-de-France, 5% de Fran\u00e7ais hors \u00cele-de-France et 2% d\u2019\u00e9trangers.<\/p>\n\n\n\n<hr class=\"wp-block-separator\"\/>\n\n\n\n<p><sup>[1]<\/sup><em><sup> <\/sup>Le RevPAR correspond au chiffre d\u2019affaires (h\u00e9bergement uniquement) moyen par chambre disponible<\/em><\/p>\n\n\n\n<p><\/p>\n\n\n\n<div class=\"wp-block-buttons is-content-justification-center is-layout-flex wp-container-core-buttons-is-layout-1 wp-block-buttons-is-layout-flex\">\n<div class=\"wp-block-button is-style-normal\"><a class=\"wp-block-button__link\" href=\"https:\/\/www.tourisme-valdemarne.com\/wp-content\/uploads\/2022\/04\/cp-bilan-tourisme-2021-tendances-2022.pdf\" target=\"_blank\" rel=\"noreferrer noopener\">Le communiqu\u00e9 de presse<\/a><\/div>\n<\/div>\n\n\n\n<p class=\"is-style-highlight\"><a href=\"https:\/\/www.tourisme-valdemarne.com\/espace-pro\/observatoire-du-tourisme\/bilan-de-lactivite-touristique-en-2021\/\">Retrouvez le bilan complet 2021<\/a><\/p>\n","protected":false},"excerpt":{"rendered":"<p>Communiqu\u00e9 de presse Apr\u00e8s un premier semestre morose pour le secteur du tourisme, la fin d\u2019ann\u00e9e 2021 a montr\u00e9 des signes encourageants. La reprise de la fr\u00e9quentation se poursuit au d\u00e9but de l\u2019ann\u00e9e 2022. Cependant, le contexte \u00e9conomique et g\u00e9opolitique europ\u00e9en risquent de ternir les perspectives de reprise. En 2021, le secteur du tourisme \u00e0 [&hellip;]<\/p>\n","protected":false},"author":16,"featured_media":9375,"parent":2883,"menu_order":174,"comment_status":"closed","ping_status":"closed","template":"","meta":{"_relevanssi_hide_post":"","_relevanssi_hide_content":"","_relevanssi_pin_for_all":"","_relevanssi_pin_keywords":"","_relevanssi_unpin_keywords":"","_relevanssi_related_keywords":"","_relevanssi_related_include_ids":"","_relevanssi_related_exclude_ids":"","_relevanssi_related_no_append":"","_relevanssi_related_not_related":"","_relevanssi_related_posts":"2745,8095,2741,2751,8077,8090","_relevanssi_noindex_reason":"","footnotes":""},"vdmTagMarketing":[],"class_list":["post-12356","page","type-page","status-publish","has-post-thumbnail","hentry"],"acf":[],"yoast_head":"<!-- This site is optimized with the Yoast SEO plugin v23.9 - https:\/\/yoast.com\/wordpress\/plugins\/seo\/ -->\n<title>Bilan 2021 et tendances 2022 du tourisme en Val-de-Marne - Espace Pro<\/title>\n<meta name=\"robots\" content=\"index, follow, max-snippet:-1, max-image-preview:large, max-video-preview:-1\" \/>\n<link rel=\"canonical\" href=\"https:\/\/www.tourisme-valdemarne.com\/espace-pro\/presse\/actualites-et-communiques-de-presse\/communiques-de-presse-precedents\/bilan-2021-et-tendances-2022-du-tourisme-en-val-de-marne\/\" \/>\n<meta property=\"og:locale\" content=\"fr_FR\" \/>\n<meta property=\"og:type\" content=\"article\" \/>\n<meta property=\"og:title\" content=\"Bilan 2021 et tendances 2022 du tourisme en Val-de-Marne - Espace Pro\" \/>\n<meta property=\"og:description\" content=\"Communiqu\u00e9 de presse Apr\u00e8s un premier semestre morose pour le secteur du tourisme, la fin d\u2019ann\u00e9e 2021 a montr\u00e9 des signes encourageants. La reprise de la fr\u00e9quentation se poursuit au d\u00e9but de l\u2019ann\u00e9e 2022. Cependant, le contexte \u00e9conomique et g\u00e9opolitique europ\u00e9en risquent de ternir les perspectives de reprise. En 2021, le secteur du tourisme \u00e0 [&hellip;]\" \/>\n<meta property=\"og:url\" content=\"https:\/\/www.tourisme-valdemarne.com\/espace-pro\/presse\/actualites-et-communiques-de-presse\/communiques-de-presse-precedents\/bilan-2021-et-tendances-2022-du-tourisme-en-val-de-marne\/\" \/>\n<meta property=\"og:site_name\" content=\"Espace Pro\" \/>\n<meta property=\"article:modified_time\" content=\"2024-02-20T13:54:48+00:00\" \/>\n<meta property=\"og:image\" content=\"https:\/\/www.tourisme-valdemarne.com\/espace-pro\/wp-content\/uploads\/sites\/3\/2021\/05\/randonneurs_bords_-de_marne_chemin-cr-cdt-94-didier-adam.jpg\" \/>\n\t<meta property=\"og:image:width\" content=\"1900\" \/>\n\t<meta property=\"og:image:height\" content=\"1267\" \/>\n\t<meta property=\"og:image:type\" content=\"image\/jpeg\" \/>\n<meta name=\"twitter:card\" content=\"summary_large_image\" \/>\n<meta name=\"twitter:label1\" content=\"Dur\u00e9e de lecture estim\u00e9e\" \/>\n\t<meta name=\"twitter:data1\" content=\"4 minutes\" \/>\n<script type=\"application\/ld+json\" class=\"yoast-schema-graph\">{\"@context\":\"https:\/\/schema.org\",\"@graph\":[{\"@type\":\"WebPage\",\"@id\":\"https:\/\/www.tourisme-valdemarne.com\/espace-pro\/presse\/actualites-et-communiques-de-presse\/communiques-de-presse-precedents\/bilan-2021-et-tendances-2022-du-tourisme-en-val-de-marne\/\",\"url\":\"https:\/\/www.tourisme-valdemarne.com\/espace-pro\/presse\/actualites-et-communiques-de-presse\/communiques-de-presse-precedents\/bilan-2021-et-tendances-2022-du-tourisme-en-val-de-marne\/\",\"name\":\"Bilan 2021 et tendances 2022 du tourisme en Val-de-Marne - Espace Pro\",\"isPartOf\":{\"@id\":\"https:\/\/www.tourisme-valdemarne.com\/espace-pro\/#website\"},\"primaryImageOfPage\":{\"@id\":\"https:\/\/www.tourisme-valdemarne.com\/espace-pro\/presse\/actualites-et-communiques-de-presse\/communiques-de-presse-precedents\/bilan-2021-et-tendances-2022-du-tourisme-en-val-de-marne\/#primaryimage\"},\"image\":{\"@id\":\"https:\/\/www.tourisme-valdemarne.com\/espace-pro\/presse\/actualites-et-communiques-de-presse\/communiques-de-presse-precedents\/bilan-2021-et-tendances-2022-du-tourisme-en-val-de-marne\/#primaryimage\"},\"thumbnailUrl\":\"https:\/\/www.tourisme-valdemarne.com\/espace-pro\/wp-content\/uploads\/sites\/3\/2021\/05\/randonneurs_bords_-de_marne_chemin-cr-cdt-94-didier-adam.jpg\",\"datePublished\":\"2022-04-11T10:30:04+00:00\",\"dateModified\":\"2024-02-20T13:54:48+00:00\",\"breadcrumb\":{\"@id\":\"https:\/\/www.tourisme-valdemarne.com\/espace-pro\/presse\/actualites-et-communiques-de-presse\/communiques-de-presse-precedents\/bilan-2021-et-tendances-2022-du-tourisme-en-val-de-marne\/#breadcrumb\"},\"inLanguage\":\"fr-FR\",\"potentialAction\":[{\"@type\":\"ReadAction\",\"target\":[\"https:\/\/www.tourisme-valdemarne.com\/espace-pro\/presse\/actualites-et-communiques-de-presse\/communiques-de-presse-precedents\/bilan-2021-et-tendances-2022-du-tourisme-en-val-de-marne\/\"]}]},{\"@type\":\"ImageObject\",\"inLanguage\":\"fr-FR\",\"@id\":\"https:\/\/www.tourisme-valdemarne.com\/espace-pro\/presse\/actualites-et-communiques-de-presse\/communiques-de-presse-precedents\/bilan-2021-et-tendances-2022-du-tourisme-en-val-de-marne\/#primaryimage\",\"url\":\"https:\/\/www.tourisme-valdemarne.com\/espace-pro\/wp-content\/uploads\/sites\/3\/2021\/05\/randonneurs_bords_-de_marne_chemin-cr-cdt-94-didier-adam.jpg\",\"contentUrl\":\"https:\/\/www.tourisme-valdemarne.com\/espace-pro\/wp-content\/uploads\/sites\/3\/2021\/05\/randonneurs_bords_-de_marne_chemin-cr-cdt-94-didier-adam.jpg\",\"width\":1900,\"height\":1267,\"caption\":\"Randonneurs sur les Bords de Marne \u00a9 CDT94\"},{\"@type\":\"BreadcrumbList\",\"@id\":\"https:\/\/www.tourisme-valdemarne.com\/espace-pro\/presse\/actualites-et-communiques-de-presse\/communiques-de-presse-precedents\/bilan-2021-et-tendances-2022-du-tourisme-en-val-de-marne\/#breadcrumb\",\"itemListElement\":[{\"@type\":\"ListItem\",\"position\":1,\"name\":\"Accueil\",\"item\":\"https:\/\/www.tourisme-valdemarne.com\/espace-pro\/\"},{\"@type\":\"ListItem\",\"position\":2,\"name\":\"Presse\",\"item\":\"https:\/\/www.tourisme-valdemarne.com\/espace-pro\/presse\/\"},{\"@type\":\"ListItem\",\"position\":3,\"name\":\"Actualit\u00e9s et communiqu\u00e9s de presse\",\"item\":\"https:\/\/www.tourisme-valdemarne.com\/espace-pro\/presse\/actualites-et-communiques-de-presse\/\"},{\"@type\":\"ListItem\",\"position\":4,\"name\":\"Communiqu\u00e9s de presse pr\u00e9c\u00e9dents\",\"item\":\"https:\/\/www.tourisme-valdemarne.com\/espace-pro\/presse\/actualites-et-communiques-de-presse\/communiques-de-presse-precedents\/\"},{\"@type\":\"ListItem\",\"position\":5,\"name\":\"Bilan 2021 et tendances 2022 du tourisme en Val-de-Marne\"}]},{\"@type\":\"WebSite\",\"@id\":\"https:\/\/www.tourisme-valdemarne.com\/espace-pro\/#website\",\"url\":\"https:\/\/www.tourisme-valdemarne.com\/espace-pro\/\",\"name\":\"Espace Pro\",\"description\":\"Informations et outils pour les professionnels et la Presse\",\"potentialAction\":[{\"@type\":\"SearchAction\",\"target\":{\"@type\":\"EntryPoint\",\"urlTemplate\":\"https:\/\/www.tourisme-valdemarne.com\/espace-pro\/?s={search_term_string}\"},\"query-input\":{\"@type\":\"PropertyValueSpecification\",\"valueRequired\":true,\"valueName\":\"search_term_string\"}}],\"inLanguage\":\"fr-FR\"}]}<\/script>\n<!-- \/ Yoast SEO plugin. -->","yoast_head_json":{"title":"Bilan 2021 et tendances 2022 du tourisme en Val-de-Marne - Espace Pro","robots":{"index":"index","follow":"follow","max-snippet":"max-snippet:-1","max-image-preview":"max-image-preview:large","max-video-preview":"max-video-preview:-1"},"canonical":"https:\/\/www.tourisme-valdemarne.com\/espace-pro\/presse\/actualites-et-communiques-de-presse\/communiques-de-presse-precedents\/bilan-2021-et-tendances-2022-du-tourisme-en-val-de-marne\/","og_locale":"fr_FR","og_type":"article","og_title":"Bilan 2021 et tendances 2022 du tourisme en Val-de-Marne - Espace Pro","og_description":"Communiqu\u00e9 de presse Apr\u00e8s un premier semestre morose pour le secteur du tourisme, la fin d\u2019ann\u00e9e 2021 a montr\u00e9 des signes encourageants. La reprise de la fr\u00e9quentation se poursuit au d\u00e9but de l\u2019ann\u00e9e 2022. Cependant, le contexte \u00e9conomique et g\u00e9opolitique europ\u00e9en risquent de ternir les perspectives de reprise. En 2021, le secteur du tourisme \u00e0 [&hellip;]","og_url":"https:\/\/www.tourisme-valdemarne.com\/espace-pro\/presse\/actualites-et-communiques-de-presse\/communiques-de-presse-precedents\/bilan-2021-et-tendances-2022-du-tourisme-en-val-de-marne\/","og_site_name":"Espace Pro","article_modified_time":"2024-02-20T13:54:48+00:00","og_image":[{"width":1900,"height":1267,"url":"https:\/\/www.tourisme-valdemarne.com\/espace-pro\/wp-content\/uploads\/sites\/3\/2021\/05\/randonneurs_bords_-de_marne_chemin-cr-cdt-94-didier-adam.jpg","type":"image\/jpeg"}],"twitter_card":"summary_large_image","twitter_misc":{"Dur\u00e9e de lecture estim\u00e9e":"4 minutes"},"schema":{"@context":"https:\/\/schema.org","@graph":[{"@type":"WebPage","@id":"https:\/\/www.tourisme-valdemarne.com\/espace-pro\/presse\/actualites-et-communiques-de-presse\/communiques-de-presse-precedents\/bilan-2021-et-tendances-2022-du-tourisme-en-val-de-marne\/","url":"https:\/\/www.tourisme-valdemarne.com\/espace-pro\/presse\/actualites-et-communiques-de-presse\/communiques-de-presse-precedents\/bilan-2021-et-tendances-2022-du-tourisme-en-val-de-marne\/","name":"Bilan 2021 et tendances 2022 du tourisme en Val-de-Marne - Espace Pro","isPartOf":{"@id":"https:\/\/www.tourisme-valdemarne.com\/espace-pro\/#website"},"primaryImageOfPage":{"@id":"https:\/\/www.tourisme-valdemarne.com\/espace-pro\/presse\/actualites-et-communiques-de-presse\/communiques-de-presse-precedents\/bilan-2021-et-tendances-2022-du-tourisme-en-val-de-marne\/#primaryimage"},"image":{"@id":"https:\/\/www.tourisme-valdemarne.com\/espace-pro\/presse\/actualites-et-communiques-de-presse\/communiques-de-presse-precedents\/bilan-2021-et-tendances-2022-du-tourisme-en-val-de-marne\/#primaryimage"},"thumbnailUrl":"https:\/\/www.tourisme-valdemarne.com\/espace-pro\/wp-content\/uploads\/sites\/3\/2021\/05\/randonneurs_bords_-de_marne_chemin-cr-cdt-94-didier-adam.jpg","datePublished":"2022-04-11T10:30:04+00:00","dateModified":"2024-02-20T13:54:48+00:00","breadcrumb":{"@id":"https:\/\/www.tourisme-valdemarne.com\/espace-pro\/presse\/actualites-et-communiques-de-presse\/communiques-de-presse-precedents\/bilan-2021-et-tendances-2022-du-tourisme-en-val-de-marne\/#breadcrumb"},"inLanguage":"fr-FR","potentialAction":[{"@type":"ReadAction","target":["https:\/\/www.tourisme-valdemarne.com\/espace-pro\/presse\/actualites-et-communiques-de-presse\/communiques-de-presse-precedents\/bilan-2021-et-tendances-2022-du-tourisme-en-val-de-marne\/"]}]},{"@type":"ImageObject","inLanguage":"fr-FR","@id":"https:\/\/www.tourisme-valdemarne.com\/espace-pro\/presse\/actualites-et-communiques-de-presse\/communiques-de-presse-precedents\/bilan-2021-et-tendances-2022-du-tourisme-en-val-de-marne\/#primaryimage","url":"https:\/\/www.tourisme-valdemarne.com\/espace-pro\/wp-content\/uploads\/sites\/3\/2021\/05\/randonneurs_bords_-de_marne_chemin-cr-cdt-94-didier-adam.jpg","contentUrl":"https:\/\/www.tourisme-valdemarne.com\/espace-pro\/wp-content\/uploads\/sites\/3\/2021\/05\/randonneurs_bords_-de_marne_chemin-cr-cdt-94-didier-adam.jpg","width":1900,"height":1267,"caption":"Randonneurs sur les Bords de Marne \u00a9 CDT94"},{"@type":"BreadcrumbList","@id":"https:\/\/www.tourisme-valdemarne.com\/espace-pro\/presse\/actualites-et-communiques-de-presse\/communiques-de-presse-precedents\/bilan-2021-et-tendances-2022-du-tourisme-en-val-de-marne\/#breadcrumb","itemListElement":[{"@type":"ListItem","position":1,"name":"Accueil","item":"https:\/\/www.tourisme-valdemarne.com\/espace-pro\/"},{"@type":"ListItem","position":2,"name":"Presse","item":"https:\/\/www.tourisme-valdemarne.com\/espace-pro\/presse\/"},{"@type":"ListItem","position":3,"name":"Actualit\u00e9s et communiqu\u00e9s de presse","item":"https:\/\/www.tourisme-valdemarne.com\/espace-pro\/presse\/actualites-et-communiques-de-presse\/"},{"@type":"ListItem","position":4,"name":"Communiqu\u00e9s de presse pr\u00e9c\u00e9dents","item":"https:\/\/www.tourisme-valdemarne.com\/espace-pro\/presse\/actualites-et-communiques-de-presse\/communiques-de-presse-precedents\/"},{"@type":"ListItem","position":5,"name":"Bilan 2021 et tendances 2022 du tourisme en Val-de-Marne"}]},{"@type":"WebSite","@id":"https:\/\/www.tourisme-valdemarne.com\/espace-pro\/#website","url":"https:\/\/www.tourisme-valdemarne.com\/espace-pro\/","name":"Espace Pro","description":"Informations et outils pour les professionnels et la Presse","potentialAction":[{"@type":"SearchAction","target":{"@type":"EntryPoint","urlTemplate":"https:\/\/www.tourisme-valdemarne.com\/espace-pro\/?s={search_term_string}"},"query-input":{"@type":"PropertyValueSpecification","valueRequired":true,"valueName":"search_term_string"}}],"inLanguage":"fr-FR"}]}},"_links":{"self":[{"href":"https:\/\/www.tourisme-valdemarne.com\/espace-pro\/wp-json\/wp\/v2\/pages\/12356","targetHints":{"allow":["GET"]}}],"collection":[{"href":"https:\/\/www.tourisme-valdemarne.com\/espace-pro\/wp-json\/wp\/v2\/pages"}],"about":[{"href":"https:\/\/www.tourisme-valdemarne.com\/espace-pro\/wp-json\/wp\/v2\/types\/page"}],"author":[{"embeddable":true,"href":"https:\/\/www.tourisme-valdemarne.com\/espace-pro\/wp-json\/wp\/v2\/users\/16"}],"replies":[{"embeddable":true,"href":"https:\/\/www.tourisme-valdemarne.com\/espace-pro\/wp-json\/wp\/v2\/comments?post=12356"}],"version-history":[{"count":6,"href":"https:\/\/www.tourisme-valdemarne.com\/espace-pro\/wp-json\/wp\/v2\/pages\/12356\/revisions"}],"predecessor-version":[{"id":26393,"href":"https:\/\/www.tourisme-valdemarne.com\/espace-pro\/wp-json\/wp\/v2\/pages\/12356\/revisions\/26393"}],"up":[{"embeddable":true,"href":"https:\/\/www.tourisme-valdemarne.com\/espace-pro\/wp-json\/wp\/v2\/pages\/2883"}],"wp:featuredmedia":[{"embeddable":true,"href":"https:\/\/www.tourisme-valdemarne.com\/espace-pro\/wp-json\/wp\/v2\/media\/9375"}],"wp:attachment":[{"href":"https:\/\/www.tourisme-valdemarne.com\/espace-pro\/wp-json\/wp\/v2\/media?parent=12356"}],"wp:term":[{"taxonomy":"vdmTagMarketing","embeddable":true,"href":"https:\/\/www.tourisme-valdemarne.com\/espace-pro\/wp-json\/wp\/v2\/vdmTagMarketing?post=12356"}],"curies":[{"name":"wp","href":"https:\/\/api.w.org\/{rel}","templated":true}]}}