{"id":10382,"date":"2021-08-02T15:06:59","date_gmt":"2021-08-02T13:06:59","guid":{"rendered":"https:\/\/www.tourisme-valdemarne.com\/espace-pro\/?page_id=10382"},"modified":"2022-03-24T10:22:13","modified_gmt":"2022-03-24T09:22:13","slug":"appel-a-projets-pour-soutenir-les-acteurs-de-lhebergement-touristique-parisien-dans-leur-transformation-durable","status":"publish","type":"page","link":"https:\/\/www.tourisme-valdemarne.com\/espace-pro\/actualites\/archives-des-actualites\/appel-a-projets-pour-soutenir-les-acteurs-de-lhebergement-touristique-parisien-dans-leur-transformation-durable\/","title":{"rendered":"Appel \u00e0 Projets pour soutenir les acteurs de l\u2019h\u00e9bergement touristique parisien dans leur transformation durable"},"content":{"rendered":"\n<p class=\"is-style-excerpt\">Comme annonc\u00e9 aux Assises du Tourisme Durable tenues le 1er juillet, la Ville de Paris va lancer un certain nombre d\u2019actions visant \u00e0 accompagner la fili\u00e8re dans sa transition.<\/p>\n\n\n\n<p>C&rsquo;est dans le cadre de cette d\u00e9marche qu&rsquo;est lanc\u00e9 cet appel \u00e0 projets pour soutenir les acteurs de l\u2019h\u00e9bergement touristique parisien \u00e0 investir apr\u00e8s cette ann\u00e9e de crise sanitaire, afin d\u2019engager les mutations n\u00e9cessaires pour une destination plus durable et \u00e9coresponsable.<\/p>\n\n\n\n<p>Les entreprises qui souhaiteraient participer \u00e0 cet appel \u00e0 projets sont invit\u00e9es \u00e0 d\u00e9montrer qu\u2019elles sont dans une d\u00e9marche de transformation de leur activit\u00e9 en visant des objectifs environnementaux, de d\u00e9veloppement durable et\/ou d\u2019accessibilit\u00e9 vis-\u00e0-vis des personnes \u00e0 mobilit\u00e9 r\u00e9duite.<\/p>\n\n\n\n<p>L&rsquo;appel \u00e0 projets est accessible en ligne jusqu&rsquo;au 15 septembre 2021. Retrouvez l&rsquo;<a href=\"https:\/\/www.paris.fr\/pages\/hebergement-touristique-durable-et-accessible-deposez-votre-projet-18142\" target=\"_blank\" rel=\"noreferrer noopener\">int\u00e9gralit\u00e9 des informations sur le site de la ville de Paris<\/a>.<\/p>\n","protected":false},"excerpt":{"rendered":"<p>Comme annonc\u00e9 aux Assises du Tourisme Durable tenues le 1er juillet, la Ville de Paris va lancer un certain nombre d\u2019actions visant \u00e0 accompagner la fili\u00e8re dans sa transition. C&rsquo;est dans le cadre de cette d\u00e9marche qu&rsquo;est lanc\u00e9 cet appel \u00e0 projets pour soutenir les acteurs de l\u2019h\u00e9bergement touristique parisien \u00e0 investir apr\u00e8s cette ann\u00e9e [&hellip;]<\/p>\n","protected":false},"author":8,"featured_media":10385,"parent":9250,"menu_order":172,"comment_status":"closed","ping_status":"closed","template":"","meta":{"_relevanssi_hide_post":"","_relevanssi_hide_content":"","_relevanssi_pin_for_all":"","_relevanssi_pin_keywords":"","_relevanssi_unpin_keywords":"","_relevanssi_related_keywords":"","_relevanssi_related_include_ids":"","_relevanssi_related_exclude_ids":"","_relevanssi_related_no_append":"","_relevanssi_related_not_related":"","_relevanssi_related_posts":"8084,8083,446,2749,8108,8074","_relevanssi_noindex_reason":"","footnotes":""},"vdmTagMarketing":[],"class_list":["post-10382","page","type-page","status-publish","has-post-thumbnail","hentry"],"acf":[],"yoast_head":"<!-- This site is optimized with the Yoast SEO plugin v23.9 - https:\/\/yoast.com\/wordpress\/plugins\/seo\/ -->\n<title>Appel \u00e0 Projets pour soutenir les acteurs de l\u2019h\u00e9bergement touristique parisien dans leur transformation durable - Espace Pro<\/title>\n<meta name=\"description\" content=\"La Ville de Paris va lancer un certain nombre d\u2019actions visant \u00e0 accompagner la fili\u00e8re dans sa transition, dont cet appel \u00e0 projets.\" \/>\n<meta name=\"robots\" content=\"index, follow, max-snippet:-1, max-image-preview:large, max-video-preview:-1\" \/>\n<link rel=\"canonical\" href=\"https:\/\/www.tourisme-valdemarne.com\/espace-pro\/actualites\/archives-des-actualites\/appel-a-projets-pour-soutenir-les-acteurs-de-lhebergement-touristique-parisien-dans-leur-transformation-durable\/\" \/>\n<meta property=\"og:locale\" content=\"fr_FR\" \/>\n<meta property=\"og:type\" content=\"article\" \/>\n<meta property=\"og:title\" content=\"Appel \u00e0 Projets pour soutenir les acteurs de l\u2019h\u00e9bergement touristique parisien dans leur transformation durable - Espace Pro\" \/>\n<meta property=\"og:description\" content=\"La Ville de Paris va lancer un certain nombre d\u2019actions visant \u00e0 accompagner la fili\u00e8re dans sa transition, dont cet appel \u00e0 projets.\" \/>\n<meta property=\"og:url\" content=\"https:\/\/www.tourisme-valdemarne.com\/espace-pro\/actualites\/archives-des-actualites\/appel-a-projets-pour-soutenir-les-acteurs-de-lhebergement-touristique-parisien-dans-leur-transformation-durable\/\" \/>\n<meta property=\"og:site_name\" content=\"Espace Pro\" \/>\n<meta property=\"article:modified_time\" content=\"2022-03-24T09:22:13+00:00\" \/>\n<meta property=\"og:image\" content=\"https:\/\/www.tourisme-valdemarne.com\/espace-pro\/wp-content\/uploads\/sites\/3\/2021\/08\/chambre-hotel.jpg\" \/>\n\t<meta property=\"og:image:width\" content=\"1920\" \/>\n\t<meta property=\"og:image:height\" content=\"1343\" \/>\n\t<meta property=\"og:image:type\" content=\"image\/jpeg\" \/>\n<meta name=\"twitter:card\" content=\"summary_large_image\" \/>\n<meta name=\"twitter:label1\" content=\"Dur\u00e9e de lecture estim\u00e9e\" \/>\n\t<meta name=\"twitter:data1\" content=\"1 minute\" \/>\n<script type=\"application\/ld+json\" class=\"yoast-schema-graph\">{\"@context\":\"https:\/\/schema.org\",\"@graph\":[{\"@type\":\"WebPage\",\"@id\":\"https:\/\/www.tourisme-valdemarne.com\/espace-pro\/actualites\/archives-des-actualites\/appel-a-projets-pour-soutenir-les-acteurs-de-lhebergement-touristique-parisien-dans-leur-transformation-durable\/\",\"url\":\"https:\/\/www.tourisme-valdemarne.com\/espace-pro\/actualites\/archives-des-actualites\/appel-a-projets-pour-soutenir-les-acteurs-de-lhebergement-touristique-parisien-dans-leur-transformation-durable\/\",\"name\":\"Appel \u00e0 Projets pour soutenir les acteurs de l\u2019h\u00e9bergement touristique parisien dans leur transformation durable - Espace Pro\",\"isPartOf\":{\"@id\":\"https:\/\/www.tourisme-valdemarne.com\/espace-pro\/#website\"},\"primaryImageOfPage\":{\"@id\":\"https:\/\/www.tourisme-valdemarne.com\/espace-pro\/actualites\/archives-des-actualites\/appel-a-projets-pour-soutenir-les-acteurs-de-lhebergement-touristique-parisien-dans-leur-transformation-durable\/#primaryimage\"},\"image\":{\"@id\":\"https:\/\/www.tourisme-valdemarne.com\/espace-pro\/actualites\/archives-des-actualites\/appel-a-projets-pour-soutenir-les-acteurs-de-lhebergement-touristique-parisien-dans-leur-transformation-durable\/#primaryimage\"},\"thumbnailUrl\":\"https:\/\/www.tourisme-valdemarne.com\/espace-pro\/wp-content\/uploads\/sites\/3\/2021\/08\/chambre-hotel.jpg\",\"datePublished\":\"2021-08-02T13:06:59+00:00\",\"dateModified\":\"2022-03-24T09:22:13+00:00\",\"description\":\"La Ville de Paris va lancer un certain nombre d\u2019actions visant \u00e0 accompagner la fili\u00e8re dans sa transition, dont cet appel \u00e0 projets.\",\"breadcrumb\":{\"@id\":\"https:\/\/www.tourisme-valdemarne.com\/espace-pro\/actualites\/archives-des-actualites\/appel-a-projets-pour-soutenir-les-acteurs-de-lhebergement-touristique-parisien-dans-leur-transformation-durable\/#breadcrumb\"},\"inLanguage\":\"fr-FR\",\"potentialAction\":[{\"@type\":\"ReadAction\",\"target\":[\"https:\/\/www.tourisme-valdemarne.com\/espace-pro\/actualites\/archives-des-actualites\/appel-a-projets-pour-soutenir-les-acteurs-de-lhebergement-touristique-parisien-dans-leur-transformation-durable\/\"]}]},{\"@type\":\"ImageObject\",\"inLanguage\":\"fr-FR\",\"@id\":\"https:\/\/www.tourisme-valdemarne.com\/espace-pro\/actualites\/archives-des-actualites\/appel-a-projets-pour-soutenir-les-acteurs-de-lhebergement-touristique-parisien-dans-leur-transformation-durable\/#primaryimage\",\"url\":\"https:\/\/www.tourisme-valdemarne.com\/espace-pro\/wp-content\/uploads\/sites\/3\/2021\/08\/chambre-hotel.jpg\",\"contentUrl\":\"https:\/\/www.tourisme-valdemarne.com\/espace-pro\/wp-content\/uploads\/sites\/3\/2021\/08\/chambre-hotel.jpg\",\"width\":1920,\"height\":1343,\"caption\":\"chambre d'hotel\"},{\"@type\":\"BreadcrumbList\",\"@id\":\"https:\/\/www.tourisme-valdemarne.com\/espace-pro\/actualites\/archives-des-actualites\/appel-a-projets-pour-soutenir-les-acteurs-de-lhebergement-touristique-parisien-dans-leur-transformation-durable\/#breadcrumb\",\"itemListElement\":[{\"@type\":\"ListItem\",\"position\":1,\"name\":\"Accueil\",\"item\":\"https:\/\/www.tourisme-valdemarne.com\/espace-pro\/\"},{\"@type\":\"ListItem\",\"position\":2,\"name\":\"Actualit\u00e9s de l&rsquo;espace pro\",\"item\":\"https:\/\/www.tourisme-valdemarne.com\/espace-pro\/actualites\/\"},{\"@type\":\"ListItem\",\"position\":3,\"name\":\"Archives des actualit\u00e9s\",\"item\":\"https:\/\/www.tourisme-valdemarne.com\/espace-pro\/actualites\/archives-des-actualites\/\"},{\"@type\":\"ListItem\",\"position\":4,\"name\":\"Appel \u00e0 Projets pour soutenir les acteurs de l\u2019h\u00e9bergement touristique parisien dans leur transformation durable\"}]},{\"@type\":\"WebSite\",\"@id\":\"https:\/\/www.tourisme-valdemarne.com\/espace-pro\/#website\",\"url\":\"https:\/\/www.tourisme-valdemarne.com\/espace-pro\/\",\"name\":\"Espace Pro\",\"description\":\"Informations et outils pour les professionnels et la Presse\",\"potentialAction\":[{\"@type\":\"SearchAction\",\"target\":{\"@type\":\"EntryPoint\",\"urlTemplate\":\"https:\/\/www.tourisme-valdemarne.com\/espace-pro\/?s={search_term_string}\"},\"query-input\":{\"@type\":\"PropertyValueSpecification\",\"valueRequired\":true,\"valueName\":\"search_term_string\"}}],\"inLanguage\":\"fr-FR\"}]}<\/script>\n<!-- \/ Yoast SEO plugin. -->","yoast_head_json":{"title":"Appel \u00e0 Projets pour soutenir les acteurs de l\u2019h\u00e9bergement touristique parisien dans leur transformation durable - Espace Pro","description":"La Ville de Paris va lancer un certain nombre d\u2019actions visant \u00e0 accompagner la fili\u00e8re dans sa transition, dont cet appel \u00e0 projets.","robots":{"index":"index","follow":"follow","max-snippet":"max-snippet:-1","max-image-preview":"max-image-preview:large","max-video-preview":"max-video-preview:-1"},"canonical":"https:\/\/www.tourisme-valdemarne.com\/espace-pro\/actualites\/archives-des-actualites\/appel-a-projets-pour-soutenir-les-acteurs-de-lhebergement-touristique-parisien-dans-leur-transformation-durable\/","og_locale":"fr_FR","og_type":"article","og_title":"Appel \u00e0 Projets pour soutenir les acteurs de l\u2019h\u00e9bergement touristique parisien dans leur transformation durable - Espace Pro","og_description":"La Ville de Paris va lancer un certain nombre d\u2019actions visant \u00e0 accompagner la fili\u00e8re dans sa transition, dont cet appel \u00e0 projets.","og_url":"https:\/\/www.tourisme-valdemarne.com\/espace-pro\/actualites\/archives-des-actualites\/appel-a-projets-pour-soutenir-les-acteurs-de-lhebergement-touristique-parisien-dans-leur-transformation-durable\/","og_site_name":"Espace Pro","article_modified_time":"2022-03-24T09:22:13+00:00","og_image":[{"width":1920,"height":1343,"url":"https:\/\/www.tourisme-valdemarne.com\/espace-pro\/wp-content\/uploads\/sites\/3\/2021\/08\/chambre-hotel.jpg","type":"image\/jpeg"}],"twitter_card":"summary_large_image","twitter_misc":{"Dur\u00e9e de lecture estim\u00e9e":"1 minute"},"schema":{"@context":"https:\/\/schema.org","@graph":[{"@type":"WebPage","@id":"https:\/\/www.tourisme-valdemarne.com\/espace-pro\/actualites\/archives-des-actualites\/appel-a-projets-pour-soutenir-les-acteurs-de-lhebergement-touristique-parisien-dans-leur-transformation-durable\/","url":"https:\/\/www.tourisme-valdemarne.com\/espace-pro\/actualites\/archives-des-actualites\/appel-a-projets-pour-soutenir-les-acteurs-de-lhebergement-touristique-parisien-dans-leur-transformation-durable\/","name":"Appel \u00e0 Projets pour soutenir les acteurs de l\u2019h\u00e9bergement touristique parisien dans leur transformation durable - Espace Pro","isPartOf":{"@id":"https:\/\/www.tourisme-valdemarne.com\/espace-pro\/#website"},"primaryImageOfPage":{"@id":"https:\/\/www.tourisme-valdemarne.com\/espace-pro\/actualites\/archives-des-actualites\/appel-a-projets-pour-soutenir-les-acteurs-de-lhebergement-touristique-parisien-dans-leur-transformation-durable\/#primaryimage"},"image":{"@id":"https:\/\/www.tourisme-valdemarne.com\/espace-pro\/actualites\/archives-des-actualites\/appel-a-projets-pour-soutenir-les-acteurs-de-lhebergement-touristique-parisien-dans-leur-transformation-durable\/#primaryimage"},"thumbnailUrl":"https:\/\/www.tourisme-valdemarne.com\/espace-pro\/wp-content\/uploads\/sites\/3\/2021\/08\/chambre-hotel.jpg","datePublished":"2021-08-02T13:06:59+00:00","dateModified":"2022-03-24T09:22:13+00:00","description":"La Ville de Paris va lancer un certain nombre d\u2019actions visant \u00e0 accompagner la fili\u00e8re dans sa transition, dont cet appel \u00e0 projets.","breadcrumb":{"@id":"https:\/\/www.tourisme-valdemarne.com\/espace-pro\/actualites\/archives-des-actualites\/appel-a-projets-pour-soutenir-les-acteurs-de-lhebergement-touristique-parisien-dans-leur-transformation-durable\/#breadcrumb"},"inLanguage":"fr-FR","potentialAction":[{"@type":"ReadAction","target":["https:\/\/www.tourisme-valdemarne.com\/espace-pro\/actualites\/archives-des-actualites\/appel-a-projets-pour-soutenir-les-acteurs-de-lhebergement-touristique-parisien-dans-leur-transformation-durable\/"]}]},{"@type":"ImageObject","inLanguage":"fr-FR","@id":"https:\/\/www.tourisme-valdemarne.com\/espace-pro\/actualites\/archives-des-actualites\/appel-a-projets-pour-soutenir-les-acteurs-de-lhebergement-touristique-parisien-dans-leur-transformation-durable\/#primaryimage","url":"https:\/\/www.tourisme-valdemarne.com\/espace-pro\/wp-content\/uploads\/sites\/3\/2021\/08\/chambre-hotel.jpg","contentUrl":"https:\/\/www.tourisme-valdemarne.com\/espace-pro\/wp-content\/uploads\/sites\/3\/2021\/08\/chambre-hotel.jpg","width":1920,"height":1343,"caption":"chambre d'hotel"},{"@type":"BreadcrumbList","@id":"https:\/\/www.tourisme-valdemarne.com\/espace-pro\/actualites\/archives-des-actualites\/appel-a-projets-pour-soutenir-les-acteurs-de-lhebergement-touristique-parisien-dans-leur-transformation-durable\/#breadcrumb","itemListElement":[{"@type":"ListItem","position":1,"name":"Accueil","item":"https:\/\/www.tourisme-valdemarne.com\/espace-pro\/"},{"@type":"ListItem","position":2,"name":"Actualit\u00e9s de l&rsquo;espace pro","item":"https:\/\/www.tourisme-valdemarne.com\/espace-pro\/actualites\/"},{"@type":"ListItem","position":3,"name":"Archives des actualit\u00e9s","item":"https:\/\/www.tourisme-valdemarne.com\/espace-pro\/actualites\/archives-des-actualites\/"},{"@type":"ListItem","position":4,"name":"Appel \u00e0 Projets pour soutenir les acteurs de l\u2019h\u00e9bergement touristique parisien dans leur transformation durable"}]},{"@type":"WebSite","@id":"https:\/\/www.tourisme-valdemarne.com\/espace-pro\/#website","url":"https:\/\/www.tourisme-valdemarne.com\/espace-pro\/","name":"Espace Pro","description":"Informations et outils pour les professionnels et la Presse","potentialAction":[{"@type":"SearchAction","target":{"@type":"EntryPoint","urlTemplate":"https:\/\/www.tourisme-valdemarne.com\/espace-pro\/?s={search_term_string}"},"query-input":{"@type":"PropertyValueSpecification","valueRequired":true,"valueName":"search_term_string"}}],"inLanguage":"fr-FR"}]}},"_links":{"self":[{"href":"https:\/\/www.tourisme-valdemarne.com\/espace-pro\/wp-json\/wp\/v2\/pages\/10382","targetHints":{"allow":["GET"]}}],"collection":[{"href":"https:\/\/www.tourisme-valdemarne.com\/espace-pro\/wp-json\/wp\/v2\/pages"}],"about":[{"href":"https:\/\/www.tourisme-valdemarne.com\/espace-pro\/wp-json\/wp\/v2\/types\/page"}],"author":[{"embeddable":true,"href":"https:\/\/www.tourisme-valdemarne.com\/espace-pro\/wp-json\/wp\/v2\/users\/8"}],"replies":[{"embeddable":true,"href":"https:\/\/www.tourisme-valdemarne.com\/espace-pro\/wp-json\/wp\/v2\/comments?post=10382"}],"version-history":[{"count":1,"href":"https:\/\/www.tourisme-valdemarne.com\/espace-pro\/wp-json\/wp\/v2\/pages\/10382\/revisions"}],"predecessor-version":[{"id":10383,"href":"https:\/\/www.tourisme-valdemarne.com\/espace-pro\/wp-json\/wp\/v2\/pages\/10382\/revisions\/10383"}],"up":[{"embeddable":true,"href":"https:\/\/www.tourisme-valdemarne.com\/espace-pro\/wp-json\/wp\/v2\/pages\/9250"}],"wp:featuredmedia":[{"embeddable":true,"href":"https:\/\/www.tourisme-valdemarne.com\/espace-pro\/wp-json\/wp\/v2\/media\/10385"}],"wp:attachment":[{"href":"https:\/\/www.tourisme-valdemarne.com\/espace-pro\/wp-json\/wp\/v2\/media?parent=10382"}],"wp:term":[{"taxonomy":"vdmTagMarketing","embeddable":true,"href":"https:\/\/www.tourisme-valdemarne.com\/espace-pro\/wp-json\/wp\/v2\/vdmTagMarketing?post=10382"}],"curies":[{"name":"wp","href":"https:\/\/api.w.org\/{rel}","templated":true}]}}