{"id":103,"date":"2019-04-16T16:03:39","date_gmt":"2019-04-16T14:03:39","guid":{"rendered":"https:\/\/www.tourisme-valdemarne.com\/espace-pro\/positionnement-touristique"},"modified":"2019-05-27T11:28:38","modified_gmt":"2019-05-27T09:28:38","slug":"positionnement-touristique","status":"publish","type":"page","link":"https:\/\/www.tourisme-valdemarne.com\/espace-pro\/qui-sommes-nous\/positionnement-touristique\/","title":{"rendered":"Positionnement touristique"},"content":{"rendered":"\n<p class=\"is-style-excerpt\">Un nouveau positionnement touristique en Val-de-Marne.<\/p>\n\n\n\n<p>L\u2019une des trois grandes ambitions du Sch\u00e9ma D\u00e9partemental du tourisme et des loisirs du Val-de-Marne 2013-2018 est de \u00ab conforter et d\u00e9velopper une identit\u00e9 touristique val-de-marnaise \u00bb. C\u2019est pourquoi, en 2013, le CDT a missionn\u00e9 l\u2019agence Infoflash pour travailler sur la construction d\u2019une image touristique pour le territoire et la cr\u00e9ation d\u2019une identit\u00e9 pour le tourisme et les loisirs en Val-de-Marne.<\/p>\n\n\n\n<p><strong>Les missions confi\u00e9es \u00e0 l\u2019agence Infoflash :<\/strong><\/p>\n\n\n\n<ul class=\"wp-block-list\"><li>Interviewer des acteurs du territoire pour connaitre leur vision du Val-de-Marne<\/li><li>Faire \u00e9merger les valeurs \u00e0 v\u00e9hiculer sur le territoire (atouts, sp\u00e9cificit\u00e9s)<\/li><li>Construire une identit\u00e9 propre au d\u00e9partement<\/li><li>Traduire graphiquement cette image (logos, signature, univers graphique, vocabulaire, etc.) <\/li><\/ul>\n\n\n\n<p><strong>Cette image touristique doit :<\/strong><\/p>\n\n\n\n<ul class=\"wp-block-list\"><li>Incarner le dynamisme du territoire<\/li><li>Montrer la diversit\u00e9 de l\u2019offre et des \u00e9motions en d\u00e9coulant<\/li><li>Montrer la qualit\u00e9 de vie du territoire<\/li><li>Se positionner par rapport \u00e0 Paris et \u00eatre compl\u00e9mentaire <\/li><\/ul>\n\n\n\n<p><strong>La d\u00e9marche :<\/strong><\/p>\n\n\n\n<p>Infoflash a travaill\u00e9 avec une quinzaine d\u2019acteurs du territoire pour faire \u00e9merger les valeurs du territoire. Les entretiens et groupes de travail avec les acteurs ont permis d\u2019identifier : <\/p>\n\n\n\n<ul class=\"wp-block-list\"><li>les sites embl\u00e9matiques du territoire dont les 5 qui arrivent en t\u00eate  sont : le Mac\/Val, les bords de Marne et de Seine, le ch\u00e2teau de  Vincennes, le MIN et l\u2019a\u00e9roport d\u2019Orly<\/li><li>les principales forces du Val-de-Marne : la diversit\u00e9, la qualit\u00e9 du  cadre de vie, les voies d\u2019eau, la proximit\u00e9 avec Paris, le territoire  source de cr\u00e9ation artistique, le d\u00e9veloppement \u00e9conomique et le tissu  urbain en plein essor, la jeunesse et l\u2019enthousiasme, une politique  g\u00e9n\u00e9rale tourn\u00e9e vers l&rsquo;humain et un r\u00e9seau de transport tr\u00e8s d\u00e9velopp\u00e9 <\/li><li>les faiblesses : une destination touristique trop m\u00e9connue, une image  parfois n\u00e9gative de la \u00ab banlieue \u00bb, un r\u00e9seau de transport qui  privil\u00e9gie les d\u00e9placements vers Paris, un d\u00e9partement sans identit\u00e9  forte, des disparit\u00e9s territoriales<\/li><\/ul>\n\n\n\n<p>A partir de ces valeurs, Infoflash a relev\u00e9 l\u2019univers de r\u00e9f\u00e9rence du Val-de-Marne qui sugg\u00e8re les notions de : mixit\u00e9, qualit\u00e9 de vie, l\u2019humain, la diversit\u00e9, la culture et la diversit\u00e9 artistique, la proximit\u00e9 de paris, la nature et l\u2019eau. <\/p>\n\n\n\n<p>Pour \u00e9tablir sa recommandation cr\u00e9ative, l\u2019agence s\u2019est appuy\u00e9e sur <strong>les messages \u00e0 v\u00e9hiculer<\/strong> :<\/p>\n\n\n\n<ul class=\"wp-block-list\"><li>Une pluralit\u00e9 de la repr\u00e9sentativit\u00e9 des symboles : Art, Nature, Patrimoine, Gastronomie, Transports\/voyage<\/li><li>Le Val-de-Marne = le carrefour de TOUTES les rencontres : Culturelles, Humaines, Naturelles <\/li><\/ul>\n\n\n\n<p>Le positionnement touristique propos\u00e9 pour le territoire et le logo cr\u00e9\u00e9 pour le CDT du Val-de-Marne ont ensuite \u00e9t\u00e9 discut\u00e9s et valid\u00e9s lors d\u2019un Conseil d\u2019administration r\u00e9uni le 8 janvier 2014.<\/p>\n\n\n\n<div class=\"wp-block-image\"><figure class=\"aligncenter\"><a href=\"https:\/\/www.tourisme-valdemarne.com\/espace-pro\/wp-content\/uploads\/sites\/3\/2019\/05\/vdm_court_logo_quadri_rvb.jpg\"><img width=\"600\" height=\"402\" data-src=\"https:\/\/www.tourisme-valdemarne.com\/espace-pro\/wp-content\/uploads\/sites\/3\/2019\/05\/vdm_court_logo_quadri_rvb-600x402.jpg\" alt=\"Nouveau logo de Val-de-Marne Tourisme et Loisirs\" class=\"wp-image-642\" srcset=\"https:\/\/www.tourisme-valdemarne.com\/espace-pro\/wp-content\/uploads\/sites\/3\/2019\/05\/vdm_court_logo_quadri_rvb-600x402.jpg 600w, https:\/\/www.tourisme-valdemarne.com\/espace-pro\/wp-content\/uploads\/sites\/3\/2019\/05\/vdm_court_logo_quadri_rvb-900x603.jpg 900w, https:\/\/www.tourisme-valdemarne.com\/espace-pro\/wp-content\/uploads\/sites\/3\/2019\/05\/vdm_court_logo_quadri_rvb-1200x804.jpg 1200w, https:\/\/www.tourisme-valdemarne.com\/espace-pro\/wp-content\/uploads\/sites\/3\/2019\/05\/vdm_court_logo_quadri_rvb-200x134.jpg 200w, https:\/\/www.tourisme-valdemarne.com\/espace-pro\/wp-content\/uploads\/sites\/3\/2019\/05\/vdm_court_logo_quadri_rvb.jpg 1447w\" sizes=\"(max-width: 600px) 100vw, 600px\" \/><\/a><figcaption>Nouveau logo de Val-de-Marne Tourisme et Loisirs<\/figcaption><\/figure><\/div>\n","protected":false},"excerpt":{"rendered":"<p>Un nouveau positionnement touristique en Val-de-Marne. L\u2019une des trois grandes ambitions du Sch\u00e9ma D\u00e9partemental du tourisme et des loisirs du Val-de-Marne 2013-2018 est de \u00ab conforter et d\u00e9velopper une identit\u00e9 touristique val-de-marnaise \u00bb. C\u2019est pourquoi, en 2013, le CDT a missionn\u00e9 l\u2019agence Infoflash pour travailler sur la construction d\u2019une image touristique pour le territoire et [&hellip;]<\/p>\n","protected":false},"author":1,"featured_media":645,"parent":9,"menu_order":50,"comment_status":"closed","ping_status":"closed","template":"","meta":{"_relevanssi_hide_post":"","_relevanssi_hide_content":"","_relevanssi_pin_for_all":"","_relevanssi_pin_keywords":"","_relevanssi_unpin_keywords":"","_relevanssi_related_keywords":"","_relevanssi_related_include_ids":"","_relevanssi_related_exclude_ids":"","_relevanssi_related_no_append":"","_relevanssi_related_not_related":"","_relevanssi_related_posts":"","_relevanssi_noindex_reason":"","footnotes":""},"vdmTagMarketing":[],"class_list":["post-103","page","type-page","status-publish","has-post-thumbnail","hentry"],"acf":[],"yoast_head":"<!-- This site is optimized with the Yoast SEO plugin v23.9 - https:\/\/yoast.com\/wordpress\/plugins\/seo\/ -->\n<title>Positionnement touristique - Espace Pro<\/title>\n<meta name=\"robots\" content=\"index, follow, max-snippet:-1, max-image-preview:large, max-video-preview:-1\" \/>\n<link rel=\"canonical\" href=\"https:\/\/www.tourisme-valdemarne.com\/espace-pro\/qui-sommes-nous\/positionnement-touristique\/\" \/>\n<meta property=\"og:locale\" content=\"fr_FR\" \/>\n<meta property=\"og:type\" content=\"article\" \/>\n<meta property=\"og:title\" content=\"Positionnement touristique - Espace Pro\" \/>\n<meta property=\"og:description\" content=\"Un nouveau positionnement touristique en Val-de-Marne. L\u2019une des trois grandes ambitions du Sch\u00e9ma D\u00e9partemental du tourisme et des loisirs du Val-de-Marne 2013-2018 est de \u00ab conforter et d\u00e9velopper une identit\u00e9 touristique val-de-marnaise \u00bb. C\u2019est pourquoi, en 2013, le CDT a missionn\u00e9 l\u2019agence Infoflash pour travailler sur la construction d\u2019une image touristique pour le territoire et [&hellip;]\" \/>\n<meta property=\"og:url\" content=\"https:\/\/www.tourisme-valdemarne.com\/espace-pro\/qui-sommes-nous\/positionnement-touristique\/\" \/>\n<meta property=\"og:site_name\" content=\"Espace Pro\" \/>\n<meta property=\"article:modified_time\" content=\"2019-05-27T09:28:38+00:00\" \/>\n<meta property=\"og:image\" content=\"https:\/\/www.tourisme-valdemarne.com\/espace-pro\/wp-content\/uploads\/sites\/3\/2019\/05\/vdm_court_logo_quadri_rvb-grand.jpg\" \/>\n\t<meta property=\"og:image:width\" content=\"1600\" \/>\n\t<meta property=\"og:image:height\" content=\"900\" \/>\n\t<meta property=\"og:image:type\" content=\"image\/jpeg\" \/>\n<meta name=\"twitter:card\" content=\"summary_large_image\" \/>\n<meta name=\"twitter:label1\" content=\"Dur\u00e9e de lecture estim\u00e9e\" \/>\n\t<meta name=\"twitter:data1\" content=\"2 minutes\" \/>\n<script type=\"application\/ld+json\" class=\"yoast-schema-graph\">{\"@context\":\"https:\/\/schema.org\",\"@graph\":[{\"@type\":\"WebPage\",\"@id\":\"https:\/\/www.tourisme-valdemarne.com\/espace-pro\/qui-sommes-nous\/positionnement-touristique\/\",\"url\":\"https:\/\/www.tourisme-valdemarne.com\/espace-pro\/qui-sommes-nous\/positionnement-touristique\/\",\"name\":\"Positionnement touristique - Espace Pro\",\"isPartOf\":{\"@id\":\"https:\/\/www.tourisme-valdemarne.com\/espace-pro\/#website\"},\"primaryImageOfPage\":{\"@id\":\"https:\/\/www.tourisme-valdemarne.com\/espace-pro\/qui-sommes-nous\/positionnement-touristique\/#primaryimage\"},\"image\":{\"@id\":\"https:\/\/www.tourisme-valdemarne.com\/espace-pro\/qui-sommes-nous\/positionnement-touristique\/#primaryimage\"},\"thumbnailUrl\":\"https:\/\/www.tourisme-valdemarne.com\/espace-pro\/wp-content\/uploads\/sites\/3\/2019\/05\/vdm_court_logo_quadri_rvb-grand.jpg\",\"datePublished\":\"2019-04-16T14:03:39+00:00\",\"dateModified\":\"2019-05-27T09:28:38+00:00\",\"breadcrumb\":{\"@id\":\"https:\/\/www.tourisme-valdemarne.com\/espace-pro\/qui-sommes-nous\/positionnement-touristique\/#breadcrumb\"},\"inLanguage\":\"fr-FR\",\"potentialAction\":[{\"@type\":\"ReadAction\",\"target\":[\"https:\/\/www.tourisme-valdemarne.com\/espace-pro\/qui-sommes-nous\/positionnement-touristique\/\"]}]},{\"@type\":\"ImageObject\",\"inLanguage\":\"fr-FR\",\"@id\":\"https:\/\/www.tourisme-valdemarne.com\/espace-pro\/qui-sommes-nous\/positionnement-touristique\/#primaryimage\",\"url\":\"https:\/\/www.tourisme-valdemarne.com\/espace-pro\/wp-content\/uploads\/sites\/3\/2019\/05\/vdm_court_logo_quadri_rvb-grand.jpg\",\"contentUrl\":\"https:\/\/www.tourisme-valdemarne.com\/espace-pro\/wp-content\/uploads\/sites\/3\/2019\/05\/vdm_court_logo_quadri_rvb-grand.jpg\",\"width\":1600,\"height\":900,\"caption\":\"Logo du CDT 94\"},{\"@type\":\"BreadcrumbList\",\"@id\":\"https:\/\/www.tourisme-valdemarne.com\/espace-pro\/qui-sommes-nous\/positionnement-touristique\/#breadcrumb\",\"itemListElement\":[{\"@type\":\"ListItem\",\"position\":1,\"name\":\"Accueil\",\"item\":\"https:\/\/www.tourisme-valdemarne.com\/espace-pro\/\"},{\"@type\":\"ListItem\",\"position\":2,\"name\":\"Qui sommes-nous ?\",\"item\":\"https:\/\/www.tourisme-valdemarne.com\/espace-pro\/qui-sommes-nous\/\"},{\"@type\":\"ListItem\",\"position\":3,\"name\":\"Positionnement touristique\"}]},{\"@type\":\"WebSite\",\"@id\":\"https:\/\/www.tourisme-valdemarne.com\/espace-pro\/#website\",\"url\":\"https:\/\/www.tourisme-valdemarne.com\/espace-pro\/\",\"name\":\"Espace Pro\",\"description\":\"Informations et outils pour les professionnels et la Presse\",\"potentialAction\":[{\"@type\":\"SearchAction\",\"target\":{\"@type\":\"EntryPoint\",\"urlTemplate\":\"https:\/\/www.tourisme-valdemarne.com\/espace-pro\/?s={search_term_string}\"},\"query-input\":{\"@type\":\"PropertyValueSpecification\",\"valueRequired\":true,\"valueName\":\"search_term_string\"}}],\"inLanguage\":\"fr-FR\"}]}<\/script>\n<!-- \/ Yoast SEO plugin. -->","yoast_head_json":{"title":"Positionnement touristique - Espace Pro","robots":{"index":"index","follow":"follow","max-snippet":"max-snippet:-1","max-image-preview":"max-image-preview:large","max-video-preview":"max-video-preview:-1"},"canonical":"https:\/\/www.tourisme-valdemarne.com\/espace-pro\/qui-sommes-nous\/positionnement-touristique\/","og_locale":"fr_FR","og_type":"article","og_title":"Positionnement touristique - Espace Pro","og_description":"Un nouveau positionnement touristique en Val-de-Marne. L\u2019une des trois grandes ambitions du Sch\u00e9ma D\u00e9partemental du tourisme et des loisirs du Val-de-Marne 2013-2018 est de \u00ab conforter et d\u00e9velopper une identit\u00e9 touristique val-de-marnaise \u00bb. C\u2019est pourquoi, en 2013, le CDT a missionn\u00e9 l\u2019agence Infoflash pour travailler sur la construction d\u2019une image touristique pour le territoire et [&hellip;]","og_url":"https:\/\/www.tourisme-valdemarne.com\/espace-pro\/qui-sommes-nous\/positionnement-touristique\/","og_site_name":"Espace Pro","article_modified_time":"2019-05-27T09:28:38+00:00","og_image":[{"width":1600,"height":900,"url":"https:\/\/www.tourisme-valdemarne.com\/espace-pro\/wp-content\/uploads\/sites\/3\/2019\/05\/vdm_court_logo_quadri_rvb-grand.jpg","type":"image\/jpeg"}],"twitter_card":"summary_large_image","twitter_misc":{"Dur\u00e9e de lecture estim\u00e9e":"2 minutes"},"schema":{"@context":"https:\/\/schema.org","@graph":[{"@type":"WebPage","@id":"https:\/\/www.tourisme-valdemarne.com\/espace-pro\/qui-sommes-nous\/positionnement-touristique\/","url":"https:\/\/www.tourisme-valdemarne.com\/espace-pro\/qui-sommes-nous\/positionnement-touristique\/","name":"Positionnement touristique - Espace Pro","isPartOf":{"@id":"https:\/\/www.tourisme-valdemarne.com\/espace-pro\/#website"},"primaryImageOfPage":{"@id":"https:\/\/www.tourisme-valdemarne.com\/espace-pro\/qui-sommes-nous\/positionnement-touristique\/#primaryimage"},"image":{"@id":"https:\/\/www.tourisme-valdemarne.com\/espace-pro\/qui-sommes-nous\/positionnement-touristique\/#primaryimage"},"thumbnailUrl":"https:\/\/www.tourisme-valdemarne.com\/espace-pro\/wp-content\/uploads\/sites\/3\/2019\/05\/vdm_court_logo_quadri_rvb-grand.jpg","datePublished":"2019-04-16T14:03:39+00:00","dateModified":"2019-05-27T09:28:38+00:00","breadcrumb":{"@id":"https:\/\/www.tourisme-valdemarne.com\/espace-pro\/qui-sommes-nous\/positionnement-touristique\/#breadcrumb"},"inLanguage":"fr-FR","potentialAction":[{"@type":"ReadAction","target":["https:\/\/www.tourisme-valdemarne.com\/espace-pro\/qui-sommes-nous\/positionnement-touristique\/"]}]},{"@type":"ImageObject","inLanguage":"fr-FR","@id":"https:\/\/www.tourisme-valdemarne.com\/espace-pro\/qui-sommes-nous\/positionnement-touristique\/#primaryimage","url":"https:\/\/www.tourisme-valdemarne.com\/espace-pro\/wp-content\/uploads\/sites\/3\/2019\/05\/vdm_court_logo_quadri_rvb-grand.jpg","contentUrl":"https:\/\/www.tourisme-valdemarne.com\/espace-pro\/wp-content\/uploads\/sites\/3\/2019\/05\/vdm_court_logo_quadri_rvb-grand.jpg","width":1600,"height":900,"caption":"Logo du CDT 94"},{"@type":"BreadcrumbList","@id":"https:\/\/www.tourisme-valdemarne.com\/espace-pro\/qui-sommes-nous\/positionnement-touristique\/#breadcrumb","itemListElement":[{"@type":"ListItem","position":1,"name":"Accueil","item":"https:\/\/www.tourisme-valdemarne.com\/espace-pro\/"},{"@type":"ListItem","position":2,"name":"Qui sommes-nous ?","item":"https:\/\/www.tourisme-valdemarne.com\/espace-pro\/qui-sommes-nous\/"},{"@type":"ListItem","position":3,"name":"Positionnement touristique"}]},{"@type":"WebSite","@id":"https:\/\/www.tourisme-valdemarne.com\/espace-pro\/#website","url":"https:\/\/www.tourisme-valdemarne.com\/espace-pro\/","name":"Espace Pro","description":"Informations et outils pour les professionnels et la Presse","potentialAction":[{"@type":"SearchAction","target":{"@type":"EntryPoint","urlTemplate":"https:\/\/www.tourisme-valdemarne.com\/espace-pro\/?s={search_term_string}"},"query-input":{"@type":"PropertyValueSpecification","valueRequired":true,"valueName":"search_term_string"}}],"inLanguage":"fr-FR"}]}},"_links":{"self":[{"href":"https:\/\/www.tourisme-valdemarne.com\/espace-pro\/wp-json\/wp\/v2\/pages\/103","targetHints":{"allow":["GET"]}}],"collection":[{"href":"https:\/\/www.tourisme-valdemarne.com\/espace-pro\/wp-json\/wp\/v2\/pages"}],"about":[{"href":"https:\/\/www.tourisme-valdemarne.com\/espace-pro\/wp-json\/wp\/v2\/types\/page"}],"author":[{"embeddable":true,"href":"https:\/\/www.tourisme-valdemarne.com\/espace-pro\/wp-json\/wp\/v2\/users\/1"}],"replies":[{"embeddable":true,"href":"https:\/\/www.tourisme-valdemarne.com\/espace-pro\/wp-json\/wp\/v2\/comments?post=103"}],"version-history":[{"count":8,"href":"https:\/\/www.tourisme-valdemarne.com\/espace-pro\/wp-json\/wp\/v2\/pages\/103\/revisions"}],"predecessor-version":[{"id":2686,"href":"https:\/\/www.tourisme-valdemarne.com\/espace-pro\/wp-json\/wp\/v2\/pages\/103\/revisions\/2686"}],"up":[{"embeddable":true,"href":"https:\/\/www.tourisme-valdemarne.com\/espace-pro\/wp-json\/wp\/v2\/pages\/9"}],"wp:featuredmedia":[{"embeddable":true,"href":"https:\/\/www.tourisme-valdemarne.com\/espace-pro\/wp-json\/wp\/v2\/media\/645"}],"wp:attachment":[{"href":"https:\/\/www.tourisme-valdemarne.com\/espace-pro\/wp-json\/wp\/v2\/media?parent=103"}],"wp:term":[{"taxonomy":"vdmTagMarketing","embeddable":true,"href":"https:\/\/www.tourisme-valdemarne.com\/espace-pro\/wp-json\/wp\/v2\/vdmTagMarketing?post=103"}],"curies":[{"name":"wp","href":"https:\/\/api.w.org\/{rel}","templated":true}]}}