{"id":8985,"date":"2025-03-13T09:21:50","date_gmt":"2025-03-13T08:21:50","guid":{"rendered":"https:\/\/www.tourisme-valdemarne.com\/espace-groupes\/?page_id=8985"},"modified":"2025-06-05T08:58:21","modified_gmt":"2025-06-05T06:58:21","slug":"chateau-de-vincennes","status":"publish","type":"page","link":"https:\/\/www.tourisme-valdemarne.com\/espace-groupes\/les-visites-de-lete\/chateau-de-vincennes\/","title":{"rendered":"Ch\u00e2teau de Vincennes\u00a0"},"content":{"rendered":"\n<h2 class=\"wp-block-heading\">C&rsquo;est mon Patrimoine, autour du th\u00e9\u00e2tre d&rsquo;objets&nbsp;<\/h2>\n\n\n\n<figure class=\"wp-block-image size-full\"><img width=\"600\" height=\"603\" data-src=\"https:\/\/www.tourisme-valdemarne.com\/espace-groupes\/wp-content\/uploads\/sites\/2\/2025\/03\/visite-guidee-du-chateau-de-vincennes.jpg\" alt=\"\" class=\"wp-image-8993\" srcset=\"https:\/\/www.tourisme-valdemarne.com\/espace-groupes\/wp-content\/uploads\/sites\/2\/2025\/03\/visite-guidee-du-chateau-de-vincennes.jpg 600w, https:\/\/www.tourisme-valdemarne.com\/espace-groupes\/wp-content\/uploads\/sites\/2\/2025\/03\/visite-guidee-du-chateau-de-vincennes-597x600.jpg 597w, https:\/\/www.tourisme-valdemarne.com\/espace-groupes\/wp-content\/uploads\/sites\/2\/2025\/03\/visite-guidee-du-chateau-de-vincennes-150x150.jpg 150w, https:\/\/www.tourisme-valdemarne.com\/espace-groupes\/wp-content\/uploads\/sites\/2\/2025\/03\/visite-guidee-du-chateau-de-vincennes-380x382.jpg 380w, https:\/\/www.tourisme-valdemarne.com\/espace-groupes\/wp-content\/uploads\/sites\/2\/2025\/03\/visite-guidee-du-chateau-de-vincennes-200x201.jpg 200w, https:\/\/www.tourisme-valdemarne.com\/espace-groupes\/wp-content\/uploads\/sites\/2\/2025\/03\/visite-guidee-du-chateau-de-vincennes-24x24.jpg 24w, https:\/\/www.tourisme-valdemarne.com\/espace-groupes\/wp-content\/uploads\/sites\/2\/2025\/03\/visite-guidee-du-chateau-de-vincennes-48x48.jpg 48w, https:\/\/www.tourisme-valdemarne.com\/espace-groupes\/wp-content\/uploads\/sites\/2\/2025\/03\/visite-guidee-du-chateau-de-vincennes-96x96.jpg 96w\" sizes=\"(max-width: 600px) 100vw, 600px\" \/><\/figure>\n\n\n\n<p><a href=\"https:\/\/www.tourisme-valdemarne.com\/espace-groupes\/les-visites-de-lete\/\">&lt;&#8211; Retour aux visites<\/a><\/p>\n\n\n\n<p><\/p>\n\n\n\n<p><strong>Date\u202f:<\/strong> Complet<\/p>\n\n\n\n<p><strong>Lieu\u202f: <\/strong>Ch\u00e2teau de Vincennes&nbsp;<\/p>\n\n\n\n<p><strong>Dur\u00e9e\u202f: <\/strong>journ\u00e9e de 10h \u00e0 16h30&nbsp;<\/p>\n\n\n\n<p><strong>Acc\u00e8s en transport en commun\u202f:&nbsp;<\/strong>RER A ou m\u00e9tro 1<\/p>\n\n\n\n<p><strong>Langue\u202f: <\/strong>Fran\u00e7ais&nbsp;<\/p>\n\n\n\n<p><\/p>\n\n\n\n<p><em>C\u2019est mon patrimoine !<\/em> est un vecteur d\u2019\u00e9ducation artistique et culturelle pour les enfants, les adolescents et les familles, pendant les vacances scolaires.&nbsp;&nbsp;<\/p>\n\n\n\n<p>Accueillis dans les lieux de patrimoine sur l\u2019ensemble du territoire, les jeunes ont acc\u00e8s \u00e0 diff\u00e9rents programmes d\u2019activit\u00e9s pluridisciplinaires. Arts plastiques, th\u00e9\u00e2tre, danse, lectures, performances ou pratique des arts num\u00e9riques permettent de s\u2019approprier de fa\u00e7on in\u00e9dite le patrimoine.&nbsp;&nbsp;<\/p>\n\n\n\n<p>Le ch\u00e2teau de Vincennes s\u2019attache \u00e0 d\u00e9velopper des projets de m\u00e9diation collectifs soutenant des objectifs p\u00e9dagogiques forts :&nbsp;&nbsp;<\/p>\n\n\n\n<ul class=\"wp-block-list\">\n<li>Cr\u00e9er une rencontre, avec le patrimoine, avec un artiste&nbsp;&nbsp;<\/li>\n<\/ul>\n\n\n\n<ul class=\"wp-block-list\">\n<li>Proposer des ateliers adaptables \u00e0 tous les publics, des enfants aux adultes&nbsp;&nbsp;<\/li>\n<\/ul>\n\n\n\n<ul class=\"wp-block-list\">\n<li>Offrir une bulle d\u2019air et travailler sa confiance en soi&nbsp;&nbsp;<\/li>\n<\/ul>\n\n\n\n<ul class=\"wp-block-list\">\n<li>D\u00e9velopper la coh\u00e9sion de groupe et la p\u00e9dagogie collective&nbsp;&nbsp;<\/li>\n<\/ul>\n\n\n\n<ul class=\"wp-block-list\">\n<li>D\u00e9couvrir des monuments et s\u2019approprier la notion de patrimoine&nbsp;&nbsp;<\/li>\n<\/ul>\n\n\n\n<ul class=\"wp-block-list\">\n<li>D\u00e9velopper la cr\u00e9ativit\u00e9 en proposant un espace de cr\u00e9ation artistique&nbsp;&nbsp;<\/li>\n<\/ul>\n\n\n\n<p>Pour cette op\u00e9ration 2025, le ch\u00e2teau de Vincennes vous propose de donner vie \u00e0 des objets d\u2019un autre temps. D\u00e9cors sculpt\u00e9s, objets arch\u00e9ologiques, vitraux, les repr\u00e9sentations m\u00e9di\u00e9vales sont nombreuses ! Reconnus pour leurs qualit\u00e9s esth\u00e9tiques, il ne leur manque qu\u2019une chose <strong>: la parole.&nbsp;<\/strong>&nbsp;<\/p>\n\n\n\n<ul class=\"wp-block-list\">\n<li>Que disent ces objets de l\u2019\u00e9poque o\u00f9 ils ont \u00e9t\u00e9 r\u00e9alis\u00e9s ? Qu\u2019est-ce que la valeur patrimoniale d\u2019un objet ? Et enfin, que disent ces objets de nos modes de consommations contemporains ?&nbsp;&nbsp;<\/li>\n<\/ul>\n\n\n\n<ul class=\"wp-block-list\">\n<li>C\u2019est \u00e0 l\u2019ensemble de ces questions que nous tenterons de r\u00e9pondre \u00e0 travers une visite guid\u00e9e vous permettant d\u2019aller \u00e0 la rencontre de ces objets, mais aussi gr\u00e2ce \u00e0 un atelier de th\u00e9\u00e2tre.&nbsp;&nbsp;<\/li>\n<\/ul>\n\n\n\n<p>Chaque journ\u00e9e sera consacr\u00e9e \u00e0 la <strong>d\u00e9couverte du ch\u00e2teau, <\/strong>gr\u00e2ce \u00e0 une chasse aux objets, ponctu\u00e9e d\u2019\u00e9l\u00e9ments historiques, et men\u00e9e par une m\u00e9diatrice. Vous partirez ainsi \u00e0 la recherche d\u2019objets et d\u2019\u00e9l\u00e9ments de d\u00e9cors qui vous serviront pour l\u2019atelier th\u00e9\u00e2tral. Pour les plus grands, un atelier ludique du dessin et des mots sera propos\u00e9 et permettra d\u2019esquisser l\u2019atelier de th\u00e9\u00e2tre, en jouant avec les objets ou encore les expressions m\u00e9di\u00e9vales.&nbsp;&nbsp;<\/p>\n\n\n\n<p>La deuxi\u00e8me partie de la journ\u00e9e sera men\u00e9e par la <strong>Compagnie Cr\u00e9a Spectacle. <\/strong>Com\u00e9dienne et marionnettiste, Aude Mar\u00e9chal, vous proposera un atelier autour du th\u00e9\u00e2tre d\u2019objets qui permettra \u00e0 chacun de laisser sa cr\u00e9ativit\u00e9 s\u2019exprimer en donnant vie \u00e0 l\u2019objet choisi !&nbsp;&nbsp;<\/p>\n\n\n\n<p>Chaque journ\u00e9e finira par un temps de restitution.&nbsp;&nbsp;<\/p>\n\n\n\n<p>Les activit\u00e9s sont ouvertes \u00e0 tous les \u00e2ges, \u00e0 partir de 7 ans, adolescents, jeunes adultes, familles, s\u00e9niors.&nbsp;&nbsp;<\/p>\n\n\n\n<p>&#8211; 10h : Arriv\u00e9e des groupes&nbsp;&nbsp;<\/p>\n\n\n\n<p>&#8211; 10h-12h30 : D\u00e9but de la chasse aux objets men\u00e9e par une animatrice du patrimoine.&nbsp;&nbsp;<\/p>\n\n\n\n<p>&#8211; 12h30-13h30 : Pause d\u00e9jeuner.&nbsp;&nbsp;<\/p>\n\n\n\n<p>&#8211; 13h30-13h45 : Sc\u00e9nette th\u00e9\u00e2trale dans la Sainte-Chapelle par Aude Mar\u00e9chal.&nbsp;&nbsp;<\/p>\n\n\n\n<p>&#8211; 13h45-15h45 : Atelier d&rsquo;initiation au th\u00e9\u00e2tre d&rsquo;objets.&nbsp;&nbsp;<\/p>\n\n\n\n<p>&#8211; 15h45-16h15 : Restitution.&nbsp;<\/p>\n\n\n\n<p><\/p>\n\n\n\n<p class=\"has-text-align-center\"><strong>Formulaire d&rsquo;inscription<\/strong><\/p>\n\n\n\n<div class=\"wpcf7 no-js\" id=\"wpcf7-f8894-o1\" lang=\"fr-FR\" dir=\"ltr\" data-wpcf7-id=\"8894\">\n<div class=\"screen-reader-response\"><p role=\"status\" aria-live=\"polite\" aria-atomic=\"true\"><\/p> <ul><\/ul><\/div>\n<form action=\"\/espace-groupes\/wp-json\/wp\/v2\/pages\/8985#wpcf7-f8894-o1\" method=\"post\" class=\"wpcf7-form init\" aria-label=\"Formulaire de contact\" novalidate=\"novalidate\" data-status=\"init\">\n<div style=\"display: none;\">\n<input type=\"hidden\" name=\"_wpcf7\" value=\"8894\" \/>\n<input type=\"hidden\" name=\"_wpcf7_version\" value=\"6.0\" \/>\n<input type=\"hidden\" name=\"_wpcf7_locale\" value=\"fr_FR\" \/>\n<input type=\"hidden\" name=\"_wpcf7_unit_tag\" value=\"wpcf7-f8894-o1\" \/>\n<input type=\"hidden\" name=\"_wpcf7_container_post\" value=\"0\" \/>\n<input type=\"hidden\" name=\"_wpcf7_posted_data_hash\" value=\"\" \/>\n<input type=\"hidden\" name=\"_wpcf7dtx_version\" value=\"5.0.1\" \/>\n<\/div>\n<div class=\"form\">\n\t<div class=\"formGroup\">\n\t\t<p>Nom de votre organisme*<span class=\"wpcf7-form-control-wrap\" data-name=\"nomorganisme\"><input size=\"40\" maxlength=\"400\" class=\"wpcf7-form-control wpcf7-text wpcf7-validates-as-required\" aria-required=\"true\" aria-invalid=\"false\" placeholder=\"Nom de votre organisme*\" value=\"\" type=\"text\" name=\"nomorganisme\" \/><\/span>\n\t\t<\/p>\n\t<\/div>\n\t<div class=\"formGroup\">\n\t\t<p>Nom*<span class=\"wpcf7-form-control-wrap\" data-name=\"nom\"><input size=\"40\" maxlength=\"400\" class=\"wpcf7-form-control wpcf7-text wpcf7-validates-as-required\" aria-required=\"true\" aria-invalid=\"false\" placeholder=\"Nom*\" value=\"\" type=\"text\" name=\"nom\" \/><\/span>\n\t\t<\/p>\n\t<\/div>\n\t<div class=\"formGroup\">\n\t\t<p>Pr\u00e9nom*<span class=\"wpcf7-form-control-wrap\" data-name=\"prnom\"><input size=\"40\" maxlength=\"400\" class=\"wpcf7-form-control wpcf7-text wpcf7-validates-as-required\" aria-required=\"true\" aria-invalid=\"false\" placeholder=\"Pr\u00e9nom*\" value=\"\" type=\"text\" name=\"prnom\" \/><\/span>\n\t\t<\/p>\n\t<\/div>\n\t<div class=\"formGroup\">\n\t\t<p>E-mail*<span class=\"wpcf7-form-control-wrap\" data-name=\"email\"><input size=\"40\" maxlength=\"400\" class=\"wpcf7-form-control wpcf7-email wpcf7-validates-as-required wpcf7-text wpcf7-validates-as-email\" aria-required=\"true\" aria-invalid=\"false\" placeholder=\"E-mail*\" value=\"\" type=\"email\" name=\"email\" \/><\/span>\n\t\t<\/p>\n\t<\/div>\n\t<div class=\"formGroup\">\n\t\t<p>T\u00e9l\u00e9phone<span class=\"wpcf7-form-control-wrap\" data-name=\"tel\"><input size=\"40\" maxlength=\"400\" class=\"wpcf7-form-control wpcf7-tel wpcf7-text wpcf7-validates-as-tel\" aria-invalid=\"false\" placeholder=\"T\u00e9l\u00e9phone (sans espaces)\" value=\"\" type=\"tel\" name=\"tel\" \/><\/span>\n\t\t<\/p>\n\t<\/div>\n\t<div class=\"formGroup\">\n\t\t<p>Date envisag\u00e9e*<span class=\"wpcf7-form-control-wrap\" data-name=\"dates\"><input class=\"wpcf7-form-control wpcf7-date wpcf7-validates-as-required wpcf7-validates-as-date\" aria-required=\"true\" aria-invalid=\"false\" placeholder=\"Date envisag\u00e9e*\" value=\"\" type=\"date\" name=\"dates\" \/><\/span>\n\t\t<\/p>\n\t<\/div>\n\t<div class=\"formGroup\">\n\t\t<p>Nombre approximatif de personnes dans votre groupe*<span class=\"wpcf7-form-control-wrap\" data-name=\"nombreps\"><input class=\"wpcf7-form-control wpcf7-number wpcf7-validates-as-required wpcf7-validates-as-number\" min=\"1\" aria-required=\"true\" aria-invalid=\"false\" placeholder=\"Nombre approximatif de personnes dans votre groupe*\" value=\"\" type=\"number\" name=\"nombreps\" \/><\/span>\n\t\t<\/p>\n\t<\/div>\n\t<div class=\"formGroupContainer clear\">\n\t\t<p>Votre groupe compte t-il des personnes \u00e0 mobilit\u00e9 r\u00e9duite\n\t\t<\/p>\n\t\t<p><span class=\"wpcf7-form-control-wrap\" data-name=\"Votregroupecomptet-ildespersonnesmobilitrduite\"><span class=\"wpcf7-form-control wpcf7-radio\"><span class=\"wpcf7-list-item first\"><span class=\"wpcf7-list-item-label\">Non<\/span><input type=\"radio\" name=\"Votregroupecomptet-ildespersonnesmobilitrduite\" value=\"Non\" \/><\/span><span class=\"wpcf7-list-item last\"><span class=\"wpcf7-list-item-label\">Oui<\/span><input type=\"radio\" name=\"Votregroupecomptet-ildespersonnesmobilitrduite\" value=\"Oui\" \/><\/span><\/span><\/span>\n\t\t<\/p>\n\t<\/div>\n\t<div class=\"formGroup\">\n\t\t<p>Vous vous d\u00e9placerez\n\t\t<\/p>\n\t\t<p><span class=\"wpcf7-form-control-wrap\" data-name=\"Vousvousdplacerez\"><select class=\"wpcf7-form-control wpcf7-select\" aria-invalid=\"false\" name=\"Vousvousdplacerez\"><option value=\"en autocar\">en autocar<\/option><option value=\"en transport en commun\">en transport en commun<\/option><option value=\"en voiture\">en voiture<\/option><option value=\"autre\">autre<\/option><\/select><\/span>\n\t\t<\/p>\n\t<\/div>\n\t<div class=\"formGroup\">\n\t\t<p>Nombre d'enfants<span class=\"wpcf7-form-control-wrap\" data-name=\"enfants\"><input class=\"wpcf7-form-control wpcf7-number wpcf7-validates-as-number\" min=\"0\" aria-invalid=\"false\" placeholder=\"Nombre d&#039;enfants\" value=\"\" type=\"number\" name=\"enfants\" \/><\/span>\n\t\t<\/p>\n\t<\/div>\n\t<div class=\"formGroup\">\n\t\t<p>Age des enfants<span class=\"wpcf7-form-control-wrap\" data-name=\"age\"><input size=\"40\" maxlength=\"400\" class=\"wpcf7-form-control wpcf7-text\" aria-invalid=\"false\" placeholder=\"Age des enfants\" value=\"\" type=\"text\" name=\"age\" \/><\/span>\n\t\t<\/p>\n\t<\/div>\n\t<div class=\"formGroup\">\n\t\t<p><span class=\"wpcf7-form-control-wrap\" data-name=\"remarques\"><textarea cols=\"40\" rows=\"10\" maxlength=\"2000\" class=\"wpcf7-form-control wpcf7-textarea\" aria-invalid=\"false\" placeholder=\"Message\" name=\"remarques\"><\/textarea><\/span>\n\t\t<\/p>\n\t<\/div>\n\t<div style=\"display: none;\">\n\t\t<p><span class=\"wpcf7-form-control-wrap sejoururl\" data-name=\"sejoururl\"><input type=\"text\" name=\"sejoururl\" class=\"wpcf7-form-control wpcf7-text wpcf7dtx wpcf7dtx-text\" aria-invalid=\"false\" value=\"https:\/\/www.tourisme-valdemarne.com\/espace-groupes\/wp-json\/wp\/v2\/pages\/8985\"><\/span><br \/>\n\t\t<span class=\"wpcf7-form-control-wrap ficheTitle\" data-name=\"ficheTitle\"><input type=\"hidden\" name=\"ficheTitle\" class=\"wpcf7-form-control wpcf7-hidden wpcf7dtx wpcf7dtx-hidden\" aria-invalid=\"false\" value=\"Ch\u00e2teau de Vincennes\u00a0\"><\/span>\n\t\t<\/p>\n\t<\/div>\n\t<div class=\"formGroup\">\n\t\t<p><input class=\"wpcf7-form-control wpcf7-submit has-spinner button\" type=\"submit\" value=\"Envoyer\" \/>\n\t\t<\/p>\n\t<\/div>\n\t<div class=\"formGroup\">\n\t\t<p><i>Les champs avec une * sont obligatoires<\/i>.\n\t\t<\/p>\n\t<\/div>\n\t<div class=\"formGroup\">\n\t\t<p>Les informations recueillies sur ce formulaire sont enregistr\u00e9es dans un fichier informatis\u00e9 par le Comit\u00e9 D\u00e9partemental du Tourisme du Val-de-Marne pour la gestion des demandes de contact. Elles sont conserv\u00e9es pendant trois ans maximum et sont destin\u00e9es au service commercial ou technique uniquement pour r\u00e9pondre \u00e0 vos demandes. Pour plus d'informations, veuillez lire notre <a href=\"https:\/\/www.tourisme-valdemarne.com\/rgpd-charte-de-confidentialite\/\">Politique de confidentialit\u00e9<\/a>.\n\t\t<\/p>\n\t<\/div>\n<\/div><div class=\"wpcf7-response-output\" aria-hidden=\"true\"><\/div>\n<\/form>\n<\/div>\n\n","protected":false},"excerpt":{"rendered":"<p>C&rsquo;est mon Patrimoine, autour du th\u00e9\u00e2tre d&rsquo;objets&nbsp; &lt;&#8211; Retour aux visites Date\u202f: Complet Lieu\u202f: Ch\u00e2teau de Vincennes&nbsp; Dur\u00e9e\u202f: journ\u00e9e de 10h \u00e0 16h30&nbsp; Acc\u00e8s en transport en commun\u202f:&nbsp;RER A ou m\u00e9tro 1 Langue\u202f: Fran\u00e7ais&nbsp; C\u2019est mon patrimoine ! est un vecteur d\u2019\u00e9ducation artistique et culturelle pour les enfants, les adolescents et les familles, pendant les [&hellip;]<\/p>\n","protected":false},"author":20,"featured_media":8993,"parent":4813,"menu_order":0,"comment_status":"closed","ping_status":"closed","template":"","meta":{"_relevanssi_hide_post":"","_relevanssi_hide_content":"","_relevanssi_pin_for_all":"","_relevanssi_pin_keywords":"","_relevanssi_unpin_keywords":"","_relevanssi_related_keywords":"","_relevanssi_related_include_ids":"","_relevanssi_related_exclude_ids":"","_relevanssi_related_no_append":"","_relevanssi_related_not_related":"","_relevanssi_related_posts":"8065,8117,1912,1111,1962,2137","_relevanssi_noindex_reason":"","footnotes":""},"vdmTagMarketing":[],"class_list":["post-8985","page","type-page","status-publish","has-post-thumbnail","hentry"],"acf":[],"yoast_head":"<!-- This site is optimized with the Yoast SEO plugin v23.9 - https:\/\/yoast.com\/wordpress\/plugins\/seo\/ -->\n<title>Ch\u00e2teau de Vincennes\u00a0 - Sorties Groupes<\/title>\n<meta name=\"robots\" content=\"index, follow, max-snippet:-1, max-image-preview:large, max-video-preview:-1\" \/>\n<link rel=\"canonical\" href=\"https:\/\/www.tourisme-valdemarne.com\/espace-groupes\/les-visites-de-lete\/chateau-de-vincennes\/\" \/>\n<meta property=\"og:locale\" content=\"fr_FR\" \/>\n<meta property=\"og:type\" content=\"article\" \/>\n<meta property=\"og:title\" content=\"Ch\u00e2teau de Vincennes\u00a0 - Sorties Groupes\" \/>\n<meta property=\"og:description\" content=\"C&rsquo;est mon Patrimoine, autour du th\u00e9\u00e2tre d&rsquo;objets&nbsp; &lt;&#8211; Retour aux visites Date\u202f: Complet Lieu\u202f: Ch\u00e2teau de Vincennes&nbsp; Dur\u00e9e\u202f: journ\u00e9e de 10h \u00e0 16h30&nbsp; Acc\u00e8s en transport en commun\u202f:&nbsp;RER A ou m\u00e9tro 1 Langue\u202f: Fran\u00e7ais&nbsp; C\u2019est mon patrimoine ! est un vecteur d\u2019\u00e9ducation artistique et culturelle pour les enfants, les adolescents et les familles, pendant les [&hellip;]\" \/>\n<meta property=\"og:url\" content=\"https:\/\/www.tourisme-valdemarne.com\/espace-groupes\/les-visites-de-lete\/chateau-de-vincennes\/\" \/>\n<meta property=\"og:site_name\" content=\"Sorties Groupes\" \/>\n<meta property=\"article:modified_time\" content=\"2025-06-05T06:58:21+00:00\" \/>\n<meta property=\"og:image\" content=\"https:\/\/www.tourisme-valdemarne.com\/espace-groupes\/wp-content\/uploads\/sites\/2\/2025\/03\/visite-guidee-du-chateau-de-vincennes.jpg\" \/>\n\t<meta property=\"og:image:width\" content=\"600\" \/>\n\t<meta property=\"og:image:height\" content=\"603\" \/>\n\t<meta property=\"og:image:type\" content=\"image\/jpeg\" \/>\n<meta name=\"twitter:card\" content=\"summary_large_image\" \/>\n<meta name=\"twitter:label1\" content=\"Dur\u00e9e de lecture estim\u00e9e\" \/>\n\t<meta name=\"twitter:data1\" content=\"3 minutes\" \/>\n<script type=\"application\/ld+json\" class=\"yoast-schema-graph\">{\"@context\":\"https:\/\/schema.org\",\"@graph\":[{\"@type\":\"WebPage\",\"@id\":\"https:\/\/www.tourisme-valdemarne.com\/espace-groupes\/les-visites-de-lete\/chateau-de-vincennes\/\",\"url\":\"https:\/\/www.tourisme-valdemarne.com\/espace-groupes\/les-visites-de-lete\/chateau-de-vincennes\/\",\"name\":\"Ch\u00e2teau de Vincennes\u00a0 - Sorties Groupes\",\"isPartOf\":{\"@id\":\"https:\/\/www.tourisme-valdemarne.com\/espace-groupes\/#website\"},\"primaryImageOfPage\":{\"@id\":\"https:\/\/www.tourisme-valdemarne.com\/espace-groupes\/les-visites-de-lete\/chateau-de-vincennes\/#primaryimage\"},\"image\":{\"@id\":\"https:\/\/www.tourisme-valdemarne.com\/espace-groupes\/les-visites-de-lete\/chateau-de-vincennes\/#primaryimage\"},\"thumbnailUrl\":\"https:\/\/www.tourisme-valdemarne.com\/espace-groupes\/wp-content\/uploads\/sites\/2\/2025\/03\/visite-guidee-du-chateau-de-vincennes.jpg\",\"datePublished\":\"2025-03-13T08:21:50+00:00\",\"dateModified\":\"2025-06-05T06:58:21+00:00\",\"breadcrumb\":{\"@id\":\"https:\/\/www.tourisme-valdemarne.com\/espace-groupes\/les-visites-de-lete\/chateau-de-vincennes\/#breadcrumb\"},\"inLanguage\":\"fr-FR\",\"potentialAction\":[{\"@type\":\"ReadAction\",\"target\":[\"https:\/\/www.tourisme-valdemarne.com\/espace-groupes\/les-visites-de-lete\/chateau-de-vincennes\/\"]}]},{\"@type\":\"ImageObject\",\"inLanguage\":\"fr-FR\",\"@id\":\"https:\/\/www.tourisme-valdemarne.com\/espace-groupes\/les-visites-de-lete\/chateau-de-vincennes\/#primaryimage\",\"url\":\"https:\/\/www.tourisme-valdemarne.com\/espace-groupes\/wp-content\/uploads\/sites\/2\/2025\/03\/visite-guidee-du-chateau-de-vincennes.jpg\",\"contentUrl\":\"https:\/\/www.tourisme-valdemarne.com\/espace-groupes\/wp-content\/uploads\/sites\/2\/2025\/03\/visite-guidee-du-chateau-de-vincennes.jpg\",\"width\":600,\"height\":603},{\"@type\":\"BreadcrumbList\",\"@id\":\"https:\/\/www.tourisme-valdemarne.com\/espace-groupes\/les-visites-de-lete\/chateau-de-vincennes\/#breadcrumb\",\"itemListElement\":[{\"@type\":\"ListItem\",\"position\":1,\"name\":\"Accueil\",\"item\":\"https:\/\/www.tourisme-valdemarne.com\/espace-groupes\/\"},{\"@type\":\"ListItem\",\"position\":2,\"name\":\"Mon \u00e9t\u00e9 2025 en Val-de-Marne &#8211; programmation\",\"item\":\"https:\/\/www.tourisme-valdemarne.com\/espace-groupes\/les-visites-de-lete\/\"},{\"@type\":\"ListItem\",\"position\":3,\"name\":\"Ch\u00e2teau de Vincennes\u00a0\"}]},{\"@type\":\"WebSite\",\"@id\":\"https:\/\/www.tourisme-valdemarne.com\/espace-groupes\/#website\",\"url\":\"https:\/\/www.tourisme-valdemarne.com\/espace-groupes\/\",\"name\":\"Sorties Groupes\",\"description\":\"Un site utilisant Val de Marne Tourisme &amp; Loisirs Sites\",\"potentialAction\":[{\"@type\":\"SearchAction\",\"target\":{\"@type\":\"EntryPoint\",\"urlTemplate\":\"https:\/\/www.tourisme-valdemarne.com\/espace-groupes\/?s={search_term_string}\"},\"query-input\":{\"@type\":\"PropertyValueSpecification\",\"valueRequired\":true,\"valueName\":\"search_term_string\"}}],\"inLanguage\":\"fr-FR\"}]}<\/script>\n<!-- \/ Yoast SEO plugin. -->","yoast_head_json":{"title":"Ch\u00e2teau de Vincennes\u00a0 - Sorties Groupes","robots":{"index":"index","follow":"follow","max-snippet":"max-snippet:-1","max-image-preview":"max-image-preview:large","max-video-preview":"max-video-preview:-1"},"canonical":"https:\/\/www.tourisme-valdemarne.com\/espace-groupes\/les-visites-de-lete\/chateau-de-vincennes\/","og_locale":"fr_FR","og_type":"article","og_title":"Ch\u00e2teau de Vincennes\u00a0 - Sorties Groupes","og_description":"C&rsquo;est mon Patrimoine, autour du th\u00e9\u00e2tre d&rsquo;objets&nbsp; &lt;&#8211; Retour aux visites Date\u202f: Complet Lieu\u202f: Ch\u00e2teau de Vincennes&nbsp; Dur\u00e9e\u202f: journ\u00e9e de 10h \u00e0 16h30&nbsp; Acc\u00e8s en transport en commun\u202f:&nbsp;RER A ou m\u00e9tro 1 Langue\u202f: Fran\u00e7ais&nbsp; C\u2019est mon patrimoine ! est un vecteur d\u2019\u00e9ducation artistique et culturelle pour les enfants, les adolescents et les familles, pendant les [&hellip;]","og_url":"https:\/\/www.tourisme-valdemarne.com\/espace-groupes\/les-visites-de-lete\/chateau-de-vincennes\/","og_site_name":"Sorties Groupes","article_modified_time":"2025-06-05T06:58:21+00:00","og_image":[{"width":600,"height":603,"url":"https:\/\/www.tourisme-valdemarne.com\/espace-groupes\/wp-content\/uploads\/sites\/2\/2025\/03\/visite-guidee-du-chateau-de-vincennes.jpg","type":"image\/jpeg"}],"twitter_card":"summary_large_image","twitter_misc":{"Dur\u00e9e de lecture estim\u00e9e":"3 minutes"},"schema":{"@context":"https:\/\/schema.org","@graph":[{"@type":"WebPage","@id":"https:\/\/www.tourisme-valdemarne.com\/espace-groupes\/les-visites-de-lete\/chateau-de-vincennes\/","url":"https:\/\/www.tourisme-valdemarne.com\/espace-groupes\/les-visites-de-lete\/chateau-de-vincennes\/","name":"Ch\u00e2teau de Vincennes\u00a0 - Sorties Groupes","isPartOf":{"@id":"https:\/\/www.tourisme-valdemarne.com\/espace-groupes\/#website"},"primaryImageOfPage":{"@id":"https:\/\/www.tourisme-valdemarne.com\/espace-groupes\/les-visites-de-lete\/chateau-de-vincennes\/#primaryimage"},"image":{"@id":"https:\/\/www.tourisme-valdemarne.com\/espace-groupes\/les-visites-de-lete\/chateau-de-vincennes\/#primaryimage"},"thumbnailUrl":"https:\/\/www.tourisme-valdemarne.com\/espace-groupes\/wp-content\/uploads\/sites\/2\/2025\/03\/visite-guidee-du-chateau-de-vincennes.jpg","datePublished":"2025-03-13T08:21:50+00:00","dateModified":"2025-06-05T06:58:21+00:00","breadcrumb":{"@id":"https:\/\/www.tourisme-valdemarne.com\/espace-groupes\/les-visites-de-lete\/chateau-de-vincennes\/#breadcrumb"},"inLanguage":"fr-FR","potentialAction":[{"@type":"ReadAction","target":["https:\/\/www.tourisme-valdemarne.com\/espace-groupes\/les-visites-de-lete\/chateau-de-vincennes\/"]}]},{"@type":"ImageObject","inLanguage":"fr-FR","@id":"https:\/\/www.tourisme-valdemarne.com\/espace-groupes\/les-visites-de-lete\/chateau-de-vincennes\/#primaryimage","url":"https:\/\/www.tourisme-valdemarne.com\/espace-groupes\/wp-content\/uploads\/sites\/2\/2025\/03\/visite-guidee-du-chateau-de-vincennes.jpg","contentUrl":"https:\/\/www.tourisme-valdemarne.com\/espace-groupes\/wp-content\/uploads\/sites\/2\/2025\/03\/visite-guidee-du-chateau-de-vincennes.jpg","width":600,"height":603},{"@type":"BreadcrumbList","@id":"https:\/\/www.tourisme-valdemarne.com\/espace-groupes\/les-visites-de-lete\/chateau-de-vincennes\/#breadcrumb","itemListElement":[{"@type":"ListItem","position":1,"name":"Accueil","item":"https:\/\/www.tourisme-valdemarne.com\/espace-groupes\/"},{"@type":"ListItem","position":2,"name":"Mon \u00e9t\u00e9 2025 en Val-de-Marne &#8211; programmation","item":"https:\/\/www.tourisme-valdemarne.com\/espace-groupes\/les-visites-de-lete\/"},{"@type":"ListItem","position":3,"name":"Ch\u00e2teau de Vincennes\u00a0"}]},{"@type":"WebSite","@id":"https:\/\/www.tourisme-valdemarne.com\/espace-groupes\/#website","url":"https:\/\/www.tourisme-valdemarne.com\/espace-groupes\/","name":"Sorties Groupes","description":"Un site utilisant Val de Marne Tourisme &amp; Loisirs Sites","potentialAction":[{"@type":"SearchAction","target":{"@type":"EntryPoint","urlTemplate":"https:\/\/www.tourisme-valdemarne.com\/espace-groupes\/?s={search_term_string}"},"query-input":{"@type":"PropertyValueSpecification","valueRequired":true,"valueName":"search_term_string"}}],"inLanguage":"fr-FR"}]}},"_links":{"self":[{"href":"https:\/\/www.tourisme-valdemarne.com\/espace-groupes\/wp-json\/wp\/v2\/pages\/8985","targetHints":{"allow":["GET"]}}],"collection":[{"href":"https:\/\/www.tourisme-valdemarne.com\/espace-groupes\/wp-json\/wp\/v2\/pages"}],"about":[{"href":"https:\/\/www.tourisme-valdemarne.com\/espace-groupes\/wp-json\/wp\/v2\/types\/page"}],"author":[{"embeddable":true,"href":"https:\/\/www.tourisme-valdemarne.com\/espace-groupes\/wp-json\/wp\/v2\/users\/20"}],"replies":[{"embeddable":true,"href":"https:\/\/www.tourisme-valdemarne.com\/espace-groupes\/wp-json\/wp\/v2\/comments?post=8985"}],"version-history":[{"count":10,"href":"https:\/\/www.tourisme-valdemarne.com\/espace-groupes\/wp-json\/wp\/v2\/pages\/8985\/revisions"}],"predecessor-version":[{"id":9312,"href":"https:\/\/www.tourisme-valdemarne.com\/espace-groupes\/wp-json\/wp\/v2\/pages\/8985\/revisions\/9312"}],"up":[{"embeddable":true,"href":"https:\/\/www.tourisme-valdemarne.com\/espace-groupes\/wp-json\/wp\/v2\/pages\/4813"}],"wp:featuredmedia":[{"embeddable":true,"href":"https:\/\/www.tourisme-valdemarne.com\/espace-groupes\/wp-json\/wp\/v2\/media\/8993"}],"wp:attachment":[{"href":"https:\/\/www.tourisme-valdemarne.com\/espace-groupes\/wp-json\/wp\/v2\/media?parent=8985"}],"wp:term":[{"taxonomy":"vdmTagMarketing","embeddable":true,"href":"https:\/\/www.tourisme-valdemarne.com\/espace-groupes\/wp-json\/wp\/v2\/vdmTagMarketing?post=8985"}],"curies":[{"name":"wp","href":"https:\/\/api.w.org\/{rel}","templated":true}]}}