{"id":66,"date":"2019-04-10T17:38:26","date_gmt":"2019-04-10T15:38:26","guid":{"rendered":"https:\/\/www.tourisme-valdemarne.com\/espace-groupes\/?page_id=66"},"modified":"2024-02-06T11:48:06","modified_gmt":"2024-02-06T10:48:06","slug":"techniques-et-coulisses","status":"publish","type":"page","link":"https:\/\/www.tourisme-valdemarne.com\/espace-groupes\/sorties-thematiques\/techniques-et-coulisses\/","title":{"rendered":"Techniques et coulisses"},"content":{"rendered":"\n<p class=\"is-style-excerpt\">Pour les <strong>passionn\u00e9s de visites techniques<\/strong>, nous proposons de <strong>pousser les portes des entreprises <\/strong>pr\u00e9sentes sur notre territoire pour d\u00e9couvrir <strong>leurs coulisses, leurs savoir-faire<\/strong> uniques ainsi que pour mieux comprendre leur fonctionnement.<\/p>\n\n\n\n<p>L\u2019<strong><a href=\"https:\/\/www.tourisme-valdemarne.com\/espace-groupes\/visites-groupes\/visite-guidee-au-coeur-de-laeroport-dorly\/\" target=\"_blank\" rel=\"noreferrer noopener\">a\u00e9roport de Paris-Orly<\/a><\/strong> accueille les groupes et leur pr\u00e9sente les nombreuses activit\u00e9s et m\u00e9tiers. Au programme&nbsp;: proc\u00e9dure de s\u00e9curit\u00e9, passage devant les a\u00e9rogares sud et ouest en zone r\u00e9serv\u00e9e et \u00e0 c\u00f4t\u00e9 des pistes. <\/p>\n\n\n\n<p>Le <strong>march\u00e9 international de Rungis<\/strong>, plus grand march\u00e9 de produits frais au monde, propose une immersion dans ses 232 hectares. Durant la visite, passage dans les pavillons de la mar\u00e9e, de la viande, des produits laitiers, des fruits et l\u00e9gumes et des fleurs coup\u00e9es. La prestation se termine par un repas dans un des restaurants du march\u00e9. <\/p>\n\n\n\n<p>A Vincennes, \u00e0 proximit\u00e9 du ch\u00e2teau, le site de <strong>la Garde R\u00e9publicaine<\/strong> abrite deux des trois escadrons de marche du dernier r\u00e9giment de la cavalerie de l\u2019arm\u00e9e fran\u00e7aise. Sur place, le guide retracera l\u2019histoire de ce lieu et vous montrera le man\u00e8ge, les \u00e9curies et la forge \u00e0 charbon. <\/p>\n\n\n\n<figure class=\"wp-block-image alignwide size-full\"><a href=\"https:\/\/www.tourisme-valdemarne.com\/espace-groupes\/wp-content\/uploads\/sites\/2\/2022\/05\/garde-republicaine-bois-de-vincennes.jpg\"><img width=\"1200\" height=\"900\" data-src=\"https:\/\/www.tourisme-valdemarne.com\/espace-groupes\/wp-content\/uploads\/sites\/2\/2022\/05\/garde-republicaine-bois-de-vincennes.jpg\" alt=\"garde republicaine quartier carnot vincennes\" class=\"wp-image-3308\" srcset=\"https:\/\/www.tourisme-valdemarne.com\/espace-groupes\/wp-content\/uploads\/sites\/2\/2022\/05\/garde-republicaine-bois-de-vincennes.jpg 1200w, https:\/\/www.tourisme-valdemarne.com\/espace-groupes\/wp-content\/uploads\/sites\/2\/2022\/05\/garde-republicaine-bois-de-vincennes-600x450.jpg 600w, https:\/\/www.tourisme-valdemarne.com\/espace-groupes\/wp-content\/uploads\/sites\/2\/2022\/05\/garde-republicaine-bois-de-vincennes-900x675.jpg 900w, https:\/\/www.tourisme-valdemarne.com\/espace-groupes\/wp-content\/uploads\/sites\/2\/2022\/05\/garde-republicaine-bois-de-vincennes-380x285.jpg 380w, https:\/\/www.tourisme-valdemarne.com\/espace-groupes\/wp-content\/uploads\/sites\/2\/2022\/05\/garde-republicaine-bois-de-vincennes-200x150.jpg 200w\" sizes=\"(max-width: 1200px) 100vw, 1200px\" \/><\/a><figcaption>Garde R\u00e9publicaine au quartier Carnot \u00e0 Vincennes \u00a9 CDT94 \/ T. Guillot<\/figcaption><\/figure>\n\n\n\n<p>Nous vous donnons aussi la possibilit\u00e9 de d\u00e9couvrir les prestigieux <strong><a href=\"https:\/\/www.tourisme-valdemarne.com\/espace-groupes\/visites-groupes\/visite-guidee-ateliers-de-la-manufacture-des-gobelins\/\" target=\"_blank\" rel=\"noreferrer noopener\">ateliers de la manufacture des Gobelins<\/a><\/strong>, situ\u00e9s dans le 13<sup>\u00e8me<\/sup> arrondissement de Paris. Ils sont enti\u00e8rement d\u00e9di\u00e9s \u00e0 l\u2019am\u00e9nagement en tapisserie et en tapis de plus de 600 palais officiels de la R\u00e9publique. <\/p>\n\n\n\n<p class=\"is-style-highlight\">Vous souhaitez d\u2019autres suggestions de sorties sur la th\u00e9matique Techniques et Coulisses&nbsp;? Nous sommes \u00e0 votre disposition pour vous faire de nouvelles propositions et <a href=\"https:\/\/www.tourisme-valdemarne.com\/espace-groupes\/contact\/\" target=\"_blank\" rel=\"noreferrer noopener\">vous organiser <strong>une sortie sur mesure qui correspondra \u00e0 vos attentes<\/strong><\/a><strong>.<\/strong><\/p>\n","protected":false},"excerpt":{"rendered":"<p>Pour les passionn\u00e9s de visites techniques, nous proposons de pousser les portes des entreprises pr\u00e9sentes sur notre territoire pour d\u00e9couvrir leurs coulisses, leurs savoir-faire uniques ainsi que pour mieux comprendre leur fonctionnement. L\u2019a\u00e9roport de Paris-Orly accueille les groupes et leur pr\u00e9sente les nombreuses activit\u00e9s et m\u00e9tiers. Au programme&nbsp;: proc\u00e9dure de s\u00e9curit\u00e9, passage devant les a\u00e9rogares [&hellip;]<\/p>\n","protected":false},"author":1,"featured_media":195,"parent":11,"menu_order":40,"comment_status":"closed","ping_status":"closed","template":"partials\/template-sit.php","meta":{"_relevanssi_hide_post":"","_relevanssi_hide_content":"","_relevanssi_pin_for_all":"","_relevanssi_pin_keywords":"","_relevanssi_unpin_keywords":"","_relevanssi_related_keywords":"","_relevanssi_related_include_ids":"","_relevanssi_related_exclude_ids":"","_relevanssi_related_no_append":"","_relevanssi_related_not_related":"","_relevanssi_related_posts":"1221,1111,1120,1121","_relevanssi_noindex_reason":"","footnotes":""},"vdmTagMarketing":[],"class_list":["post-66","page","type-page","status-publish","has-post-thumbnail","hentry"],"acf":[],"yoast_head":"<!-- This site is optimized with the Yoast SEO plugin v23.9 - https:\/\/yoast.com\/wordpress\/plugins\/seo\/ -->\n<title>Techniques et coulisses - Sorties Groupes en Val-de-Marne (94)<\/title>\n<meta name=\"description\" content=\"D\u00e9couvrez les entreprises qui ouvrent leurs portes aux visites groupes dans le Val-de-Marne (94). R\u00e9servez votre visite sur l&#039;espace groupes.\" \/>\n<meta name=\"robots\" content=\"index, follow, max-snippet:-1, max-image-preview:large, max-video-preview:-1\" \/>\n<link rel=\"canonical\" href=\"https:\/\/www.tourisme-valdemarne.com\/espace-groupes\/sorties-thematiques\/techniques-et-coulisses\/\" \/>\n<meta property=\"og:locale\" content=\"fr_FR\" \/>\n<meta property=\"og:type\" content=\"article\" \/>\n<meta property=\"og:title\" content=\"Techniques et coulisses - Sorties Groupes en Val-de-Marne (94)\" \/>\n<meta property=\"og:description\" content=\"D\u00e9couvrez les entreprises qui ouvrent leurs portes aux visites groupes dans le Val-de-Marne (94). R\u00e9servez votre visite sur l&#039;espace groupes.\" \/>\n<meta property=\"og:url\" content=\"https:\/\/www.tourisme-valdemarne.com\/espace-groupes\/sorties-thematiques\/techniques-et-coulisses\/\" \/>\n<meta property=\"og:site_name\" content=\"Sorties Groupes\" \/>\n<meta property=\"article:modified_time\" content=\"2024-02-06T10:48:06+00:00\" \/>\n<meta property=\"og:image\" content=\"https:\/\/www.tourisme-valdemarne.com\/espace-groupes\/wp-content\/uploads\/sites\/2\/2019\/05\/centrale-a-charbon-edf-vitry-cdt94-t.-guillot-38.jpg\" \/>\n\t<meta property=\"og:image:width\" content=\"1600\" \/>\n\t<meta property=\"og:image:height\" content=\"1200\" \/>\n\t<meta property=\"og:image:type\" content=\"image\/jpeg\" \/>\n<meta name=\"twitter:card\" content=\"summary_large_image\" \/>\n<meta name=\"twitter:label1\" content=\"Dur\u00e9e de lecture estim\u00e9e\" \/>\n\t<meta name=\"twitter:data1\" content=\"2 minutes\" \/>\n<script type=\"application\/ld+json\" class=\"yoast-schema-graph\">{\"@context\":\"https:\/\/schema.org\",\"@graph\":[{\"@type\":\"WebPage\",\"@id\":\"https:\/\/www.tourisme-valdemarne.com\/espace-groupes\/sorties-thematiques\/techniques-et-coulisses\/\",\"url\":\"https:\/\/www.tourisme-valdemarne.com\/espace-groupes\/sorties-thematiques\/techniques-et-coulisses\/\",\"name\":\"Techniques et coulisses - Sorties Groupes en Val-de-Marne (94)\",\"isPartOf\":{\"@id\":\"https:\/\/www.tourisme-valdemarne.com\/espace-groupes\/#website\"},\"primaryImageOfPage\":{\"@id\":\"https:\/\/www.tourisme-valdemarne.com\/espace-groupes\/sorties-thematiques\/techniques-et-coulisses\/#primaryimage\"},\"image\":{\"@id\":\"https:\/\/www.tourisme-valdemarne.com\/espace-groupes\/sorties-thematiques\/techniques-et-coulisses\/#primaryimage\"},\"thumbnailUrl\":\"https:\/\/www.tourisme-valdemarne.com\/espace-groupes\/wp-content\/uploads\/sites\/2\/2019\/05\/centrale-a-charbon-edf-vitry-cdt94-t.-guillot-38.jpg\",\"datePublished\":\"2019-04-10T15:38:26+00:00\",\"dateModified\":\"2024-02-06T10:48:06+00:00\",\"description\":\"D\u00e9couvrez les entreprises qui ouvrent leurs portes aux visites groupes dans le Val-de-Marne (94). R\u00e9servez votre visite sur l'espace groupes.\",\"breadcrumb\":{\"@id\":\"https:\/\/www.tourisme-valdemarne.com\/espace-groupes\/sorties-thematiques\/techniques-et-coulisses\/#breadcrumb\"},\"inLanguage\":\"fr-FR\",\"potentialAction\":[{\"@type\":\"ReadAction\",\"target\":[\"https:\/\/www.tourisme-valdemarne.com\/espace-groupes\/sorties-thematiques\/techniques-et-coulisses\/\"]}]},{\"@type\":\"ImageObject\",\"inLanguage\":\"fr-FR\",\"@id\":\"https:\/\/www.tourisme-valdemarne.com\/espace-groupes\/sorties-thematiques\/techniques-et-coulisses\/#primaryimage\",\"url\":\"https:\/\/www.tourisme-valdemarne.com\/espace-groupes\/wp-content\/uploads\/sites\/2\/2019\/05\/centrale-a-charbon-edf-vitry-cdt94-t.-guillot-38.jpg\",\"contentUrl\":\"https:\/\/www.tourisme-valdemarne.com\/espace-groupes\/wp-content\/uploads\/sites\/2\/2019\/05\/centrale-a-charbon-edf-vitry-cdt94-t.-guillot-38.jpg\",\"width\":1600,\"height\":1200,\"caption\":\"Centrale EDF Vitry \u00a9CDT94-Thomas Guillot\"},{\"@type\":\"BreadcrumbList\",\"@id\":\"https:\/\/www.tourisme-valdemarne.com\/espace-groupes\/sorties-thematiques\/techniques-et-coulisses\/#breadcrumb\",\"itemListElement\":[{\"@type\":\"ListItem\",\"position\":1,\"name\":\"Accueil\",\"item\":\"https:\/\/www.tourisme-valdemarne.com\/espace-groupes\/\"},{\"@type\":\"ListItem\",\"position\":2,\"name\":\"Sorties th\u00e9matiques\",\"item\":\"https:\/\/www.tourisme-valdemarne.com\/espace-groupes\/sorties-thematiques\/\"},{\"@type\":\"ListItem\",\"position\":3,\"name\":\"Techniques et coulisses\"}]},{\"@type\":\"WebSite\",\"@id\":\"https:\/\/www.tourisme-valdemarne.com\/espace-groupes\/#website\",\"url\":\"https:\/\/www.tourisme-valdemarne.com\/espace-groupes\/\",\"name\":\"Sorties Groupes\",\"description\":\"Un site utilisant Val de Marne Tourisme &amp; Loisirs Sites\",\"potentialAction\":[{\"@type\":\"SearchAction\",\"target\":{\"@type\":\"EntryPoint\",\"urlTemplate\":\"https:\/\/www.tourisme-valdemarne.com\/espace-groupes\/?s={search_term_string}\"},\"query-input\":{\"@type\":\"PropertyValueSpecification\",\"valueRequired\":true,\"valueName\":\"search_term_string\"}}],\"inLanguage\":\"fr-FR\"}]}<\/script>\n<!-- \/ Yoast SEO plugin. -->","yoast_head_json":{"title":"Techniques et coulisses - Sorties Groupes en Val-de-Marne (94)","description":"D\u00e9couvrez les entreprises qui ouvrent leurs portes aux visites groupes dans le Val-de-Marne (94). R\u00e9servez votre visite sur l'espace groupes.","robots":{"index":"index","follow":"follow","max-snippet":"max-snippet:-1","max-image-preview":"max-image-preview:large","max-video-preview":"max-video-preview:-1"},"canonical":"https:\/\/www.tourisme-valdemarne.com\/espace-groupes\/sorties-thematiques\/techniques-et-coulisses\/","og_locale":"fr_FR","og_type":"article","og_title":"Techniques et coulisses - Sorties Groupes en Val-de-Marne (94)","og_description":"D\u00e9couvrez les entreprises qui ouvrent leurs portes aux visites groupes dans le Val-de-Marne (94). R\u00e9servez votre visite sur l'espace groupes.","og_url":"https:\/\/www.tourisme-valdemarne.com\/espace-groupes\/sorties-thematiques\/techniques-et-coulisses\/","og_site_name":"Sorties Groupes","article_modified_time":"2024-02-06T10:48:06+00:00","og_image":[{"width":1600,"height":1200,"url":"https:\/\/www.tourisme-valdemarne.com\/espace-groupes\/wp-content\/uploads\/sites\/2\/2019\/05\/centrale-a-charbon-edf-vitry-cdt94-t.-guillot-38.jpg","type":"image\/jpeg"}],"twitter_card":"summary_large_image","twitter_misc":{"Dur\u00e9e de lecture estim\u00e9e":"2 minutes"},"schema":{"@context":"https:\/\/schema.org","@graph":[{"@type":"WebPage","@id":"https:\/\/www.tourisme-valdemarne.com\/espace-groupes\/sorties-thematiques\/techniques-et-coulisses\/","url":"https:\/\/www.tourisme-valdemarne.com\/espace-groupes\/sorties-thematiques\/techniques-et-coulisses\/","name":"Techniques et coulisses - Sorties Groupes en Val-de-Marne (94)","isPartOf":{"@id":"https:\/\/www.tourisme-valdemarne.com\/espace-groupes\/#website"},"primaryImageOfPage":{"@id":"https:\/\/www.tourisme-valdemarne.com\/espace-groupes\/sorties-thematiques\/techniques-et-coulisses\/#primaryimage"},"image":{"@id":"https:\/\/www.tourisme-valdemarne.com\/espace-groupes\/sorties-thematiques\/techniques-et-coulisses\/#primaryimage"},"thumbnailUrl":"https:\/\/www.tourisme-valdemarne.com\/espace-groupes\/wp-content\/uploads\/sites\/2\/2019\/05\/centrale-a-charbon-edf-vitry-cdt94-t.-guillot-38.jpg","datePublished":"2019-04-10T15:38:26+00:00","dateModified":"2024-02-06T10:48:06+00:00","description":"D\u00e9couvrez les entreprises qui ouvrent leurs portes aux visites groupes dans le Val-de-Marne (94). R\u00e9servez votre visite sur l'espace groupes.","breadcrumb":{"@id":"https:\/\/www.tourisme-valdemarne.com\/espace-groupes\/sorties-thematiques\/techniques-et-coulisses\/#breadcrumb"},"inLanguage":"fr-FR","potentialAction":[{"@type":"ReadAction","target":["https:\/\/www.tourisme-valdemarne.com\/espace-groupes\/sorties-thematiques\/techniques-et-coulisses\/"]}]},{"@type":"ImageObject","inLanguage":"fr-FR","@id":"https:\/\/www.tourisme-valdemarne.com\/espace-groupes\/sorties-thematiques\/techniques-et-coulisses\/#primaryimage","url":"https:\/\/www.tourisme-valdemarne.com\/espace-groupes\/wp-content\/uploads\/sites\/2\/2019\/05\/centrale-a-charbon-edf-vitry-cdt94-t.-guillot-38.jpg","contentUrl":"https:\/\/www.tourisme-valdemarne.com\/espace-groupes\/wp-content\/uploads\/sites\/2\/2019\/05\/centrale-a-charbon-edf-vitry-cdt94-t.-guillot-38.jpg","width":1600,"height":1200,"caption":"Centrale EDF Vitry \u00a9CDT94-Thomas Guillot"},{"@type":"BreadcrumbList","@id":"https:\/\/www.tourisme-valdemarne.com\/espace-groupes\/sorties-thematiques\/techniques-et-coulisses\/#breadcrumb","itemListElement":[{"@type":"ListItem","position":1,"name":"Accueil","item":"https:\/\/www.tourisme-valdemarne.com\/espace-groupes\/"},{"@type":"ListItem","position":2,"name":"Sorties th\u00e9matiques","item":"https:\/\/www.tourisme-valdemarne.com\/espace-groupes\/sorties-thematiques\/"},{"@type":"ListItem","position":3,"name":"Techniques et coulisses"}]},{"@type":"WebSite","@id":"https:\/\/www.tourisme-valdemarne.com\/espace-groupes\/#website","url":"https:\/\/www.tourisme-valdemarne.com\/espace-groupes\/","name":"Sorties Groupes","description":"Un site utilisant Val de Marne Tourisme &amp; Loisirs Sites","potentialAction":[{"@type":"SearchAction","target":{"@type":"EntryPoint","urlTemplate":"https:\/\/www.tourisme-valdemarne.com\/espace-groupes\/?s={search_term_string}"},"query-input":{"@type":"PropertyValueSpecification","valueRequired":true,"valueName":"search_term_string"}}],"inLanguage":"fr-FR"}]}},"_links":{"self":[{"href":"https:\/\/www.tourisme-valdemarne.com\/espace-groupes\/wp-json\/wp\/v2\/pages\/66","targetHints":{"allow":["GET"]}}],"collection":[{"href":"https:\/\/www.tourisme-valdemarne.com\/espace-groupes\/wp-json\/wp\/v2\/pages"}],"about":[{"href":"https:\/\/www.tourisme-valdemarne.com\/espace-groupes\/wp-json\/wp\/v2\/types\/page"}],"author":[{"embeddable":true,"href":"https:\/\/www.tourisme-valdemarne.com\/espace-groupes\/wp-json\/wp\/v2\/users\/1"}],"replies":[{"embeddable":true,"href":"https:\/\/www.tourisme-valdemarne.com\/espace-groupes\/wp-json\/wp\/v2\/comments?post=66"}],"version-history":[{"count":15,"href":"https:\/\/www.tourisme-valdemarne.com\/espace-groupes\/wp-json\/wp\/v2\/pages\/66\/revisions"}],"predecessor-version":[{"id":8016,"href":"https:\/\/www.tourisme-valdemarne.com\/espace-groupes\/wp-json\/wp\/v2\/pages\/66\/revisions\/8016"}],"up":[{"embeddable":true,"href":"https:\/\/www.tourisme-valdemarne.com\/espace-groupes\/wp-json\/wp\/v2\/pages\/11"}],"wp:featuredmedia":[{"embeddable":true,"href":"https:\/\/www.tourisme-valdemarne.com\/espace-groupes\/wp-json\/wp\/v2\/media\/195"}],"wp:attachment":[{"href":"https:\/\/www.tourisme-valdemarne.com\/espace-groupes\/wp-json\/wp\/v2\/media?parent=66"}],"wp:term":[{"taxonomy":"vdmTagMarketing","embeddable":true,"href":"https:\/\/www.tourisme-valdemarne.com\/espace-groupes\/wp-json\/wp\/v2\/vdmTagMarketing?post=66"}],"curies":[{"name":"wp","href":"https:\/\/api.w.org\/{rel}","templated":true}]}}