{"id":3185,"date":"2022-05-11T09:15:17","date_gmt":"2022-05-11T07:15:17","guid":{"rendered":"https:\/\/www.tourisme-valdemarne.com\/espace-groupes\/?page_id=3185"},"modified":"2022-05-11T09:16:27","modified_gmt":"2022-05-11T07:16:27","slug":"tourisme-sorties-et-loisirs-pour-les-groupes-a-bry-sur-marne","status":"publish","type":"page","link":"https:\/\/www.tourisme-valdemarne.com\/espace-groupes\/sorties-thematiques\/sorties-groupes-par-villes\/tourisme-sorties-et-loisirs-pour-les-groupes-a-bry-sur-marne\/","title":{"rendered":"Tourisme, sorties et loisirs pour les groupes \u00e0 Bry-sur-Marne"},"content":{"rendered":"\n<p class=\"is-style-excerpt\">Chez Val-de-Marne Tourisme &amp; Loisirs, le service Groupes vous accompagne dans le choix, la pr\u00e9paration et l\u2019organisation de vos sorties en groupes dans le Val-de-Marne.<\/p>\n\n\n\n<h2 class=\"wp-block-heading\">Un lieu culturel incontournable \u00e0 Bry-sur-Marne<\/h2>\n\n\n\n<p>C\u2019est dans l\u2019\u00e9glise de Bry-sur-Marne que l\u2019on vous fait <a href=\"https:\/\/www.tourisme-valdemarne.com\/espace-groupes\/visites-groupes\/visite-guidee-du-diorama-de-daguerre\/\" target=\"_blank\" rel=\"noreferrer noopener\">d\u00e9couvrir le Diorama de Louis Daguerre<\/a>, lors d\u2019une visite guid\u00e9e pour les groupes.<\/p>\n\n\n\n<h3 class=\"wp-block-heading\">Le diorama de Daguerre<\/h3>\n\n\n\n<p>En entrant dans la petite \u00e9glise de Bry, <strong>vous allez \u00eatre surpris par l\u2019illusion<\/strong>.<\/p>\n\n\n\n<p>En effet, derri\u00e8re l\u2019autel, on d\u00e9couvre cette grande toile, peinte sur 2 faces, qui forme un trompe l\u2019\u0153il parfait. Le diorama, <strong>peint en 1842 par Louis Daguerre<\/strong>, nous laisse deviner la profondeur d\u2019une grande \u00e9glise et son c\u0153ur gothique. L\u2019\u0153uvre est alors con\u00e7ue pour <strong>\u00ab s\u2019animer \u00bb sous l\u2019effet de la lumi\u00e8re du soleil<\/strong>. Eclair\u00e9 aujourd\u2019hui par un syst\u00e8me de lumi\u00e8re artificielle, le diorama s\u2019anime toujours et fait durer l\u2019illusion.<\/p>\n\n\n<p><iframe loading=\"lazy\" width=\"100%\" height=\"450\" src=\"https:\/\/www.youtube.com\/embed\/1LxvNuXQvI0\" title=\"YouTube video player\" frameborder=\"0\" allow=\"accelerometer; autoplay; clipboard-write; encrypted-media; gyroscope; picture-in-picture\" allowfullscreen=\"\"><\/iframe><\/p>\n\n\n\n<p>Alors que la photographie et le cin\u00e9ma n\u2019existent pas encore \u00e0 l\u2019\u00e9poque, le diorama de 6 m\u00e8tres par cinq <strong>nous transporte dans une cath\u00e9drale imaginaire<\/strong>. Peinture r\u00e9volutionnaire ou \u0153uvre qui d\u00e9tourne l\u2019attention des croyants durant la messe, le diorama fait d\u00e9bat au XIXe si\u00e8cle.<\/p>\n\n\n\n<p class=\"is-style-highlight\">Aujourd\u2019hui, le seul diorama existant est celui expos\u00e9 dans l\u2019\u00e9glise de Bry. Les autres toiles de Daguerre furent toutes d\u00e9truites.<\/p>\n\n\n\n<h4 class=\"wp-block-heading\">La visite guid\u00e9e du diorama de Daguerre<\/h4>\n\n\n\n<p>Lors de la visite guid\u00e9e, votre groupe aura le plaisir de d\u00e9couvrir l\u2019histoire de Louis Daguerre, <strong>inventeur de la photographie<\/strong>, et de la cr\u00e9ation insolite de ce diorama.<\/p>\n\n\n\n<div class=\"wp-block-buttons is-content-justification-center is-layout-flex wp-container-core-buttons-is-layout-1 wp-block-buttons-is-layout-flex\">\n<div class=\"wp-block-button\"><a class=\"wp-block-button__link\" href=\"https:\/\/www.tourisme-valdemarne.com\/espace-groupes\/visites-groupes\/visite-guidee-du-diorama-de-daguerre\/\" target=\"_blank\" rel=\"noreferrer noopener\">En savoir plus sur cette visite<\/a><\/div>\n<\/div>\n\n\n\n<p><\/p>\n\n\n\n<p>Participez \u00e0 cette sortie groupe ou ajoutez-la dans un circuit \u00e0 la journ\u00e9e dans le d\u00e9partement ! Notre <strong>service Groupes peut \u00e9galement apporter son expertise<\/strong> dans le choix d\u2019un restaurant \u00e0 proximit\u00e9 de vos lieux de visites pour le d\u00e9jeuner.<\/p>\n\n\n\n<div class=\"wp-block-buttons is-content-justification-center is-layout-flex wp-container-core-buttons-is-layout-2 wp-block-buttons-is-layout-flex\">\n<div class=\"wp-block-button\"><a class=\"wp-block-button__link\" href=\"https:\/\/www.tourisme-valdemarne.com\/espace-groupes\/demande-de-devis\/\" target=\"_blank\" rel=\"noreferrer noopener\">Faire une demande de devis gratuite<\/a><\/div>\n<\/div>\n\n\n\n<p><\/p>\n\n\n\n<h2 class=\"wp-block-heading\">Id\u00e9e de sortie nature en groupes, aux portes de Paris<\/h2>\n\n\n\n<p>Pour une sortie groupe en plein air, <strong>rendez-vous sur les bords de Marne<\/strong> \u00e0 Bry-sur-Marne.<\/p>\n\n\n\n<h3 class=\"wp-block-heading\">Une randonn\u00e9e nautique en kayak sur la Marne<\/h3>\n\n\n\n<p>Profitez d\u2019un peu de fra\u00eecheur en \u00e9t\u00e9 en participant \u00e0 une <a href=\"https:\/\/www.tourisme-valdemarne.com\/espace-groupes\/visites-groupes\/randonnee-nautique-sur-la-marne-en-canoe-kayak-2\/\" target=\"_blank\" rel=\"noreferrer noopener\">randonn\u00e9e nautique en cano\u00eb ou kayak sur la Marne<\/a>&nbsp;!<\/p>\n\n\n\n<p>Rendez-vous sur les bords de Marne au club CKCF, Cano\u00eb Kayak Club de France. Au programme de cette <strong>balade guid\u00e9e sur l\u2019eau<\/strong>, 2h de d\u00e9couverte de la nature en cano\u00eb-kayak.<\/p>\n\n\n\n<figure class=\"wp-block-image size-large\"><a href=\"https:\/\/www.tourisme-valdemarne.com\/espace-groupes\/wp-content\/uploads\/sites\/2\/2022\/05\/kayak-nature-marne.jpg\"><img width=\"1200\" height=\"800\" data-src=\"https:\/\/www.tourisme-valdemarne.com\/espace-groupes\/wp-content\/uploads\/sites\/2\/2022\/05\/kayak-nature-marne-1200x800.jpg\" alt=\"kayak marne nature\" class=\"wp-image-3186\" srcset=\"https:\/\/www.tourisme-valdemarne.com\/espace-groupes\/wp-content\/uploads\/sites\/2\/2022\/05\/kayak-nature-marne-1200x800.jpg 1200w, https:\/\/www.tourisme-valdemarne.com\/espace-groupes\/wp-content\/uploads\/sites\/2\/2022\/05\/kayak-nature-marne-600x400.jpg 600w, https:\/\/www.tourisme-valdemarne.com\/espace-groupes\/wp-content\/uploads\/sites\/2\/2022\/05\/kayak-nature-marne-900x600.jpg 900w, https:\/\/www.tourisme-valdemarne.com\/espace-groupes\/wp-content\/uploads\/sites\/2\/2022\/05\/kayak-nature-marne-1536x1024.jpg 1536w, https:\/\/www.tourisme-valdemarne.com\/espace-groupes\/wp-content\/uploads\/sites\/2\/2022\/05\/kayak-nature-marne-380x253.jpg 380w, https:\/\/www.tourisme-valdemarne.com\/espace-groupes\/wp-content\/uploads\/sites\/2\/2022\/05\/kayak-nature-marne-200x133.jpg 200w, https:\/\/www.tourisme-valdemarne.com\/espace-groupes\/wp-content\/uploads\/sites\/2\/2022\/05\/kayak-nature-marne.jpg 1600w\" sizes=\"(max-width: 1200px) 100vw, 1200px\" \/><\/a><figcaption>Kayak sur la Marne \u00a9 CDT94\/A. Laurin<\/figcaption><\/figure>\n\n\n\n<p>Apr\u00e8s quelques notions de navigation et avoir enfil\u00e9 son \u00e9quipement, la randonn\u00e9e nautique commence. Le site que vous allez parcourir avec votre groupe est <strong>un site d\u2019une nature exceptionnelle<\/strong>.<\/p>\n\n\n\n<p>Pagayez au sein du site naturel des <strong>\u00eeles de la Marne<\/strong>&nbsp;! Autour des \u00eeles d\u2019Amour, du Moulin et des Loups, d\u00e9couvrez la faune et la flore aux portes de Paris.<\/p>\n\n\n\n<p>Ne manquez pas d\u2019observer les rives du Perreux-sur-Marne, de Bry-sur-Marne ou de Nogent-sur-Marne depuis votre kayak. Vous y d\u00e9couvrirez peut-\u00eatre de <strong>belles villas \u00e0 l\u2019architecture Art D\u00e9co<\/strong>, typiques des bords de Marne.<\/p>\n\n\n\n<p><strong>Val-de-Marne Tourisme se charge de tout<\/strong> et organise cette sortie groupe sur-mesure&nbsp;: lieu de rdv, tarifs n\u00e9goci\u00e9s, horaires, disponibilit\u00e9s du prestataire, accessibilit\u00e9 handicap\u2026<\/p>\n\n\n\n<p>Vous avez des questions&nbsp;? On vous r\u00e9pond dans notre <a href=\"https:\/\/www.tourisme-valdemarne.com\/espace-groupes\/foire-aux-questions\/\" target=\"_blank\" rel=\"noreferrer noopener\">foire aux questions (FAQ)<\/a>.<\/p>\n\n\n\n<h2 class=\"wp-block-heading\">Une visite groupe en virtuel, sans bouger de chez soi<\/h2>\n\n\n\n<p>R\u00e9cemment, avec les restrictions li\u00e9es \u00e0 la pand\u00e9mie de Covid-19, les possibilit\u00e9s de sorties culturelles se sont amoindries. Pour continuer d\u2019acc\u00e9der \u00e0 la culture de chez soi, <strong>les visites virtuelles sont id\u00e9ales<\/strong>.<\/p>\n\n\n\n<h3 class=\"wp-block-heading\">Le Val-de-Marne fait son cin\u00e9ma<\/h3>\n\n\n\n<p>La saviez-vous&nbsp;? Le Val-de-Marne est un territoire de cin\u00e9ma. C\u2019est ce que le guide vous d\u00e9montre au cours de cette <a href=\"https:\/\/www.tourisme-valdemarne.com\/espace-groupes\/visites-groupes\/conference-virtuelle-le-val-de-marne-fait-son-cinema\/\" target=\"_blank\" rel=\"noreferrer noopener\">conf\u00e9rence virtuelle sur le cin\u00e9ma en Val-de-Marne<\/a>.<\/p>\n\n\n\n<figure class=\"wp-block-image size-full\"><a href=\"https:\/\/www.tourisme-valdemarne.com\/espace-groupes\/wp-content\/uploads\/sites\/2\/2022\/05\/archives-cinema-vincennes.jpg\"><img width=\"1200\" height=\"877\" data-src=\"https:\/\/www.tourisme-valdemarne.com\/espace-groupes\/wp-content\/uploads\/sites\/2\/2022\/05\/archives-cinema-vincennes.jpg\" alt=\"archive usine path\u00e9 cinema vincennes val de marne\" class=\"wp-image-3192\" srcset=\"https:\/\/www.tourisme-valdemarne.com\/espace-groupes\/wp-content\/uploads\/sites\/2\/2022\/05\/archives-cinema-vincennes.jpg 1200w, https:\/\/www.tourisme-valdemarne.com\/espace-groupes\/wp-content\/uploads\/sites\/2\/2022\/05\/archives-cinema-vincennes-600x439.jpg 600w, https:\/\/www.tourisme-valdemarne.com\/espace-groupes\/wp-content\/uploads\/sites\/2\/2022\/05\/archives-cinema-vincennes-900x658.jpg 900w, https:\/\/www.tourisme-valdemarne.com\/espace-groupes\/wp-content\/uploads\/sites\/2\/2022\/05\/archives-cinema-vincennes-380x278.jpg 380w, https:\/\/www.tourisme-valdemarne.com\/espace-groupes\/wp-content\/uploads\/sites\/2\/2022\/05\/archives-cinema-vincennes-200x146.jpg 200w\" sizes=\"(max-width: 1200px) 100vw, 1200px\" \/><\/a><figcaption>Photo d&rsquo;archive des premi\u00e8res usines Path\u00e9 \u00e0 Vincennes \u00a9 CDT94<\/figcaption><\/figure>\n\n\n\n<p>Depuis le XIXe si\u00e8cle, la t\u00e9l\u00e9vision et <strong>le cin\u00e9ma se sont fait une place de choix dans le d\u00e9partement<\/strong>. A Bry-sur-Marne, Vincennes ou encore Joinville-le-Pont, des studios de cin\u00e9ma ont envahi le paysage. Le Val-de-Marne devient alors une terre de cin\u00e9ma.<\/p>\n\n\n\n<p>Val-de-Marne Tourisme organise pour vous cette conf\u00e9rence virtuelle destin\u00e9e aux groupes et vous fait d\u00e9couvrir la folle histoire du 7<sup>e<\/sup> Art en Val-de-Marne.<\/p>\n\n\n\n<h2 class=\"wp-block-heading\">En savoir plus sur Bry-sur-Marne<\/h2>\n\n\n\n<p>La ville de Bry-sur-Marne, aux portes de Paris, est <strong>facilement accessible en transports en commun<\/strong>. Empruntez le RER A en direction de Marne-la-Vall\u00e9e jusqu\u2019\u00e0 la gare RER de Bry-sur-Marne.<\/p>\n","protected":false},"excerpt":{"rendered":"<p>Chez Val-de-Marne Tourisme &amp; Loisirs, le service Groupes vous accompagne dans le choix, la pr\u00e9paration et l\u2019organisation de vos sorties en groupes dans le Val-de-Marne. Un lieu culturel incontournable \u00e0 Bry-sur-Marne C\u2019est dans l\u2019\u00e9glise de Bry-sur-Marne que l\u2019on vous fait d\u00e9couvrir le Diorama de Louis Daguerre, lors d\u2019une visite guid\u00e9e pour les groupes. Le diorama [&hellip;]<\/p>\n","protected":false},"author":8,"featured_media":3186,"parent":3151,"menu_order":0,"comment_status":"closed","ping_status":"closed","template":"","meta":{"_relevanssi_hide_post":"","_relevanssi_hide_content":"","_relevanssi_pin_for_all":"","_relevanssi_pin_keywords":"","_relevanssi_unpin_keywords":"","_relevanssi_related_keywords":"","_relevanssi_related_include_ids":"","_relevanssi_related_exclude_ids":"","_relevanssi_related_no_append":"","_relevanssi_related_not_related":"","_relevanssi_related_posts":"1121,2137,1111,1962,1912,1976","_relevanssi_noindex_reason":"","footnotes":""},"vdmTagMarketing":[],"class_list":["post-3185","page","type-page","status-publish","has-post-thumbnail","hentry"],"acf":[],"yoast_head":"<!-- This site is optimized with the Yoast SEO plugin v23.9 - https:\/\/yoast.com\/wordpress\/plugins\/seo\/ -->\n<title>Tourisme, sorties et loisirs groupes \u00e0 Bry-sur-Marne (94) - Val-de-Marne<\/title>\n<meta name=\"description\" content=\"Quoi faire \u00e0 Bry-sur-Marne ? D\u00e9couvrez toutes les id\u00e9es de visites pour organiser vos sorties en groupe \u00e0 Bry-sur-Marne.\" \/>\n<meta name=\"robots\" content=\"index, follow, max-snippet:-1, max-image-preview:large, max-video-preview:-1\" \/>\n<link rel=\"canonical\" href=\"https:\/\/www.tourisme-valdemarne.com\/espace-groupes\/sorties-thematiques\/sorties-groupes-par-villes\/tourisme-sorties-et-loisirs-pour-les-groupes-a-bry-sur-marne\/\" \/>\n<meta property=\"og:locale\" content=\"fr_FR\" \/>\n<meta property=\"og:type\" content=\"article\" \/>\n<meta property=\"og:title\" content=\"Tourisme, sorties et loisirs groupes \u00e0 Bry-sur-Marne (94) - Val-de-Marne\" \/>\n<meta property=\"og:description\" content=\"Quoi faire \u00e0 Bry-sur-Marne ? D\u00e9couvrez toutes les id\u00e9es de visites pour organiser vos sorties en groupe \u00e0 Bry-sur-Marne.\" \/>\n<meta property=\"og:url\" content=\"https:\/\/www.tourisme-valdemarne.com\/espace-groupes\/sorties-thematiques\/sorties-groupes-par-villes\/tourisme-sorties-et-loisirs-pour-les-groupes-a-bry-sur-marne\/\" \/>\n<meta property=\"og:site_name\" content=\"Sorties Groupes\" \/>\n<meta property=\"article:modified_time\" content=\"2022-05-11T07:16:27+00:00\" \/>\n<meta property=\"og:image\" content=\"https:\/\/www.tourisme-valdemarne.com\/espace-groupes\/wp-content\/uploads\/sites\/2\/2022\/05\/kayak-nature-marne.jpg\" \/>\n\t<meta property=\"og:image:width\" content=\"1600\" \/>\n\t<meta property=\"og:image:height\" content=\"1067\" \/>\n\t<meta property=\"og:image:type\" content=\"image\/jpeg\" \/>\n<meta name=\"twitter:card\" content=\"summary_large_image\" \/>\n<meta name=\"twitter:label1\" content=\"Dur\u00e9e de lecture estim\u00e9e\" \/>\n\t<meta name=\"twitter:data1\" content=\"4 minutes\" \/>\n<script type=\"application\/ld+json\" class=\"yoast-schema-graph\">{\"@context\":\"https:\/\/schema.org\",\"@graph\":[{\"@type\":\"WebPage\",\"@id\":\"https:\/\/www.tourisme-valdemarne.com\/espace-groupes\/sorties-thematiques\/sorties-groupes-par-villes\/tourisme-sorties-et-loisirs-pour-les-groupes-a-bry-sur-marne\/\",\"url\":\"https:\/\/www.tourisme-valdemarne.com\/espace-groupes\/sorties-thematiques\/sorties-groupes-par-villes\/tourisme-sorties-et-loisirs-pour-les-groupes-a-bry-sur-marne\/\",\"name\":\"Tourisme, sorties et loisirs groupes \u00e0 Bry-sur-Marne (94) - Val-de-Marne\",\"isPartOf\":{\"@id\":\"https:\/\/www.tourisme-valdemarne.com\/espace-groupes\/#website\"},\"primaryImageOfPage\":{\"@id\":\"https:\/\/www.tourisme-valdemarne.com\/espace-groupes\/sorties-thematiques\/sorties-groupes-par-villes\/tourisme-sorties-et-loisirs-pour-les-groupes-a-bry-sur-marne\/#primaryimage\"},\"image\":{\"@id\":\"https:\/\/www.tourisme-valdemarne.com\/espace-groupes\/sorties-thematiques\/sorties-groupes-par-villes\/tourisme-sorties-et-loisirs-pour-les-groupes-a-bry-sur-marne\/#primaryimage\"},\"thumbnailUrl\":\"https:\/\/www.tourisme-valdemarne.com\/espace-groupes\/wp-content\/uploads\/sites\/2\/2022\/05\/kayak-nature-marne.jpg\",\"datePublished\":\"2022-05-11T07:15:17+00:00\",\"dateModified\":\"2022-05-11T07:16:27+00:00\",\"description\":\"Quoi faire \u00e0 Bry-sur-Marne ? D\u00e9couvrez toutes les id\u00e9es de visites pour organiser vos sorties en groupe \u00e0 Bry-sur-Marne.\",\"breadcrumb\":{\"@id\":\"https:\/\/www.tourisme-valdemarne.com\/espace-groupes\/sorties-thematiques\/sorties-groupes-par-villes\/tourisme-sorties-et-loisirs-pour-les-groupes-a-bry-sur-marne\/#breadcrumb\"},\"inLanguage\":\"fr-FR\",\"potentialAction\":[{\"@type\":\"ReadAction\",\"target\":[\"https:\/\/www.tourisme-valdemarne.com\/espace-groupes\/sorties-thematiques\/sorties-groupes-par-villes\/tourisme-sorties-et-loisirs-pour-les-groupes-a-bry-sur-marne\/\"]}]},{\"@type\":\"ImageObject\",\"inLanguage\":\"fr-FR\",\"@id\":\"https:\/\/www.tourisme-valdemarne.com\/espace-groupes\/sorties-thematiques\/sorties-groupes-par-villes\/tourisme-sorties-et-loisirs-pour-les-groupes-a-bry-sur-marne\/#primaryimage\",\"url\":\"https:\/\/www.tourisme-valdemarne.com\/espace-groupes\/wp-content\/uploads\/sites\/2\/2022\/05\/kayak-nature-marne.jpg\",\"contentUrl\":\"https:\/\/www.tourisme-valdemarne.com\/espace-groupes\/wp-content\/uploads\/sites\/2\/2022\/05\/kayak-nature-marne.jpg\",\"width\":1600,\"height\":1067,\"caption\":\"Kayak sur la Marne \u00a9 CDT94\/A. Laurin\"},{\"@type\":\"BreadcrumbList\",\"@id\":\"https:\/\/www.tourisme-valdemarne.com\/espace-groupes\/sorties-thematiques\/sorties-groupes-par-villes\/tourisme-sorties-et-loisirs-pour-les-groupes-a-bry-sur-marne\/#breadcrumb\",\"itemListElement\":[{\"@type\":\"ListItem\",\"position\":1,\"name\":\"Accueil\",\"item\":\"https:\/\/www.tourisme-valdemarne.com\/espace-groupes\/\"},{\"@type\":\"ListItem\",\"position\":2,\"name\":\"Sorties th\u00e9matiques\",\"item\":\"https:\/\/www.tourisme-valdemarne.com\/espace-groupes\/sorties-thematiques\/\"},{\"@type\":\"ListItem\",\"position\":3,\"name\":\"Sorties groupes par villes\",\"item\":\"https:\/\/www.tourisme-valdemarne.com\/espace-groupes\/sorties-thematiques\/sorties-groupes-par-villes\/\"},{\"@type\":\"ListItem\",\"position\":4,\"name\":\"Tourisme, sorties et loisirs pour les groupes \u00e0 Bry-sur-Marne\"}]},{\"@type\":\"WebSite\",\"@id\":\"https:\/\/www.tourisme-valdemarne.com\/espace-groupes\/#website\",\"url\":\"https:\/\/www.tourisme-valdemarne.com\/espace-groupes\/\",\"name\":\"Sorties Groupes\",\"description\":\"Un site utilisant Val de Marne Tourisme &amp; Loisirs Sites\",\"potentialAction\":[{\"@type\":\"SearchAction\",\"target\":{\"@type\":\"EntryPoint\",\"urlTemplate\":\"https:\/\/www.tourisme-valdemarne.com\/espace-groupes\/?s={search_term_string}\"},\"query-input\":{\"@type\":\"PropertyValueSpecification\",\"valueRequired\":true,\"valueName\":\"search_term_string\"}}],\"inLanguage\":\"fr-FR\"}]}<\/script>\n<!-- \/ Yoast SEO plugin. -->","yoast_head_json":{"title":"Tourisme, sorties et loisirs groupes \u00e0 Bry-sur-Marne (94) - Val-de-Marne","description":"Quoi faire \u00e0 Bry-sur-Marne ? D\u00e9couvrez toutes les id\u00e9es de visites pour organiser vos sorties en groupe \u00e0 Bry-sur-Marne.","robots":{"index":"index","follow":"follow","max-snippet":"max-snippet:-1","max-image-preview":"max-image-preview:large","max-video-preview":"max-video-preview:-1"},"canonical":"https:\/\/www.tourisme-valdemarne.com\/espace-groupes\/sorties-thematiques\/sorties-groupes-par-villes\/tourisme-sorties-et-loisirs-pour-les-groupes-a-bry-sur-marne\/","og_locale":"fr_FR","og_type":"article","og_title":"Tourisme, sorties et loisirs groupes \u00e0 Bry-sur-Marne (94) - Val-de-Marne","og_description":"Quoi faire \u00e0 Bry-sur-Marne ? D\u00e9couvrez toutes les id\u00e9es de visites pour organiser vos sorties en groupe \u00e0 Bry-sur-Marne.","og_url":"https:\/\/www.tourisme-valdemarne.com\/espace-groupes\/sorties-thematiques\/sorties-groupes-par-villes\/tourisme-sorties-et-loisirs-pour-les-groupes-a-bry-sur-marne\/","og_site_name":"Sorties Groupes","article_modified_time":"2022-05-11T07:16:27+00:00","og_image":[{"width":1600,"height":1067,"url":"https:\/\/www.tourisme-valdemarne.com\/espace-groupes\/wp-content\/uploads\/sites\/2\/2022\/05\/kayak-nature-marne.jpg","type":"image\/jpeg"}],"twitter_card":"summary_large_image","twitter_misc":{"Dur\u00e9e de lecture estim\u00e9e":"4 minutes"},"schema":{"@context":"https:\/\/schema.org","@graph":[{"@type":"WebPage","@id":"https:\/\/www.tourisme-valdemarne.com\/espace-groupes\/sorties-thematiques\/sorties-groupes-par-villes\/tourisme-sorties-et-loisirs-pour-les-groupes-a-bry-sur-marne\/","url":"https:\/\/www.tourisme-valdemarne.com\/espace-groupes\/sorties-thematiques\/sorties-groupes-par-villes\/tourisme-sorties-et-loisirs-pour-les-groupes-a-bry-sur-marne\/","name":"Tourisme, sorties et loisirs groupes \u00e0 Bry-sur-Marne (94) - Val-de-Marne","isPartOf":{"@id":"https:\/\/www.tourisme-valdemarne.com\/espace-groupes\/#website"},"primaryImageOfPage":{"@id":"https:\/\/www.tourisme-valdemarne.com\/espace-groupes\/sorties-thematiques\/sorties-groupes-par-villes\/tourisme-sorties-et-loisirs-pour-les-groupes-a-bry-sur-marne\/#primaryimage"},"image":{"@id":"https:\/\/www.tourisme-valdemarne.com\/espace-groupes\/sorties-thematiques\/sorties-groupes-par-villes\/tourisme-sorties-et-loisirs-pour-les-groupes-a-bry-sur-marne\/#primaryimage"},"thumbnailUrl":"https:\/\/www.tourisme-valdemarne.com\/espace-groupes\/wp-content\/uploads\/sites\/2\/2022\/05\/kayak-nature-marne.jpg","datePublished":"2022-05-11T07:15:17+00:00","dateModified":"2022-05-11T07:16:27+00:00","description":"Quoi faire \u00e0 Bry-sur-Marne ? D\u00e9couvrez toutes les id\u00e9es de visites pour organiser vos sorties en groupe \u00e0 Bry-sur-Marne.","breadcrumb":{"@id":"https:\/\/www.tourisme-valdemarne.com\/espace-groupes\/sorties-thematiques\/sorties-groupes-par-villes\/tourisme-sorties-et-loisirs-pour-les-groupes-a-bry-sur-marne\/#breadcrumb"},"inLanguage":"fr-FR","potentialAction":[{"@type":"ReadAction","target":["https:\/\/www.tourisme-valdemarne.com\/espace-groupes\/sorties-thematiques\/sorties-groupes-par-villes\/tourisme-sorties-et-loisirs-pour-les-groupes-a-bry-sur-marne\/"]}]},{"@type":"ImageObject","inLanguage":"fr-FR","@id":"https:\/\/www.tourisme-valdemarne.com\/espace-groupes\/sorties-thematiques\/sorties-groupes-par-villes\/tourisme-sorties-et-loisirs-pour-les-groupes-a-bry-sur-marne\/#primaryimage","url":"https:\/\/www.tourisme-valdemarne.com\/espace-groupes\/wp-content\/uploads\/sites\/2\/2022\/05\/kayak-nature-marne.jpg","contentUrl":"https:\/\/www.tourisme-valdemarne.com\/espace-groupes\/wp-content\/uploads\/sites\/2\/2022\/05\/kayak-nature-marne.jpg","width":1600,"height":1067,"caption":"Kayak sur la Marne \u00a9 CDT94\/A. Laurin"},{"@type":"BreadcrumbList","@id":"https:\/\/www.tourisme-valdemarne.com\/espace-groupes\/sorties-thematiques\/sorties-groupes-par-villes\/tourisme-sorties-et-loisirs-pour-les-groupes-a-bry-sur-marne\/#breadcrumb","itemListElement":[{"@type":"ListItem","position":1,"name":"Accueil","item":"https:\/\/www.tourisme-valdemarne.com\/espace-groupes\/"},{"@type":"ListItem","position":2,"name":"Sorties th\u00e9matiques","item":"https:\/\/www.tourisme-valdemarne.com\/espace-groupes\/sorties-thematiques\/"},{"@type":"ListItem","position":3,"name":"Sorties groupes par villes","item":"https:\/\/www.tourisme-valdemarne.com\/espace-groupes\/sorties-thematiques\/sorties-groupes-par-villes\/"},{"@type":"ListItem","position":4,"name":"Tourisme, sorties et loisirs pour les groupes \u00e0 Bry-sur-Marne"}]},{"@type":"WebSite","@id":"https:\/\/www.tourisme-valdemarne.com\/espace-groupes\/#website","url":"https:\/\/www.tourisme-valdemarne.com\/espace-groupes\/","name":"Sorties Groupes","description":"Un site utilisant Val de Marne Tourisme &amp; Loisirs Sites","potentialAction":[{"@type":"SearchAction","target":{"@type":"EntryPoint","urlTemplate":"https:\/\/www.tourisme-valdemarne.com\/espace-groupes\/?s={search_term_string}"},"query-input":{"@type":"PropertyValueSpecification","valueRequired":true,"valueName":"search_term_string"}}],"inLanguage":"fr-FR"}]}},"_links":{"self":[{"href":"https:\/\/www.tourisme-valdemarne.com\/espace-groupes\/wp-json\/wp\/v2\/pages\/3185","targetHints":{"allow":["GET"]}}],"collection":[{"href":"https:\/\/www.tourisme-valdemarne.com\/espace-groupes\/wp-json\/wp\/v2\/pages"}],"about":[{"href":"https:\/\/www.tourisme-valdemarne.com\/espace-groupes\/wp-json\/wp\/v2\/types\/page"}],"author":[{"embeddable":true,"href":"https:\/\/www.tourisme-valdemarne.com\/espace-groupes\/wp-json\/wp\/v2\/users\/8"}],"replies":[{"embeddable":true,"href":"https:\/\/www.tourisme-valdemarne.com\/espace-groupes\/wp-json\/wp\/v2\/comments?post=3185"}],"version-history":[{"count":6,"href":"https:\/\/www.tourisme-valdemarne.com\/espace-groupes\/wp-json\/wp\/v2\/pages\/3185\/revisions"}],"predecessor-version":[{"id":3195,"href":"https:\/\/www.tourisme-valdemarne.com\/espace-groupes\/wp-json\/wp\/v2\/pages\/3185\/revisions\/3195"}],"up":[{"embeddable":true,"href":"https:\/\/www.tourisme-valdemarne.com\/espace-groupes\/wp-json\/wp\/v2\/pages\/3151"}],"wp:featuredmedia":[{"embeddable":true,"href":"https:\/\/www.tourisme-valdemarne.com\/espace-groupes\/wp-json\/wp\/v2\/media\/3186"}],"wp:attachment":[{"href":"https:\/\/www.tourisme-valdemarne.com\/espace-groupes\/wp-json\/wp\/v2\/media?parent=3185"}],"wp:term":[{"taxonomy":"vdmTagMarketing","embeddable":true,"href":"https:\/\/www.tourisme-valdemarne.com\/espace-groupes\/wp-json\/wp\/v2\/vdmTagMarketing?post=3185"}],"curies":[{"name":"wp","href":"https:\/\/api.w.org\/{rel}","templated":true}]}}