{"id":15,"date":"2019-04-02T15:19:48","date_gmt":"2019-04-02T13:19:48","guid":{"rendered":"https:\/\/valdemarne.kperez.iris.io\/espace-groupes\/?page_id=15"},"modified":"2022-10-17T10:19:22","modified_gmt":"2022-10-17T08:19:22","slug":"scolaires","status":"publish","type":"page","link":"https:\/\/www.tourisme-valdemarne.com\/espace-groupes\/scolaires\/","title":{"rendered":"Scolaires"},"content":{"rendered":"\n<p class=\"is-style-excerpt\">En collaboration avec la Direction des services d\u00e9partementaux de l\u2019\u00e9ducation et nos partenaires, Val-de-Marne Tourisme &amp; Loisirs propose un <strong>service sp\u00e9cialement con\u00e7u pour les enseignants et les centres de loisirs <\/strong>: des sorties et visites p\u00e9dagogiques \u00e0 destination des scolaires !<\/p>\n\n\n\n<p>Cet espace pr\u00e9sente un large choix d\u2019activit\u00e9s, de visites et&nbsp;<strong>sorties adapt\u00e9s \u00e0 vos projets p\u00e9dagogiques<\/strong> dans le Val-de-Marne :&nbsp;<strong>ateliers<\/strong>&nbsp;au ch\u00e2teau de Vincennes,&nbsp;<strong>balades urbaines<\/strong>&nbsp;sur le th\u00e8me du street art \u00e0 Vitry-sur-Seine,&nbsp;<strong>visites<\/strong>&nbsp;de l\u2019a\u00e9roport de Paris-Orly, visites de l\u2019\u00e9levage d\u2019\u00e2nesses laiti\u00e8res dans le parc de la Plaine des Bordes\u2026 autant d\u2019exemples correspondant \u00e0 vos projets p\u00e9dagogiques. <\/p>\n\n\n\n<div class=\"wp-block-buttons is-content-justification-center is-layout-flex wp-container-core-buttons-is-layout-1 wp-block-buttons-is-layout-flex\">\n<div class=\"wp-block-button\"><a class=\"wp-block-button__link\" href=\"#js-target-sit\">D\u00e9couvrir la liste des sorties<\/a><\/div>\n<\/div>\n\n\n\n<p><br>Pour vous accompagner dans vos recherches, nous avons imagin\u00e9<strong>&nbsp;6 th\u00e9matiques&nbsp;<\/strong>: comprendre le monde dans lequel on vit, histoire et patrimoine, \u00e9ducation artistique et culturelle, faune et flore, techniques et savoir-faire, activit\u00e9s sportives et ludiques. <\/p>\n\n\n\n<p>De plus, un<strong>&nbsp;moteur de recherche<\/strong>&nbsp;vous permet d\u2019affiner les r\u00e9sultats\nselon les crit\u00e8res suivants : th\u00e8me, cycles scolaires, ville, prix (gratuit ou\nnon), \u00e2ge\u2026 <\/p>\n\n\n\n<p>Cette rubrique est en constante \u00e9volution, d\u00e8s que nous rencontrons un nouveau prestataire nous mettons aussit\u00f4t en ligne la fiche correspondante. <\/p>\n\n\n<p><iframe loading=\"lazy\" width=\"100%\" height=\"450\" src=\"https:\/\/www.youtube.com\/embed\/vjhFwLsaqXw\" title=\"YouTube video player\" frameborder=\"0\" allow=\"accelerometer; autoplay; clipboard-write; encrypted-media; gyroscope; picture-in-picture\" allowfullscreen=\"\"><\/iframe><\/p>\n\n\n\n<p class=\"is-style-highlight\">D\u00e9couvrez quelques-unes des <a href=\"https:\/\/www.tourisme-valdemarne.com\/espace-groupes\/scolaires\/activites-scolaires-en-videos\/\" target=\"_blank\" rel=\"noreferrer noopener\"><strong>sorties scolaires incontournables dans le 94 dans une s\u00e9rie de vid\u00e9os<\/strong><\/a>.<\/p>\n\n\n\n<p class=\"has-text-align-center\">N&rsquo;h\u00e9sitez pas \u00e0 <a href=\"https:\/\/www.tourisme-valdemarne.com\/espace-groupes\/scolaires\/demande-de-renseignements\/\" target=\"_blank\" rel=\"noreferrer noopener\" aria-label=\"nous contacter (s\u2019ouvre dans un nouvel onglet)\">nous contacter<\/a> pour toute demande de renseignements.<\/p>\n","protected":false},"excerpt":{"rendered":"<p>En collaboration avec la Direction des services d\u00e9partementaux de l\u2019\u00e9ducation et nos partenaires, Val-de-Marne Tourisme &amp; Loisirs propose un service sp\u00e9cialement con\u00e7u pour les enseignants et les centres de loisirs : des sorties et visites p\u00e9dagogiques \u00e0 destination des scolaires ! Cet espace pr\u00e9sente un large choix d\u2019activit\u00e9s, de visites et&nbsp;sorties adapt\u00e9s \u00e0 vos projets [&hellip;]<\/p>\n","protected":false},"author":1,"featured_media":778,"parent":0,"menu_order":40,"comment_status":"closed","ping_status":"closed","template":"partials\/template-sit.php","meta":{"_relevanssi_hide_post":"","_relevanssi_hide_content":"","_relevanssi_pin_for_all":"","_relevanssi_pin_keywords":"","_relevanssi_unpin_keywords":"","_relevanssi_related_keywords":"","_relevanssi_related_include_ids":"","_relevanssi_related_exclude_ids":"","_relevanssi_related_no_append":"","_relevanssi_related_not_related":"","_relevanssi_related_posts":"1120,1120,1221,1121,1111","_relevanssi_noindex_reason":"","footnotes":""},"vdmTagMarketing":[],"class_list":["post-15","page","type-page","status-publish","has-post-thumbnail","hentry"],"acf":[],"yoast_head":"<!-- This site is optimized with the Yoast SEO plugin v23.9 - https:\/\/yoast.com\/wordpress\/plugins\/seo\/ -->\n<title>Espace Scolaires - Sorties Groupes<\/title>\n<meta name=\"description\" content=\"Val-de-Marne Tourisme &amp; Loisirs accompagne les enseignants et centres de loisirs dans la r\u00e9servation de visites et sorties p\u00e9dagogiques.\" \/>\n<meta name=\"robots\" content=\"index, follow, max-snippet:-1, max-image-preview:large, max-video-preview:-1\" \/>\n<link rel=\"canonical\" href=\"https:\/\/www.tourisme-valdemarne.com\/espace-groupes\/scolaires\/\" \/>\n<meta property=\"og:locale\" content=\"fr_FR\" \/>\n<meta property=\"og:type\" content=\"article\" \/>\n<meta property=\"og:title\" content=\"Espace Scolaires - Sorties Groupes\" \/>\n<meta property=\"og:description\" content=\"Val-de-Marne Tourisme &amp; Loisirs accompagne les enseignants et centres de loisirs dans la r\u00e9servation de visites et sorties p\u00e9dagogiques.\" \/>\n<meta property=\"og:url\" content=\"https:\/\/www.tourisme-valdemarne.com\/espace-groupes\/scolaires\/\" \/>\n<meta property=\"og:site_name\" content=\"Sorties Groupes\" \/>\n<meta property=\"article:modified_time\" content=\"2022-10-17T08:19:22+00:00\" \/>\n<meta property=\"og:image\" content=\"https:\/\/www.tourisme-valdemarne.com\/espace-groupes\/wp-content\/uploads\/sites\/2\/2019\/05\/enfant_lilabyrinthe_parc_lilas_vitry_sur_seine-cp-cd94.jpg\" \/>\n\t<meta property=\"og:image:width\" content=\"1600\" \/>\n\t<meta property=\"og:image:height\" content=\"1071\" \/>\n\t<meta property=\"og:image:type\" content=\"image\/jpeg\" \/>\n<meta name=\"twitter:card\" content=\"summary_large_image\" \/>\n<meta name=\"twitter:label1\" content=\"Dur\u00e9e de lecture estim\u00e9e\" \/>\n\t<meta name=\"twitter:data1\" content=\"2 minutes\" \/>\n<script type=\"application\/ld+json\" class=\"yoast-schema-graph\">{\"@context\":\"https:\/\/schema.org\",\"@graph\":[{\"@type\":\"WebPage\",\"@id\":\"https:\/\/www.tourisme-valdemarne.com\/espace-groupes\/scolaires\/\",\"url\":\"https:\/\/www.tourisme-valdemarne.com\/espace-groupes\/scolaires\/\",\"name\":\"Espace Scolaires - Sorties Groupes\",\"isPartOf\":{\"@id\":\"https:\/\/www.tourisme-valdemarne.com\/espace-groupes\/#website\"},\"primaryImageOfPage\":{\"@id\":\"https:\/\/www.tourisme-valdemarne.com\/espace-groupes\/scolaires\/#primaryimage\"},\"image\":{\"@id\":\"https:\/\/www.tourisme-valdemarne.com\/espace-groupes\/scolaires\/#primaryimage\"},\"thumbnailUrl\":\"https:\/\/www.tourisme-valdemarne.com\/espace-groupes\/wp-content\/uploads\/sites\/2\/2019\/05\/enfant_lilabyrinthe_parc_lilas_vitry_sur_seine-cp-cd94.jpg\",\"datePublished\":\"2019-04-02T13:19:48+00:00\",\"dateModified\":\"2022-10-17T08:19:22+00:00\",\"description\":\"Val-de-Marne Tourisme & Loisirs accompagne les enseignants et centres de loisirs dans la r\u00e9servation de visites et sorties p\u00e9dagogiques.\",\"breadcrumb\":{\"@id\":\"https:\/\/www.tourisme-valdemarne.com\/espace-groupes\/scolaires\/#breadcrumb\"},\"inLanguage\":\"fr-FR\",\"potentialAction\":[{\"@type\":\"ReadAction\",\"target\":[\"https:\/\/www.tourisme-valdemarne.com\/espace-groupes\/scolaires\/\"]}]},{\"@type\":\"ImageObject\",\"inLanguage\":\"fr-FR\",\"@id\":\"https:\/\/www.tourisme-valdemarne.com\/espace-groupes\/scolaires\/#primaryimage\",\"url\":\"https:\/\/www.tourisme-valdemarne.com\/espace-groupes\/wp-content\/uploads\/sites\/2\/2019\/05\/enfant_lilabyrinthe_parc_lilas_vitry_sur_seine-cp-cd94.jpg\",\"contentUrl\":\"https:\/\/www.tourisme-valdemarne.com\/espace-groupes\/wp-content\/uploads\/sites\/2\/2019\/05\/enfant_lilabyrinthe_parc_lilas_vitry_sur_seine-cp-cd94.jpg\",\"width\":1600,\"height\":1071,\"caption\":\"Parc des Lilas \u00a9Conseil D\u00e9partemental 94\"},{\"@type\":\"BreadcrumbList\",\"@id\":\"https:\/\/www.tourisme-valdemarne.com\/espace-groupes\/scolaires\/#breadcrumb\",\"itemListElement\":[{\"@type\":\"ListItem\",\"position\":1,\"name\":\"Accueil\",\"item\":\"https:\/\/www.tourisme-valdemarne.com\/espace-groupes\/\"},{\"@type\":\"ListItem\",\"position\":2,\"name\":\"Scolaires\"}]},{\"@type\":\"WebSite\",\"@id\":\"https:\/\/www.tourisme-valdemarne.com\/espace-groupes\/#website\",\"url\":\"https:\/\/www.tourisme-valdemarne.com\/espace-groupes\/\",\"name\":\"Sorties Groupes\",\"description\":\"Un site utilisant Val de Marne Tourisme &amp; Loisirs Sites\",\"potentialAction\":[{\"@type\":\"SearchAction\",\"target\":{\"@type\":\"EntryPoint\",\"urlTemplate\":\"https:\/\/www.tourisme-valdemarne.com\/espace-groupes\/?s={search_term_string}\"},\"query-input\":{\"@type\":\"PropertyValueSpecification\",\"valueRequired\":true,\"valueName\":\"search_term_string\"}}],\"inLanguage\":\"fr-FR\"}]}<\/script>\n<!-- \/ Yoast SEO plugin. -->","yoast_head_json":{"title":"Espace Scolaires - Sorties Groupes","description":"Val-de-Marne Tourisme & Loisirs accompagne les enseignants et centres de loisirs dans la r\u00e9servation de visites et sorties p\u00e9dagogiques.","robots":{"index":"index","follow":"follow","max-snippet":"max-snippet:-1","max-image-preview":"max-image-preview:large","max-video-preview":"max-video-preview:-1"},"canonical":"https:\/\/www.tourisme-valdemarne.com\/espace-groupes\/scolaires\/","og_locale":"fr_FR","og_type":"article","og_title":"Espace Scolaires - Sorties Groupes","og_description":"Val-de-Marne Tourisme & Loisirs accompagne les enseignants et centres de loisirs dans la r\u00e9servation de visites et sorties p\u00e9dagogiques.","og_url":"https:\/\/www.tourisme-valdemarne.com\/espace-groupes\/scolaires\/","og_site_name":"Sorties Groupes","article_modified_time":"2022-10-17T08:19:22+00:00","og_image":[{"width":1600,"height":1071,"url":"https:\/\/www.tourisme-valdemarne.com\/espace-groupes\/wp-content\/uploads\/sites\/2\/2019\/05\/enfant_lilabyrinthe_parc_lilas_vitry_sur_seine-cp-cd94.jpg","type":"image\/jpeg"}],"twitter_card":"summary_large_image","twitter_misc":{"Dur\u00e9e de lecture estim\u00e9e":"2 minutes"},"schema":{"@context":"https:\/\/schema.org","@graph":[{"@type":"WebPage","@id":"https:\/\/www.tourisme-valdemarne.com\/espace-groupes\/scolaires\/","url":"https:\/\/www.tourisme-valdemarne.com\/espace-groupes\/scolaires\/","name":"Espace Scolaires - Sorties Groupes","isPartOf":{"@id":"https:\/\/www.tourisme-valdemarne.com\/espace-groupes\/#website"},"primaryImageOfPage":{"@id":"https:\/\/www.tourisme-valdemarne.com\/espace-groupes\/scolaires\/#primaryimage"},"image":{"@id":"https:\/\/www.tourisme-valdemarne.com\/espace-groupes\/scolaires\/#primaryimage"},"thumbnailUrl":"https:\/\/www.tourisme-valdemarne.com\/espace-groupes\/wp-content\/uploads\/sites\/2\/2019\/05\/enfant_lilabyrinthe_parc_lilas_vitry_sur_seine-cp-cd94.jpg","datePublished":"2019-04-02T13:19:48+00:00","dateModified":"2022-10-17T08:19:22+00:00","description":"Val-de-Marne Tourisme & Loisirs accompagne les enseignants et centres de loisirs dans la r\u00e9servation de visites et sorties p\u00e9dagogiques.","breadcrumb":{"@id":"https:\/\/www.tourisme-valdemarne.com\/espace-groupes\/scolaires\/#breadcrumb"},"inLanguage":"fr-FR","potentialAction":[{"@type":"ReadAction","target":["https:\/\/www.tourisme-valdemarne.com\/espace-groupes\/scolaires\/"]}]},{"@type":"ImageObject","inLanguage":"fr-FR","@id":"https:\/\/www.tourisme-valdemarne.com\/espace-groupes\/scolaires\/#primaryimage","url":"https:\/\/www.tourisme-valdemarne.com\/espace-groupes\/wp-content\/uploads\/sites\/2\/2019\/05\/enfant_lilabyrinthe_parc_lilas_vitry_sur_seine-cp-cd94.jpg","contentUrl":"https:\/\/www.tourisme-valdemarne.com\/espace-groupes\/wp-content\/uploads\/sites\/2\/2019\/05\/enfant_lilabyrinthe_parc_lilas_vitry_sur_seine-cp-cd94.jpg","width":1600,"height":1071,"caption":"Parc des Lilas \u00a9Conseil D\u00e9partemental 94"},{"@type":"BreadcrumbList","@id":"https:\/\/www.tourisme-valdemarne.com\/espace-groupes\/scolaires\/#breadcrumb","itemListElement":[{"@type":"ListItem","position":1,"name":"Accueil","item":"https:\/\/www.tourisme-valdemarne.com\/espace-groupes\/"},{"@type":"ListItem","position":2,"name":"Scolaires"}]},{"@type":"WebSite","@id":"https:\/\/www.tourisme-valdemarne.com\/espace-groupes\/#website","url":"https:\/\/www.tourisme-valdemarne.com\/espace-groupes\/","name":"Sorties Groupes","description":"Un site utilisant Val de Marne Tourisme &amp; Loisirs Sites","potentialAction":[{"@type":"SearchAction","target":{"@type":"EntryPoint","urlTemplate":"https:\/\/www.tourisme-valdemarne.com\/espace-groupes\/?s={search_term_string}"},"query-input":{"@type":"PropertyValueSpecification","valueRequired":true,"valueName":"search_term_string"}}],"inLanguage":"fr-FR"}]}},"_links":{"self":[{"href":"https:\/\/www.tourisme-valdemarne.com\/espace-groupes\/wp-json\/wp\/v2\/pages\/15","targetHints":{"allow":["GET"]}}],"collection":[{"href":"https:\/\/www.tourisme-valdemarne.com\/espace-groupes\/wp-json\/wp\/v2\/pages"}],"about":[{"href":"https:\/\/www.tourisme-valdemarne.com\/espace-groupes\/wp-json\/wp\/v2\/types\/page"}],"author":[{"embeddable":true,"href":"https:\/\/www.tourisme-valdemarne.com\/espace-groupes\/wp-json\/wp\/v2\/users\/1"}],"replies":[{"embeddable":true,"href":"https:\/\/www.tourisme-valdemarne.com\/espace-groupes\/wp-json\/wp\/v2\/comments?post=15"}],"version-history":[{"count":22,"href":"https:\/\/www.tourisme-valdemarne.com\/espace-groupes\/wp-json\/wp\/v2\/pages\/15\/revisions"}],"predecessor-version":[{"id":3799,"href":"https:\/\/www.tourisme-valdemarne.com\/espace-groupes\/wp-json\/wp\/v2\/pages\/15\/revisions\/3799"}],"wp:featuredmedia":[{"embeddable":true,"href":"https:\/\/www.tourisme-valdemarne.com\/espace-groupes\/wp-json\/wp\/v2\/media\/778"}],"wp:attachment":[{"href":"https:\/\/www.tourisme-valdemarne.com\/espace-groupes\/wp-json\/wp\/v2\/media?parent=15"}],"wp:term":[{"taxonomy":"vdmTagMarketing","embeddable":true,"href":"https:\/\/www.tourisme-valdemarne.com\/espace-groupes\/wp-json\/wp\/v2\/vdmTagMarketing?post=15"}],"curies":[{"name":"wp","href":"https:\/\/api.w.org\/{rel}","templated":true}]}}