{"id":1136,"date":"2020-12-10T22:57:43","date_gmt":"2020-12-10T21:57:43","guid":{"rendered":"https:\/\/www.tourisme-valdemarne.com\/espace-groupes\/?page_id=1136"},"modified":"2022-06-30T09:58:52","modified_gmt":"2022-06-30T07:58:52","slug":"passeurs-de-cultures","status":"publish","type":"page","link":"https:\/\/www.tourisme-valdemarne.com\/espace-groupes\/actualites\/passeurs-de-cultures\/","title":{"rendered":"Passeurs de culture(s)"},"content":{"rendered":"\n<p class=\"is-style-excerpt\">Des balades urbaines sur les migrations et la diversit\u00e9 culturelle.<\/p>\n\n\n\n<p>Les migrations, sujet d\u2019actualit\u00e9 fr\u00e9quent, font partie int\u00e9grante de\n l\u2019histoire de la France. Depuis les premiers r\u00e9fugi\u00e9s politiques de la \nR\u00e9volution Fran\u00e7aise de 1789 jusqu\u2019aux r\u00e9fugi\u00e9s syriens d\u2019aujourd\u2019hui, \nla France a fait perdurer sa tradition de terre d\u2019asile. <strong>Le pays a vu sa population se diversifier avec l\u2019accueil d\u2019un tr\u00e8s grand nombre de travailleurs immigr\u00e9s<\/strong> venus de toute l\u2019Europe puis de l\u2019Afrique du Nord, auxquels on ajoute les ressortissants des anciennes colonies fran\u00e7aises.<\/p>\n\n\n\n<p>Tous ces mouvements de population se traduisent sur le territoire  val-de-marnais, qui accueille lui aussi depuis presque toujours, des  populations diverses et de cultures multiples. Tous font du d\u00e9partement  un <strong>v\u00e9ritable lieu cosmopolite et riche de ces diff\u00e9rentes cultures.<\/strong><\/p>\n\n\n\n<p class=\"is-style-highlight\">Vous souhaitez <a href=\"https:\/\/www.tourisme-valdemarne.com\/espace-groupes\/visites-groupes\/visite-guidee-des-passeurs-de-cultures\/\" target=\"_blank\" rel=\"noreferrer noopener\">participer \u00e0 une visite avec un passeur de culture(s)<\/a> ? Contactez notre service Groupes qui vous accompagnera dans votre d\u00e9marche de r\u00e9servation.<\/p>\n\n\n\n<h2 class=\"wp-block-heading\">aller a la rencontre des habitants<\/h2>\n\n\n\n<p>Aujourd\u2019hui, la m\u00e9moire de ces habitants du territoire, venus de tous  les coins du monde, est mise en lumi\u00e8re avec le projet Passeurs de  culture(s) de l\u2019association Bastina. Ils vous invitent \u00e0 la rencontre  des habitants val-de-marnais&nbsp;!<\/p>\n\n\n\n<figure class=\"wp-block-image size-large\"><a href=\"https:\/\/www.tourisme-valdemarne.com\/espace-groupes\/wp-content\/uploads\/sites\/2\/2020\/12\/passeurs-cultures-fontenay-cr-cdt94-e.-filliot-33-1600x900.jpg\"><img width=\"1200\" height=\"675\" data-src=\"https:\/\/www.tourisme-valdemarne.com\/espace-groupes\/wp-content\/uploads\/sites\/2\/2020\/12\/passeurs-cultures-fontenay-cr-cdt94-e.-filliot-33-1600x900-1200x675.jpg\" alt=\"visite passeurs de culture\" class=\"wp-image-1140\" srcset=\"https:\/\/www.tourisme-valdemarne.com\/espace-groupes\/wp-content\/uploads\/sites\/2\/2020\/12\/passeurs-cultures-fontenay-cr-cdt94-e.-filliot-33-1600x900-1200x675.jpg 1200w, https:\/\/www.tourisme-valdemarne.com\/espace-groupes\/wp-content\/uploads\/sites\/2\/2020\/12\/passeurs-cultures-fontenay-cr-cdt94-e.-filliot-33-1600x900-600x338.jpg 600w, https:\/\/www.tourisme-valdemarne.com\/espace-groupes\/wp-content\/uploads\/sites\/2\/2020\/12\/passeurs-cultures-fontenay-cr-cdt94-e.-filliot-33-1600x900-900x506.jpg 900w, https:\/\/www.tourisme-valdemarne.com\/espace-groupes\/wp-content\/uploads\/sites\/2\/2020\/12\/passeurs-cultures-fontenay-cr-cdt94-e.-filliot-33-1600x900-380x214.jpg 380w, https:\/\/www.tourisme-valdemarne.com\/espace-groupes\/wp-content\/uploads\/sites\/2\/2020\/12\/passeurs-cultures-fontenay-cr-cdt94-e.-filliot-33-1600x900-200x113.jpg 200w, https:\/\/www.tourisme-valdemarne.com\/espace-groupes\/wp-content\/uploads\/sites\/2\/2020\/12\/passeurs-cultures-fontenay-cr-cdt94-e.-filliot-33-1600x900.jpg 1600w\" sizes=\"(max-width: 1200px) 100vw, 1200px\" \/><\/a><figcaption>Balade guid\u00e9e avec un passeur de culture(s) \u00a9 CDT94<\/figcaption><\/figure>\n\n\n\n<p>Soutenu par le Conseil d\u00e9partemental du Val-de-Marne, l\u2019initiative vise :<\/p>\n\n\n\n<ul class=\"wp-block-list\"><li>\u00e0 faire (re)d\u00e9couvrir le territoire en valorisant les parcours de vie et la diversit\u00e9 du patrimoine local,<\/li><li>\u00e0 valoriser alors la richesse culturelle de la migration. <\/li><\/ul>\n\n\n\n<p>En partenariat avec l\u2019universit\u00e9 Paris Descartes et le Mus\u00e9e national\n de l\u2019histoire de l\u2019immigration, Passeurs de culture(s) a d\u00e9velopp\u00e9 <strong>des balades urbaines et itin\u00e9rantes autour de quartiers qui portent sur les migrations pass\u00e9es et actuelles de la ville. <\/strong>Elles\n r\u00e9v\u00e8lent des lieux de vie ou d\u2019histoire de la ville, mais aussi des \npratiques sociales et culturelles et invitent \u00e0 changer le regard sur \nl\u2019autre.<\/p>\n\n\n\n<p><strong>Une fa\u00e7on de d\u00e9couvrir le territoire du Val-de-Marne autrement&nbsp;!<\/strong>\n On assiste \u00e0 un enrichissement interculturel en favorisant la rencontre\n des franciliens issus des migrations. On donne la parole aux gens et on\n s\u2019approprie en quelque sorte une histoire, leur histoire. Une histoire \nque l\u2019on conna\u00eet mais qui, racont\u00e9e par des gens qui l\u2019ont v\u00e9cu, prend \nun tout autre sens.<\/p>\n\n\n\n<h2 class=\"wp-block-heading\">Des visites interculturelles pour (re)d\u00e9couvrir sa ville<\/h2>\n\n\n\n<p>\u00c0 destination des jeunes publics, l\u2019association Bastina organise des \nbalades sur la question des migrations et de la diversit\u00e9 culturelle&nbsp;: <\/p>\n\n\n\n<ul class=\"wp-block-list\"><li>Balade <a href=\"https:\/\/www.tourisme-valdemarne.com\/espace-groupes\/visite-scolaire\/balade-histoires-dexil-a-fontenay-sous-bois\/\" target=\"_blank\" rel=\"noreferrer noopener\">Histoires d\u2019exil<\/a> \u00e0 Fontenay-sous-Bois<\/li><li>Balade <a href=\"https:\/\/www.tourisme-valdemarne.com\/espace-groupes\/visite-scolaire\/balade-rive-gauche-rive-droite-a-choisy-le-roi\/\" target=\"_blank\" rel=\"noreferrer noopener\">Rive gauche Rive droite<\/a> \u00e0 Choisy-le-Roi<\/li><\/ul>\n\n\n\n<p>Elles ont pour volont\u00e9 de sensibiliser le public aux <strong>enjeux des migrations<\/strong>, de <strong>lutter contre les pr\u00e9jug\u00e9s<\/strong> et de <strong>favoriser l\u2019entraide internationale<\/strong>. <\/p>\n\n\n\n<p>Les balades Passeurs de culture(s) abordent les questions du \npatrimoine vivant, de l\u2019hospitalit\u00e9, de l\u2019interculturalit\u00e9 et de la \nm\u00e9moire. Elles entrent dans les programmes scolaires&nbsp;d\u2019histoire, de \ng\u00e9ographie et d\u2019\u00e9ducation civique et morale. L\u2019enfant se confronte \u00e0 la \nsoci\u00e9t\u00e9 qui l\u2019entoure, en d\u00e9couvrant les lieux o\u00f9 il habite, d\u00e9veloppe \nson sens de l\u2019observation et apprend le sens des r\u00e8gles de vivre \nensemble.<\/p>\n","protected":false},"excerpt":{"rendered":"<p>Des balades urbaines sur les migrations et la diversit\u00e9 culturelle. Les migrations, sujet d\u2019actualit\u00e9 fr\u00e9quent, font partie int\u00e9grante de l\u2019histoire de la France. Depuis les premiers r\u00e9fugi\u00e9s politiques de la R\u00e9volution Fran\u00e7aise de 1789 jusqu\u2019aux r\u00e9fugi\u00e9s syriens d\u2019aujourd\u2019hui, la France a fait perdurer sa tradition de terre d\u2019asile. Le pays a vu sa population se [&hellip;]<\/p>\n","protected":false},"author":1,"featured_media":1139,"parent":1128,"menu_order":11,"comment_status":"closed","ping_status":"closed","template":"","meta":{"_relevanssi_hide_post":"","_relevanssi_hide_content":"","_relevanssi_pin_for_all":"","_relevanssi_pin_keywords":"","_relevanssi_unpin_keywords":"","_relevanssi_related_keywords":"","_relevanssi_related_include_ids":"","_relevanssi_related_exclude_ids":"","_relevanssi_related_no_append":"","_relevanssi_related_not_related":"","_relevanssi_related_posts":"1912,1111,1221,1120,2137,1912","_relevanssi_noindex_reason":"","footnotes":""},"vdmTagMarketing":[],"class_list":["post-1136","page","type-page","status-publish","has-post-thumbnail","hentry"],"acf":[],"yoast_head":"<!-- This site is optimized with the Yoast SEO plugin v23.9 - https:\/\/yoast.com\/wordpress\/plugins\/seo\/ -->\n<title>Passeurs de culture(s) - Sorties Groupes en Val-de-Marne (94)<\/title>\n<meta name=\"description\" content=\"R\u00e9server votre visite Groupes pour aller \u00e0 la rencontre des passeurs de cultures du Val-de-Marne (94). Rencontrez les habitants !\" \/>\n<meta name=\"robots\" content=\"index, follow, max-snippet:-1, max-image-preview:large, max-video-preview:-1\" \/>\n<link rel=\"canonical\" href=\"https:\/\/www.tourisme-valdemarne.com\/espace-groupes\/actualites\/passeurs-de-cultures\/\" \/>\n<meta property=\"og:locale\" content=\"fr_FR\" \/>\n<meta property=\"og:type\" content=\"article\" \/>\n<meta property=\"og:title\" content=\"Passeurs de culture(s) - Sorties Groupes en Val-de-Marne (94)\" \/>\n<meta property=\"og:description\" content=\"R\u00e9server votre visite Groupes pour aller \u00e0 la rencontre des passeurs de cultures du Val-de-Marne (94). Rencontrez les habitants !\" \/>\n<meta property=\"og:url\" content=\"https:\/\/www.tourisme-valdemarne.com\/espace-groupes\/actualites\/passeurs-de-cultures\/\" \/>\n<meta property=\"og:site_name\" content=\"Sorties Groupes\" \/>\n<meta property=\"article:modified_time\" content=\"2022-06-30T07:58:52+00:00\" \/>\n<meta property=\"og:image\" content=\"https:\/\/www.tourisme-valdemarne.com\/espace-groupes\/wp-content\/uploads\/sites\/2\/2020\/12\/passeurs-cultures-fontenay-cr-cdt94-e.-filliot-18-1-1200x675.jpg\" \/>\n\t<meta property=\"og:image:width\" content=\"1200\" \/>\n\t<meta property=\"og:image:height\" content=\"675\" \/>\n\t<meta property=\"og:image:type\" content=\"image\/jpeg\" \/>\n<meta name=\"twitter:card\" content=\"summary_large_image\" \/>\n<meta name=\"twitter:label1\" content=\"Dur\u00e9e de lecture estim\u00e9e\" \/>\n\t<meta name=\"twitter:data1\" content=\"3 minutes\" \/>\n<script type=\"application\/ld+json\" class=\"yoast-schema-graph\">{\"@context\":\"https:\/\/schema.org\",\"@graph\":[{\"@type\":\"WebPage\",\"@id\":\"https:\/\/www.tourisme-valdemarne.com\/espace-groupes\/actualites\/passeurs-de-cultures\/\",\"url\":\"https:\/\/www.tourisme-valdemarne.com\/espace-groupes\/actualites\/passeurs-de-cultures\/\",\"name\":\"Passeurs de culture(s) - Sorties Groupes en Val-de-Marne (94)\",\"isPartOf\":{\"@id\":\"https:\/\/www.tourisme-valdemarne.com\/espace-groupes\/#website\"},\"primaryImageOfPage\":{\"@id\":\"https:\/\/www.tourisme-valdemarne.com\/espace-groupes\/actualites\/passeurs-de-cultures\/#primaryimage\"},\"image\":{\"@id\":\"https:\/\/www.tourisme-valdemarne.com\/espace-groupes\/actualites\/passeurs-de-cultures\/#primaryimage\"},\"thumbnailUrl\":\"https:\/\/www.tourisme-valdemarne.com\/espace-groupes\/wp-content\/uploads\/sites\/2\/2020\/12\/passeurs-cultures-fontenay-cr-cdt94-e.-filliot-18-1-1200x675.jpg\",\"datePublished\":\"2020-12-10T21:57:43+00:00\",\"dateModified\":\"2022-06-30T07:58:52+00:00\",\"description\":\"R\u00e9server votre visite Groupes pour aller \u00e0 la rencontre des passeurs de cultures du Val-de-Marne (94). Rencontrez les habitants !\",\"breadcrumb\":{\"@id\":\"https:\/\/www.tourisme-valdemarne.com\/espace-groupes\/actualites\/passeurs-de-cultures\/#breadcrumb\"},\"inLanguage\":\"fr-FR\",\"potentialAction\":[{\"@type\":\"ReadAction\",\"target\":[\"https:\/\/www.tourisme-valdemarne.com\/espace-groupes\/actualites\/passeurs-de-cultures\/\"]}]},{\"@type\":\"ImageObject\",\"inLanguage\":\"fr-FR\",\"@id\":\"https:\/\/www.tourisme-valdemarne.com\/espace-groupes\/actualites\/passeurs-de-cultures\/#primaryimage\",\"url\":\"https:\/\/www.tourisme-valdemarne.com\/espace-groupes\/wp-content\/uploads\/sites\/2\/2020\/12\/passeurs-cultures-fontenay-cr-cdt94-e.-filliot-18-1-1200x675.jpg\",\"contentUrl\":\"https:\/\/www.tourisme-valdemarne.com\/espace-groupes\/wp-content\/uploads\/sites\/2\/2020\/12\/passeurs-cultures-fontenay-cr-cdt94-e.-filliot-18-1-1200x675.jpg\",\"width\":1200,\"height\":675},{\"@type\":\"BreadcrumbList\",\"@id\":\"https:\/\/www.tourisme-valdemarne.com\/espace-groupes\/actualites\/passeurs-de-cultures\/#breadcrumb\",\"itemListElement\":[{\"@type\":\"ListItem\",\"position\":1,\"name\":\"Accueil\",\"item\":\"https:\/\/www.tourisme-valdemarne.com\/espace-groupes\/\"},{\"@type\":\"ListItem\",\"position\":2,\"name\":\"Actualit\u00e9s des services groupes et scolaires\",\"item\":\"https:\/\/www.tourisme-valdemarne.com\/espace-groupes\/actualites\/\"},{\"@type\":\"ListItem\",\"position\":3,\"name\":\"Passeurs de culture(s)\"}]},{\"@type\":\"WebSite\",\"@id\":\"https:\/\/www.tourisme-valdemarne.com\/espace-groupes\/#website\",\"url\":\"https:\/\/www.tourisme-valdemarne.com\/espace-groupes\/\",\"name\":\"Sorties Groupes\",\"description\":\"Un site utilisant Val de Marne Tourisme &amp; Loisirs Sites\",\"potentialAction\":[{\"@type\":\"SearchAction\",\"target\":{\"@type\":\"EntryPoint\",\"urlTemplate\":\"https:\/\/www.tourisme-valdemarne.com\/espace-groupes\/?s={search_term_string}\"},\"query-input\":{\"@type\":\"PropertyValueSpecification\",\"valueRequired\":true,\"valueName\":\"search_term_string\"}}],\"inLanguage\":\"fr-FR\"}]}<\/script>\n<!-- \/ Yoast SEO plugin. -->","yoast_head_json":{"title":"Passeurs de culture(s) - Sorties Groupes en Val-de-Marne (94)","description":"R\u00e9server votre visite Groupes pour aller \u00e0 la rencontre des passeurs de cultures du Val-de-Marne (94). Rencontrez les habitants !","robots":{"index":"index","follow":"follow","max-snippet":"max-snippet:-1","max-image-preview":"max-image-preview:large","max-video-preview":"max-video-preview:-1"},"canonical":"https:\/\/www.tourisme-valdemarne.com\/espace-groupes\/actualites\/passeurs-de-cultures\/","og_locale":"fr_FR","og_type":"article","og_title":"Passeurs de culture(s) - Sorties Groupes en Val-de-Marne (94)","og_description":"R\u00e9server votre visite Groupes pour aller \u00e0 la rencontre des passeurs de cultures du Val-de-Marne (94). Rencontrez les habitants !","og_url":"https:\/\/www.tourisme-valdemarne.com\/espace-groupes\/actualites\/passeurs-de-cultures\/","og_site_name":"Sorties Groupes","article_modified_time":"2022-06-30T07:58:52+00:00","og_image":[{"width":1200,"height":675,"url":"https:\/\/www.tourisme-valdemarne.com\/espace-groupes\/wp-content\/uploads\/sites\/2\/2020\/12\/passeurs-cultures-fontenay-cr-cdt94-e.-filliot-18-1-1200x675.jpg","type":"image\/jpeg"}],"twitter_card":"summary_large_image","twitter_misc":{"Dur\u00e9e de lecture estim\u00e9e":"3 minutes"},"schema":{"@context":"https:\/\/schema.org","@graph":[{"@type":"WebPage","@id":"https:\/\/www.tourisme-valdemarne.com\/espace-groupes\/actualites\/passeurs-de-cultures\/","url":"https:\/\/www.tourisme-valdemarne.com\/espace-groupes\/actualites\/passeurs-de-cultures\/","name":"Passeurs de culture(s) - Sorties Groupes en Val-de-Marne (94)","isPartOf":{"@id":"https:\/\/www.tourisme-valdemarne.com\/espace-groupes\/#website"},"primaryImageOfPage":{"@id":"https:\/\/www.tourisme-valdemarne.com\/espace-groupes\/actualites\/passeurs-de-cultures\/#primaryimage"},"image":{"@id":"https:\/\/www.tourisme-valdemarne.com\/espace-groupes\/actualites\/passeurs-de-cultures\/#primaryimage"},"thumbnailUrl":"https:\/\/www.tourisme-valdemarne.com\/espace-groupes\/wp-content\/uploads\/sites\/2\/2020\/12\/passeurs-cultures-fontenay-cr-cdt94-e.-filliot-18-1-1200x675.jpg","datePublished":"2020-12-10T21:57:43+00:00","dateModified":"2022-06-30T07:58:52+00:00","description":"R\u00e9server votre visite Groupes pour aller \u00e0 la rencontre des passeurs de cultures du Val-de-Marne (94). Rencontrez les habitants !","breadcrumb":{"@id":"https:\/\/www.tourisme-valdemarne.com\/espace-groupes\/actualites\/passeurs-de-cultures\/#breadcrumb"},"inLanguage":"fr-FR","potentialAction":[{"@type":"ReadAction","target":["https:\/\/www.tourisme-valdemarne.com\/espace-groupes\/actualites\/passeurs-de-cultures\/"]}]},{"@type":"ImageObject","inLanguage":"fr-FR","@id":"https:\/\/www.tourisme-valdemarne.com\/espace-groupes\/actualites\/passeurs-de-cultures\/#primaryimage","url":"https:\/\/www.tourisme-valdemarne.com\/espace-groupes\/wp-content\/uploads\/sites\/2\/2020\/12\/passeurs-cultures-fontenay-cr-cdt94-e.-filliot-18-1-1200x675.jpg","contentUrl":"https:\/\/www.tourisme-valdemarne.com\/espace-groupes\/wp-content\/uploads\/sites\/2\/2020\/12\/passeurs-cultures-fontenay-cr-cdt94-e.-filliot-18-1-1200x675.jpg","width":1200,"height":675},{"@type":"BreadcrumbList","@id":"https:\/\/www.tourisme-valdemarne.com\/espace-groupes\/actualites\/passeurs-de-cultures\/#breadcrumb","itemListElement":[{"@type":"ListItem","position":1,"name":"Accueil","item":"https:\/\/www.tourisme-valdemarne.com\/espace-groupes\/"},{"@type":"ListItem","position":2,"name":"Actualit\u00e9s des services groupes et scolaires","item":"https:\/\/www.tourisme-valdemarne.com\/espace-groupes\/actualites\/"},{"@type":"ListItem","position":3,"name":"Passeurs de culture(s)"}]},{"@type":"WebSite","@id":"https:\/\/www.tourisme-valdemarne.com\/espace-groupes\/#website","url":"https:\/\/www.tourisme-valdemarne.com\/espace-groupes\/","name":"Sorties Groupes","description":"Un site utilisant Val de Marne Tourisme &amp; Loisirs Sites","potentialAction":[{"@type":"SearchAction","target":{"@type":"EntryPoint","urlTemplate":"https:\/\/www.tourisme-valdemarne.com\/espace-groupes\/?s={search_term_string}"},"query-input":{"@type":"PropertyValueSpecification","valueRequired":true,"valueName":"search_term_string"}}],"inLanguage":"fr-FR"}]}},"_links":{"self":[{"href":"https:\/\/www.tourisme-valdemarne.com\/espace-groupes\/wp-json\/wp\/v2\/pages\/1136","targetHints":{"allow":["GET"]}}],"collection":[{"href":"https:\/\/www.tourisme-valdemarne.com\/espace-groupes\/wp-json\/wp\/v2\/pages"}],"about":[{"href":"https:\/\/www.tourisme-valdemarne.com\/espace-groupes\/wp-json\/wp\/v2\/types\/page"}],"author":[{"embeddable":true,"href":"https:\/\/www.tourisme-valdemarne.com\/espace-groupes\/wp-json\/wp\/v2\/users\/1"}],"replies":[{"embeddable":true,"href":"https:\/\/www.tourisme-valdemarne.com\/espace-groupes\/wp-json\/wp\/v2\/comments?post=1136"}],"version-history":[{"count":6,"href":"https:\/\/www.tourisme-valdemarne.com\/espace-groupes\/wp-json\/wp\/v2\/pages\/1136\/revisions"}],"predecessor-version":[{"id":3520,"href":"https:\/\/www.tourisme-valdemarne.com\/espace-groupes\/wp-json\/wp\/v2\/pages\/1136\/revisions\/3520"}],"up":[{"embeddable":true,"href":"https:\/\/www.tourisme-valdemarne.com\/espace-groupes\/wp-json\/wp\/v2\/pages\/1128"}],"wp:featuredmedia":[{"embeddable":true,"href":"https:\/\/www.tourisme-valdemarne.com\/espace-groupes\/wp-json\/wp\/v2\/media\/1139"}],"wp:attachment":[{"href":"https:\/\/www.tourisme-valdemarne.com\/espace-groupes\/wp-json\/wp\/v2\/media?parent=1136"}],"wp:term":[{"taxonomy":"vdmTagMarketing","embeddable":true,"href":"https:\/\/www.tourisme-valdemarne.com\/espace-groupes\/wp-json\/wp\/v2\/vdmTagMarketing?post=1136"}],"curies":[{"name":"wp","href":"https:\/\/api.w.org\/{rel}","templated":true}]}}